{"id":734527,"date":"2025-08-27T22:30:04","date_gmt":"2025-08-27T19:30:04","guid":{"rendered":"https:\/\/roveyayinevi.com.tr\/index.php\/urun\/bozkurt-ve-ergenekon-destani\/"},"modified":"2026-04-16T02:42:10","modified_gmt":"2026-04-15T23:42:10","slug":"bozkurt-ve-ergenekon-destani","status":"publish","type":"product","link":"https:\/\/roveyayinevi.com.tr\/index.php\/urun\/bozkurt-ve-ergenekon-destani\/","title":{"rendered":"Bozkurt ve Ergenekon Destan\u0131"},"content":{"rendered":"<p>Destanlar\u0131n kendisine mahsus \u00f6zellikleri vard\u0131r. Onlar, bir milletin hayatta kalmay\u0131 s\u00fcrd\u00fcrebilmesi veya yok olmak ile y\u00fcz y\u00fcze gelmesi ya da \u00e7ok b\u00fcy\u00fck g\u00fc\u00e7lerle m\u00fccadelelerini anlat\u0131r. Bunlar\u0131 anlat\u0131rken mensubu oldu\u011fu milletin tarihini, k\u00fclt\u00fcr\u00fcn\u00fc ve dilini \u00f6nceki nesillerden sonraki nesillere ta\u015f\u0131r. Bozkurt Destan\u0131 ve Ergenekon Destan\u0131, \u00e7ok k\u0131sa metinlerine ra\u011fmen, bu bahsetti\u011fimiz unsurlar\u0131n hepsini birden b\u00fcnyesinde bulunduran ilgi \u00e7ekici iki T\u00fcrk destan\u0131d\u0131r.  Bozkurt Destan\u0131 ve Ergenekon Destan\u0131 asl\u0131nda ayn\u0131 destand\u0131r.  Yani Ergenekon Destan\u0131, Bozkurt Destan\u0131\u2019n\u0131n devam\u0131d\u0131r. Bir ba\u015fka s\u00f6yleyi\u015fle konunun \u0130slamiyet \u00f6ncesinde yaz\u0131ya ge\u00e7irilen ve \u00c7in kaynaklar\u0131nda yer alan metinlerine Bozkurt Destan\u0131 ad\u0131 verilmi\u015f, \u0130slamiyet\u2019in kabul\u00fcnden sonra yaz\u0131ya ge\u00e7irilen (Re\u015fideddin taraf\u0131ndan Fars\u00e7a olarak kaleme al\u0131nan Cami\u2019\u00fc\u2019t-Tevarih, \u00c7a\u011fatay T\u00fcrk\u00e7esi ile kaleme al\u0131nm\u0131\u015f \u015eecere-i Ter\u00e2kime ile Yaz\u0131c\u0131o\u011flu Ali taraf\u0131ndan kaleme al\u0131nm\u0131\u015f Tevarih-i \u00c2l-i Sel\u00e7uk) rivayetlere de Ergenekon Destan\u0131 denilmi\u015ftir. Farkl\u0131 zamanlarda farkl\u0131 bilim adamlar\u0131 taraf\u0131ndan tespit edilip adland\u0131r\u0131ld\u0131\u011f\u0131 i\u00e7in ortaya b\u00f6yle  bir ayr\u0131m \u00e7\u0131km\u0131\u015ft\u0131r.   Bozkurt Destan\u0131 ve Ergenekon Destan\u0131, T\u00fcrk toplum hayat\u0131n\u0131n  temel unsurlar\u0131 aras\u0131nda yer alm\u0131\u015ft\u0131r. Kurdun tarih boyunca  kutsal say\u0131lmas\u0131 ve bu hayvan\u0131n T\u00fcrkler aras\u0131ndaki sayg\u0131nl\u0131\u011f\u0131, demircilik ve demirin tarih boyunca \u00f6nemli hatta kutsal g\u00f6r\u00fclmesi, zor zamanlarda toplum dayan\u0131\u015fmas\u0131 ve i\u015f birli\u011fi, K\u00f6kt\u00fcrklerin kurttan t\u00fcreyi\u015finin \u00fc\u00e7\u00fcnc\u00fc destan\u0131nda d\u00fcnyan\u0131n g\u00fcn\u00fcm\u00fczde kulland\u0131\u011f\u0131 takvimin temelinin at\u0131l\u0131\u015f\u0131, hepsinden \u00f6tesi T\u00fcrk\u2019\u00fcn tarih boyunca karakterindeki  tam ba\u011f\u0131ms\u0131zl\u0131k ve \u00f6zg\u00fcrl\u00fck tutkusu bunlara \u00f6rnek olarak verilebilir. Dolay\u0131s\u0131yla Bozkurt ve Ergenekon konusu, aradan binlerce y\u0131l ge\u00e7mesine ra\u011fmen, T\u00fcrk\u2019\u00fcn ve T\u00fcrkl\u00fc\u011f\u00fcn haf\u0131zas\u0131ndaki yerini korumaktad\u0131r.<\/p>\n","protected":false},"excerpt":{"rendered":"<p>Destanlar\u0131n kendisine mahsus \u00f6zellikleri vard\u0131r. Onlar, bir milletin hayatta kalmay\u0131 s\u00fcrd\u00fcrebilmesi veya yok olmak ile y\u00fcz y\u00fcze gelmesi ya da \u00e7ok b\u00fcy\u00fck g\u00fc\u00e7lerle m\u00fccadelelerini anlat\u0131r. Bunlar\u0131<span class=\"excerpt-hellip\"> [\u2026]<\/span><\/p>\n","protected":false},"featured_media":0,"template":"","meta":{"_monsterinsights_skip_tracking":false,"_monsterinsights_sitenote_active":false,"_monsterinsights_sitenote_note":"","_monsterinsights_sitenote_category":0},"product_brand":[],"product_cat":[12291,13706],"product_tag":[],"class_list":{"0":"post-734527","1":"product","2":"type-product","3":"status-publish","5":"product_cat-edebiyat","6":"product_cat-efsane-destan-masal","7":"pa_cilt-ciltsiz","8":"pa_tur-kitap","9":"pa_yayinevi-otuken-nesriyat","10":"pa_yazar-necati-demir","12":"first","13":"instock","14":"sale","15":"shipping-taxable","16":"purchasable","17":"product-type-simple"},"_links":{"self":[{"href":"https:\/\/roveyayinevi.com.tr\/index.php\/wp-json\/wp\/v2\/product\/734527","targetHints":{"allow":["GET"]}}],"collection":[{"href":"https:\/\/roveyayinevi.com.tr\/index.php\/wp-json\/wp\/v2\/product"}],"about":[{"href":"https:\/\/roveyayinevi.com.tr\/index.php\/wp-json\/wp\/v2\/types\/product"}],"wp:attachment":[{"href":"https:\/\/roveyayinevi.com.tr\/index.php\/wp-json\/wp\/v2\/media?parent=734527"}],"wp:term":[{"taxonomy":"product_brand","embeddable":true,"href":"https:\/\/roveyayinevi.com.tr\/index.php\/wp-json\/wp\/v2\/product_brand?post=734527"},{"taxonomy":"product_cat","embeddable":true,"href":"https:\/\/roveyayinevi.com.tr\/index.php\/wp-json\/wp\/v2\/product_cat?post=734527"},{"taxonomy":"product_tag","embeddable":true,"href":"https:\/\/roveyayinevi.com.tr\/index.php\/wp-json\/wp\/v2\/product_tag?post=734527"}],"curies":[{"name":"wp","href":"https:\/\/api.w.org\/{rel}","templated":true}]}}