{"id":734522,"date":"2025-08-27T22:29:59","date_gmt":"2025-08-27T19:29:59","guid":{"rendered":"https:\/\/roveyayinevi.com.tr\/index.php\/urun\/agirliksiz\/"},"modified":"2026-04-16T02:42:10","modified_gmt":"2026-04-15T23:42:10","slug":"agirliksiz","status":"publish","type":"product","link":"https:\/\/roveyayinevi.com.tr\/index.php\/urun\/agirliksiz\/","title":{"rendered":"A\u011f\u0131rl\u0131ks\u0131z"},"content":{"rendered":"<p>\u201cSe\u00e7im, g\u00fc\u00e7l\u00fclerle g\u00fc\u00e7s\u00fczler aras\u0131nda yarat\u0131lm\u0131\u015f bir ill\u00fczyondur.\u201d   Bizlerden daha zeki olan bir cans\u0131z\u0131n yani Yapay Zek\u00e2 ve Kuantum Bilgisayar birle\u015fiminin kar\u015f\u0131s\u0131nda durabilmek ancak onlardan \u00e7ok daha etkin bir \u015fekilde yaz\u0131l\u0131m teknolojilerini, b\u00fcy\u00fck veriyi ve enerji kaynaklar\u0131n\u0131 y\u00f6netmekten ge\u00e7iyor. Eksilen ve ele ge\u00e7irilen her bir kalenin tekrar eski haliyle yerine konabilmesi art\u0131k maalesef m\u00fcmk\u00fcn olamayacak. Sanal Ok, \u00e7oktan olmayan yay\u0131ndan \u00e7\u0131kt\u0131 bile&#8230; A\u011eIRLIKSIZ, kurulmak istenen bu yeni oyun d\u00fczenini de\u015fifre ederken, yay\u0131ndan \u00e7\u0131kan sanal okun kalplerinizi bulmas\u0131n\u0131 hedefliyor. Bu kalpler ne kadar \u00e7ok yan yana gelebilirse insan olman\u0131n erdeminin g\u00f6t\u00fcrd\u00fc\u011f\u00fc i\u00e7sel yol, bizleri kemirmeye \u00e7al\u0131\u015fan yeni teknolojiler kar\u015f\u0131s\u0131nda g\u00f6r\u00fcnmeyen z\u0131rhlarla \u2013i\u00e7imizde kalan son iyilik k\u0131r\u0131nt\u0131lar\u0131 ad\u0131na\u2013 hepimizi koruyacakt\u0131r. O halde uykular\u0131n i\u00e7indeki uykulardan uyanman\u0131n, ger\u00e7ekleri bilmenin tarifsiz hafifli\u011fini hissetmenin yani A\u011eIRLIKSIZ olabilmenin tam vaktidir! \u015eimdi kartlar\u0131m\u0131z\u0131 yeniden kararak, kurallar\u0131n\u0131 bizim koydu\u011fumuz bir oyunla, d\u00fcnyay\u0131 hep birlikte yeniden tasarlamam\u0131z gerekiyor.   \u201cUyan Neo! &amp; Beyaz tav\u015fan\u0131 izle.\u201d <\/p>\n","protected":false},"excerpt":{"rendered":"<p>\u201cSe\u00e7im, g\u00fc\u00e7l\u00fclerle g\u00fc\u00e7s\u00fczler aras\u0131nda yarat\u0131lm\u0131\u015f bir ill\u00fczyondur.\u201d Bizlerden daha zeki olan bir cans\u0131z\u0131n yani Yapay Zek\u00e2 ve Kuantum Bilgisayar birle\u015fiminin kar\u015f\u0131s\u0131nda durabilmek ancak onlardan \u00e7ok daha<span class=\"excerpt-hellip\"> [\u2026]<\/span><\/p>\n","protected":false},"featured_media":0,"template":"","meta":{"_monsterinsights_skip_tracking":false,"_monsterinsights_sitenote_active":false,"_monsterinsights_sitenote_note":"","_monsterinsights_sitenote_category":0},"product_brand":[],"product_cat":[12364,12376],"product_tag":[],"class_list":{"0":"post-734522","1":"product","2":"type-product","3":"status-publish","5":"product_cat-genel-konular","6":"product_cat-kisisel-gelisim","7":"pa_cilt-ciltsiz","8":"pa_tur-kitap","9":"pa_yayinevi-destek-yayinlari","10":"pa_yazar-toygun-tuncer","12":"first","13":"instock","14":"sale","15":"shipping-taxable","16":"purchasable","17":"product-type-simple"},"_links":{"self":[{"href":"https:\/\/roveyayinevi.com.tr\/index.php\/wp-json\/wp\/v2\/product\/734522","targetHints":{"allow":["GET"]}}],"collection":[{"href":"https:\/\/roveyayinevi.com.tr\/index.php\/wp-json\/wp\/v2\/product"}],"about":[{"href":"https:\/\/roveyayinevi.com.tr\/index.php\/wp-json\/wp\/v2\/types\/product"}],"wp:attachment":[{"href":"https:\/\/roveyayinevi.com.tr\/index.php\/wp-json\/wp\/v2\/media?parent=734522"}],"wp:term":[{"taxonomy":"product_brand","embeddable":true,"href":"https:\/\/roveyayinevi.com.tr\/index.php\/wp-json\/wp\/v2\/product_brand?post=734522"},{"taxonomy":"product_cat","embeddable":true,"href":"https:\/\/roveyayinevi.com.tr\/index.php\/wp-json\/wp\/v2\/product_cat?post=734522"},{"taxonomy":"product_tag","embeddable":true,"href":"https:\/\/roveyayinevi.com.tr\/index.php\/wp-json\/wp\/v2\/product_tag?post=734522"}],"curies":[{"name":"wp","href":"https:\/\/api.w.org\/{rel}","templated":true}]}}