{"id":734512,"date":"2025-08-27T22:29:49","date_gmt":"2025-08-27T19:29:49","guid":{"rendered":"https:\/\/roveyayinevi.com.tr\/index.php\/urun\/osmanlida-sanatcilar-ve-cilgin-yontemleri\/"},"modified":"2026-04-16T02:42:10","modified_gmt":"2026-04-15T23:42:10","slug":"osmanlida-sanatcilar-ve-cilgin-yontemleri","status":"publish","type":"product","link":"https:\/\/roveyayinevi.com.tr\/index.php\/urun\/osmanlida-sanatcilar-ve-cilgin-yontemleri\/","title":{"rendered":"Osmanl\u0131da Sanat\u00e7\u0131lar ve \u00c7\u0131lg\u0131n Y\u00f6ntemleri"},"content":{"rendered":"<p>E\u011flenceli bir sanat ve tarih yolculu\u011funa \u00e7\u0131kmaya haz\u0131r m\u0131s\u0131n? Haydi, Osmanl\u0131 d\u00f6neminin en yetenekli sanat\u00e7\u0131lar\u0131 ve muhte\u015fem eserleri seni bekliyor! Bir tarafta \u015eeker Ahmet Pa\u015fa ve \u00fcnl\u00fc &#8216;Karaca&#8217;s\u0131, di\u011fer tarafta kulaklar\u0131m\u0131z\u0131n pas\u0131n\u0131 silen harika bestelerin mucidi Itri, \u00f6te yanda minyat\u00fcrleriyle her d\u00f6neme damga vurmu\u015f Matrak\u00e7\u0131 Nasuh ve daha kimler kimler! &#8220;Osmanl\u0131&#8217;da Sanat\u00e7\u0131lar ve \u00c7\u0131lg\u0131n Y\u00f6ntemleri&#8221; kitab\u0131nda; resimden \u00e7iniye, besteden minyat\u00fcre, tezhipten ebruya kadar \u00e7ok say\u0131da sanat dal\u0131 ve onlar\u0131n ustalar\u0131yla tan\u0131\u015facaks\u0131n. Belki kendi sanat yetene\u011fini de ke\u015ffedeceksin.<\/p>\n","protected":false},"excerpt":{"rendered":"<p>E\u011flenceli bir sanat ve tarih yolculu\u011funa \u00e7\u0131kmaya haz\u0131r m\u0131s\u0131n? Haydi, Osmanl\u0131 d\u00f6neminin en yetenekli sanat\u00e7\u0131lar\u0131 ve muhte\u015fem eserleri seni bekliyor! Bir tarafta \u015eeker Ahmet Pa\u015fa ve<span class=\"excerpt-hellip\"> [\u2026]<\/span><\/p>\n","protected":false},"featured_media":0,"template":"","meta":{"_monsterinsights_skip_tracking":false,"_monsterinsights_sitenote_active":false,"_monsterinsights_sitenote_note":"","_monsterinsights_sitenote_category":0},"product_brand":[],"product_cat":[12275,12274],"product_tag":[],"class_list":{"0":"post-734512","1":"product","2":"type-product","3":"status-publish","5":"product_cat-6-12-yas-kitaplari","6":"product_cat-cocuk-ve-genclik-kitaplari","7":"pa_cilt-ciltsiz","8":"pa_tur-kitap","9":"pa_yayinevi-eglenceli-bilgi-yayinlari","10":"pa_yazar-nefise-atcakarlar","12":"first","13":"instock","14":"sale","15":"shipping-taxable","16":"purchasable","17":"product-type-simple"},"_links":{"self":[{"href":"https:\/\/roveyayinevi.com.tr\/index.php\/wp-json\/wp\/v2\/product\/734512","targetHints":{"allow":["GET"]}}],"collection":[{"href":"https:\/\/roveyayinevi.com.tr\/index.php\/wp-json\/wp\/v2\/product"}],"about":[{"href":"https:\/\/roveyayinevi.com.tr\/index.php\/wp-json\/wp\/v2\/types\/product"}],"wp:attachment":[{"href":"https:\/\/roveyayinevi.com.tr\/index.php\/wp-json\/wp\/v2\/media?parent=734512"}],"wp:term":[{"taxonomy":"product_brand","embeddable":true,"href":"https:\/\/roveyayinevi.com.tr\/index.php\/wp-json\/wp\/v2\/product_brand?post=734512"},{"taxonomy":"product_cat","embeddable":true,"href":"https:\/\/roveyayinevi.com.tr\/index.php\/wp-json\/wp\/v2\/product_cat?post=734512"},{"taxonomy":"product_tag","embeddable":true,"href":"https:\/\/roveyayinevi.com.tr\/index.php\/wp-json\/wp\/v2\/product_tag?post=734512"}],"curies":[{"name":"wp","href":"https:\/\/api.w.org\/{rel}","templated":true}]}}