{"id":734483,"date":"2025-08-27T22:29:21","date_gmt":"2025-08-27T19:29:21","guid":{"rendered":"https:\/\/roveyayinevi.com.tr\/index.php\/urun\/ozuyle-sozuyle\/"},"modified":"2026-04-16T02:42:09","modified_gmt":"2026-04-15T23:42:09","slug":"ozuyle-sozuyle","status":"publish","type":"product","link":"https:\/\/roveyayinevi.com.tr\/index.php\/urun\/ozuyle-sozuyle\/","title":{"rendered":"\u00d6z\u00fcyle S\u00f6z\u00fcyle"},"content":{"rendered":"<p>Koray Bozkurt, sizin i\u00e7in derledi; \u2022 \u00dcnl\u00fclerden Se\u00e7ilmi\u015f \u00d6zl\u00fc S\u00f6zler \u2022 Atas\u00f6zleri \u2022 \u015eiirler \u2022 Anekdotlar\u2026 K\u0131saca Ya\u015fama Dair \u00d6zl\u00fc S\u00f6zl\u00fc bir Rehber&#8230; <\/p>\n","protected":false},"excerpt":{"rendered":"<p>Koray Bozkurt, sizin i\u00e7in derledi; \u2022 \u00dcnl\u00fclerden Se\u00e7ilmi\u015f \u00d6zl\u00fc S\u00f6zler \u2022 Atas\u00f6zleri \u2022 \u015eiirler \u2022 Anekdotlar\u2026 K\u0131saca Ya\u015fama Dair \u00d6zl\u00fc S\u00f6zl\u00fc bir Rehber&#8230;<\/p>\n","protected":false},"featured_media":0,"template":"","meta":{"_monsterinsights_skip_tracking":false,"_monsterinsights_sitenote_active":false,"_monsterinsights_sitenote_note":"","_monsterinsights_sitenote_category":0},"product_brand":[],"product_cat":[27157,12291],"product_tag":[],"class_list":{"0":"post-734483","1":"product","2":"type-product","3":"status-publish","5":"product_cat-derleme","6":"product_cat-edebiyat","7":"pa_cilt-ciltsiz","8":"pa_tur-kitap","9":"pa_yayinevi-galeati-yayincilik","10":"pa_yazar-koray-bozkurt","12":"first","13":"instock","14":"sale","15":"shipping-taxable","16":"purchasable","17":"product-type-simple"},"_links":{"self":[{"href":"https:\/\/roveyayinevi.com.tr\/index.php\/wp-json\/wp\/v2\/product\/734483","targetHints":{"allow":["GET"]}}],"collection":[{"href":"https:\/\/roveyayinevi.com.tr\/index.php\/wp-json\/wp\/v2\/product"}],"about":[{"href":"https:\/\/roveyayinevi.com.tr\/index.php\/wp-json\/wp\/v2\/types\/product"}],"wp:attachment":[{"href":"https:\/\/roveyayinevi.com.tr\/index.php\/wp-json\/wp\/v2\/media?parent=734483"}],"wp:term":[{"taxonomy":"product_brand","embeddable":true,"href":"https:\/\/roveyayinevi.com.tr\/index.php\/wp-json\/wp\/v2\/product_brand?post=734483"},{"taxonomy":"product_cat","embeddable":true,"href":"https:\/\/roveyayinevi.com.tr\/index.php\/wp-json\/wp\/v2\/product_cat?post=734483"},{"taxonomy":"product_tag","embeddable":true,"href":"https:\/\/roveyayinevi.com.tr\/index.php\/wp-json\/wp\/v2\/product_tag?post=734483"}],"curies":[{"name":"wp","href":"https:\/\/api.w.org\/{rel}","templated":true}]}}