{"id":734472,"date":"2025-08-27T22:29:09","date_gmt":"2025-08-27T19:29:09","guid":{"rendered":"https:\/\/roveyayinevi.com.tr\/index.php\/urun\/edebiyat-baska-turlu-anlatmaktir\/"},"modified":"2026-04-16T02:42:09","modified_gmt":"2026-04-15T23:42:09","slug":"edebiyat-baska-turlu-anlatmaktir","status":"publish","type":"product","link":"https:\/\/roveyayinevi.com.tr\/index.php\/urun\/edebiyat-baska-turlu-anlatmaktir\/","title":{"rendered":"Edebiyat Ba\u015fka T\u00fcrl\u00fc Anlatmakt\u0131r"},"content":{"rendered":"<p>Nitelikli yazar, kitap kurdu okur, sanat\u00e7\u0131, \u00f6\u011fretmen, \u00f6\u011frenci, ele\u015ftirmen veya yazmak isteyen gelece\u011fin yazar adaylar\u0131, Edebiyat Ba\u015fka T\u00fcrl\u00fc Anlatmakt\u0131r\u2019\u0131 okuduktan sonra, okuma edimlerinin art\u0131k eskisi gibi olmad\u0131\u011f\u0131n\u0131 ay\u0131rt edip okuyacaklar\u0131 t\u00fcm kitaplara daha farkl\u0131, ele\u015ftirel ve k\u0131smen uzmanla\u015fm\u0131\u015f bak\u0131\u015f a\u00e7\u0131lar\u0131yla bakabilecekler.   Roman kuram\u0131 \u00fczerine yaz\u0131lan b\u00f6l\u00fcmler, kimseye ders vermeden yazar\u0131n\u0131n g\u00f6r\u00fc\u015flerini sunarken, y\u00fczy\u0131l \u00f6nce ve g\u00fcn\u00fcm\u00fczde yaz\u0131lan yerli ve yabanc\u0131 yazarlar\u0131n romanlar\u0131n\u0131, yazarlar\u0131yla birlikte inceliyor.   Edebiyat\u0131n di\u011fer t\u00fcrleri; deneme, \u00f6yk\u00fc, \u015fiir yazarlar\u0131, birer yap\u0131tlar\u0131yla birlikte anlat\u0131l\u0131rken, deneme t\u00fcr\u00fcn\u00fcn do\u011fu\u015fu ve \u00f6zellikleri, \u00f6yk\u00fc \u00e7e\u015fitleri ve ustalar\u0131, \u015fiir ak\u0131mlar\u0131 ve ama\u00e7lar\u0131 hakk\u0131nda yaz\u0131lm\u0131\u015f b\u00f6l\u00fcmler, karars\u0131z okurlara ve yazar adaylar\u0131na ahk\u00e2m kesmeden yol g\u00f6stermeyi ama\u00e7l\u0131yor. Necdet \u00d6zkaya, bu kez edebiyat i\u00e7in yazm\u0131yor; Edebiyat Ba\u015fka T\u00fcrl\u00fc Anlatmakt\u0131r\u2019la edebiyat\u0131n kitab\u0131n\u0131 yaz\u0131yor.   Bir algoritma uygulanarak yaz\u0131lan bu kitap, okuyan\u0131n d\u00fczenli bir s\u0131ralamayla ilerlemesini ve keyifle okumas\u0131n\u0131 sa\u011fl\u0131yor; Roman Kuram\u0131 \/ Eski T\u00fcrk Roman\u0131 ve Yazar\u0131 \/ \u015eiir Kuram\u0131, \u015eiir ve \u015eair \/ Yeni T\u00fcrk Roman\u0131 ve Yazar\u0131 \/ Deneme ve Yazar\u0131 \/ Yabanc\u0131 Roman ve Yazar\u0131 \/ \u00d6yk\u00fc ve Yazar\u0131\u2026   Bu kitab\u0131 okuyanlar\u0131n, 100. ve son b\u00f6l\u00fcmden sonra s\u00f6yleyecekleri veya yazacaklar\u0131 tek c\u00fcmlenin, a\u015fa\u011f\u0131daki kitap ad\u0131 oldu\u011funu biliyoruz.   Edebiyat Ba\u015fka T\u00fcrl\u00fc Anlatmakt\u0131r\u2026 <\/p>\n","protected":false},"excerpt":{"rendered":"<p>Nitelikli yazar, kitap kurdu okur, sanat\u00e7\u0131, \u00f6\u011fretmen, \u00f6\u011frenci, ele\u015ftirmen veya yazmak isteyen gelece\u011fin yazar adaylar\u0131, Edebiyat Ba\u015fka T\u00fcrl\u00fc Anlatmakt\u0131r\u2019\u0131 okuduktan sonra, okuma edimlerinin art\u0131k eskisi gibi<span class=\"excerpt-hellip\"> [\u2026]<\/span><\/p>\n","protected":false},"featured_media":0,"template":"","meta":{"_monsterinsights_skip_tracking":false,"_monsterinsights_sitenote_active":false,"_monsterinsights_sitenote_note":"","_monsterinsights_sitenote_category":0},"product_brand":[],"product_cat":[13072,12291],"product_tag":[],"class_list":{"0":"post-734472","1":"product","2":"type-product","3":"status-publish","5":"product_cat-arastirma-inceleme-referans","6":"product_cat-edebiyat","7":"pa_cilt-ciltsiz","8":"pa_tur-kitap","9":"pa_yayinevi-yeni-insan-yayinlari","10":"pa_yazar-necdet-ozkaya","12":"first","13":"instock","14":"sale","15":"shipping-taxable","16":"purchasable","17":"product-type-simple"},"_links":{"self":[{"href":"https:\/\/roveyayinevi.com.tr\/index.php\/wp-json\/wp\/v2\/product\/734472","targetHints":{"allow":["GET"]}}],"collection":[{"href":"https:\/\/roveyayinevi.com.tr\/index.php\/wp-json\/wp\/v2\/product"}],"about":[{"href":"https:\/\/roveyayinevi.com.tr\/index.php\/wp-json\/wp\/v2\/types\/product"}],"wp:attachment":[{"href":"https:\/\/roveyayinevi.com.tr\/index.php\/wp-json\/wp\/v2\/media?parent=734472"}],"wp:term":[{"taxonomy":"product_brand","embeddable":true,"href":"https:\/\/roveyayinevi.com.tr\/index.php\/wp-json\/wp\/v2\/product_brand?post=734472"},{"taxonomy":"product_cat","embeddable":true,"href":"https:\/\/roveyayinevi.com.tr\/index.php\/wp-json\/wp\/v2\/product_cat?post=734472"},{"taxonomy":"product_tag","embeddable":true,"href":"https:\/\/roveyayinevi.com.tr\/index.php\/wp-json\/wp\/v2\/product_tag?post=734472"}],"curies":[{"name":"wp","href":"https:\/\/api.w.org\/{rel}","templated":true}]}}