{"id":734451,"date":"2025-08-27T22:28:48","date_gmt":"2025-08-27T19:28:48","guid":{"rendered":"https:\/\/roveyayinevi.com.tr\/index.php\/urun\/etik-hukuk-ve-insan-haklari\/"},"modified":"2026-04-16T02:42:08","modified_gmt":"2026-04-15T23:42:08","slug":"etik-hukuk-ve-insan-haklari","status":"publish","type":"product","link":"https:\/\/roveyayinevi.com.tr\/index.php\/urun\/etik-hukuk-ve-insan-haklari\/","title":{"rendered":"Etik, Hukuk ve \u0130nsan Haklar\u0131"},"content":{"rendered":"<p>Bu kitap farkl\u0131 tarihlerde ve farkl\u0131 kurumlarda Hocan\u0131n \u00f6\u011frencisi olmu\u015f, bir\u00e7o\u011fu onun dan\u0131\u015fmanl\u0131\u011f\u0131nda tez yazm\u0131\u015f, kimileri bug\u00fcn kendi alanlar\u0131n\u0131n en iyileri aras\u0131na girmi\u015f ki\u015filerin yaz\u0131lar\u0131ndan olu\u015fuyor. Yaz\u0131lar\u0131n bir k\u0131sm\u0131 \u0130oanna Ku\u00e7uradi\u2019nin de\u011ferler, etik, sanat felsefesi ve insan haklar\u0131yla ilgili g\u00f6r\u00fc\u015flerini inceleyen, bir k\u0131sm\u0131 onun g\u00f6r\u00fc\u015flerini ba\u015fka filozoflar\u0131n g\u00f6r\u00fc\u015fleriyle kar\u015f\u0131la\u015ft\u0131ran, bir k\u0131sm\u0131 ise onun g\u00f6r\u00fc\u015flerinden hareketle g\u00fcn\u00fcm\u00fcz teorik veya pratik sorunlar\u0131n\u0131 ele alan \u00f6zg\u00fcn incelemelerdir. Hepsinde ortak olan \u015fey ise, Hocan\u0131n felsefe yapma bi\u00e7iminden veya onun g\u00f6r\u00fc\u015flerinden \u015fu ya da bu bi\u00e7imde etkilenmi\u015f olmalar\u0131 ve kendi uzmanl\u0131k alanlar\u0131nda kar\u015f\u0131la\u015ft\u0131klar\u0131 teorik veya pratik sorunlar\u0131n \u00e7\u00f6z\u00fcm\u00fcnde onlardan yararlanmalar\u0131d\u0131r.   Etik, \u0130nsan Haklar\u0131, Hukuk Felsefesi ve Sanat Felsefesi olarak d\u00f6rt b\u00f6l\u00fcmden olu\u015fan bu kitap, Sevgi \u015eahint\u00fcrk, Nebil Reyhani, Nazile Kalayc\u0131, Berfin Kart, Zuhal Ki\u015fin K\u00f6seo\u011flu, \u00d6zge Y\u00fccel Dericiler, Elif Dilan Kara, Yunus D\u00fcger, Aris Abac\u0131, Elif \u015eahin Hamidi, G\u00fclriz Uygur, Nadire \u00d6zdemir, Zeynep \u0130spir, B\u00fclent Altun, Olcay Karacan, Damla Alver, \u00c7etin T\u00fcrky\u0131lmaz, T\u00fcrk\u00e2n Soman \u00c7elik ve Ozi Hunt\u00fcrk\u2019\u00fcn yaz\u0131lar\u0131n\u0131 biraraya getirmektedir. <\/p>\n","protected":false},"excerpt":{"rendered":"<p>Bu kitap farkl\u0131 tarihlerde ve farkl\u0131 kurumlarda Hocan\u0131n \u00f6\u011frencisi olmu\u015f, bir\u00e7o\u011fu onun dan\u0131\u015fmanl\u0131\u011f\u0131nda tez yazm\u0131\u015f, kimileri bug\u00fcn kendi alanlar\u0131n\u0131n en iyileri aras\u0131na girmi\u015f ki\u015filerin yaz\u0131lar\u0131ndan olu\u015fuyor.<span class=\"excerpt-hellip\"> [\u2026]<\/span><\/p>\n","protected":false},"featured_media":0,"template":"","meta":{"_monsterinsights_skip_tracking":false,"_monsterinsights_sitenote_active":false,"_monsterinsights_sitenote_note":"","_monsterinsights_sitenote_category":0},"product_brand":[],"product_cat":[15350,17602],"product_tag":[],"class_list":{"0":"post-734451","1":"product","2":"type-product","3":"status-publish","5":"product_cat-hukuk","6":"product_cat-hukuk-uzerine","7":"pa_cilt-ciltsiz","8":"pa_tur-kitap","9":"pa_yayinevi-turkiye-felsefe-kurumu","10":"pa_yazar-turkiye-felsefe-kurumu-kolektif","12":"first","13":"instock","14":"sale","15":"shipping-taxable","16":"purchasable","17":"product-type-simple"},"_links":{"self":[{"href":"https:\/\/roveyayinevi.com.tr\/index.php\/wp-json\/wp\/v2\/product\/734451","targetHints":{"allow":["GET"]}}],"collection":[{"href":"https:\/\/roveyayinevi.com.tr\/index.php\/wp-json\/wp\/v2\/product"}],"about":[{"href":"https:\/\/roveyayinevi.com.tr\/index.php\/wp-json\/wp\/v2\/types\/product"}],"wp:attachment":[{"href":"https:\/\/roveyayinevi.com.tr\/index.php\/wp-json\/wp\/v2\/media?parent=734451"}],"wp:term":[{"taxonomy":"product_brand","embeddable":true,"href":"https:\/\/roveyayinevi.com.tr\/index.php\/wp-json\/wp\/v2\/product_brand?post=734451"},{"taxonomy":"product_cat","embeddable":true,"href":"https:\/\/roveyayinevi.com.tr\/index.php\/wp-json\/wp\/v2\/product_cat?post=734451"},{"taxonomy":"product_tag","embeddable":true,"href":"https:\/\/roveyayinevi.com.tr\/index.php\/wp-json\/wp\/v2\/product_tag?post=734451"}],"curies":[{"name":"wp","href":"https:\/\/api.w.org\/{rel}","templated":true}]}}