{"id":734442,"date":"2025-08-27T22:28:40","date_gmt":"2025-08-27T19:28:40","guid":{"rendered":"https:\/\/roveyayinevi.com.tr\/index.php\/urun\/intibah-9\/"},"modified":"2026-04-16T02:42:08","modified_gmt":"2026-04-15T23:42:08","slug":"intibah-9","status":"publish","type":"product","link":"https:\/\/roveyayinevi.com.tr\/index.php\/urun\/intibah-9\/","title":{"rendered":"\u0130ntibah"},"content":{"rendered":"<p>T\u00fcrk edebiyat\u0131nda Bat\u0131l\u0131 roman anlay\u0131\u015f\u0131na uygun ilk edeb\u00ee eserin \u0130ntibah oldu\u011fu, edebiyat tarih\u00e7ileri ve ele\u015ftirmenler taraf\u0131ndan kabul edilmektedir. Nam\u0131k Kemal\u2019in Magosa\u2019da s\u00fcrg\u00fcnde iken, 1873-1875 y\u0131llar\u0131 aras\u0131nda Son Pi\u015fmanl\u0131k ad\u0131yla yazd\u0131\u011f\u0131 bu roman, sans\u00fcre u\u011frayarak \u0130ntibah yahut Ali Bey\u2019in Serg\u00fcze\u015fti ad\u0131yla (\u201cAli Bey\u2019in serg\u00fcze\u015ftini h\u00e2v\u00eedir\u201d a\u00e7\u0131klamas\u0131yla) 1876\u2019da yay\u0131mlan\u0131r. Roman; konusunun bir \u00f6l\u00e7\u00fcde toplumsall\u0131\u011f\u0131, yer ve ki\u015fi \u00f6geleri ile betimlemelerindeki ger\u00e7ek\u00e7ili\u011fi, olay \u00f6rg\u00fcs\u00fcnde g\u00f6r\u00fclen inand\u0131r\u0131c\u0131 olma \u00e7abas\u0131, kimi zaman psikolojik \u00e7\u00f6z\u00fcmlemelerin \u00f6ne \u00e7\u0131kmas\u0131, teknik y\u00f6nden modern anlay\u0131\u015fa uygun yanlar\u0131n\u0131n bulunmas\u0131 gibi \u00f6zellikleriyle T\u00fcrk romanc\u0131l\u0131\u011f\u0131nda yeni bir yolun a\u00e7\u0131lmas\u0131na \u00f6nc\u00fcl\u00fck etmi\u015ftir. <\/p>\n","protected":false},"excerpt":{"rendered":"<p>T\u00fcrk edebiyat\u0131nda Bat\u0131l\u0131 roman anlay\u0131\u015f\u0131na uygun ilk edeb\u00ee eserin \u0130ntibah oldu\u011fu, edebiyat tarih\u00e7ileri ve ele\u015ftirmenler taraf\u0131ndan kabul edilmektedir. Nam\u0131k Kemal\u2019in Magosa\u2019da s\u00fcrg\u00fcnde iken, 1873-1875 y\u0131llar\u0131 aras\u0131nda<span class=\"excerpt-hellip\"> [\u2026]<\/span><\/p>\n","protected":false},"featured_media":0,"template":"","meta":{"_monsterinsights_skip_tracking":false,"_monsterinsights_sitenote_active":false,"_monsterinsights_sitenote_note":"","_monsterinsights_sitenote_category":0},"product_brand":[],"product_cat":[12291,12711],"product_tag":[],"class_list":{"0":"post-734442","1":"product","2":"type-product","3":"status-publish","5":"product_cat-edebiyat","6":"product_cat-roman-oyku","7":"pa_cilt-ciltsiz","8":"pa_tur-kitap","9":"pa_yayinevi-ilbilge-yayincilik","10":"pa_yazar-namik-kemal","12":"first","13":"instock","14":"sale","15":"shipping-taxable","16":"purchasable","17":"product-type-simple"},"_links":{"self":[{"href":"https:\/\/roveyayinevi.com.tr\/index.php\/wp-json\/wp\/v2\/product\/734442","targetHints":{"allow":["GET"]}}],"collection":[{"href":"https:\/\/roveyayinevi.com.tr\/index.php\/wp-json\/wp\/v2\/product"}],"about":[{"href":"https:\/\/roveyayinevi.com.tr\/index.php\/wp-json\/wp\/v2\/types\/product"}],"wp:attachment":[{"href":"https:\/\/roveyayinevi.com.tr\/index.php\/wp-json\/wp\/v2\/media?parent=734442"}],"wp:term":[{"taxonomy":"product_brand","embeddable":true,"href":"https:\/\/roveyayinevi.com.tr\/index.php\/wp-json\/wp\/v2\/product_brand?post=734442"},{"taxonomy":"product_cat","embeddable":true,"href":"https:\/\/roveyayinevi.com.tr\/index.php\/wp-json\/wp\/v2\/product_cat?post=734442"},{"taxonomy":"product_tag","embeddable":true,"href":"https:\/\/roveyayinevi.com.tr\/index.php\/wp-json\/wp\/v2\/product_tag?post=734442"}],"curies":[{"name":"wp","href":"https:\/\/api.w.org\/{rel}","templated":true}]}}