{"id":734434,"date":"2025-08-27T22:28:32","date_gmt":"2025-08-27T19:28:32","guid":{"rendered":"https:\/\/roveyayinevi.com.tr\/index.php\/urun\/bir-vatan-evladinin-notlari\/"},"modified":"2026-04-16T02:42:08","modified_gmt":"2026-04-15T23:42:08","slug":"bir-vatan-evladinin-notlari","status":"publish","type":"product","link":"https:\/\/roveyayinevi.com.tr\/index.php\/urun\/bir-vatan-evladinin-notlari\/","title":{"rendered":"Bir Vatan Evlad\u0131n\u0131n Notlar\u0131"},"content":{"rendered":"<p>Bu d\u00fcnya art\u0131k beyaz de\u011fil, hi\u00e7bir zaman da tekrar beyaz olmayacak.   Baldwin\u2019in, 1940\u2019larda ve 1950\u2019lerin ba\u015f\u0131nda, hen\u00fcz yirmili ya\u015flar\u0131ndayken yazd\u0131\u011f\u0131 ve bu kitapta bir araya getirilen denemeler, Sivil Haklar Hareketi\u2019nin \u015fafa\u011f\u0131nda, Harlem\u2019deki g\u00fcndelik ya\u015famdan muhalif romana, filmlere ve yurtd\u0131\u015f\u0131ndaki Afro-Amerikanlar\u0131n deneyimlerine kadar ABD\u2019de siyah olman\u0131n karma\u015f\u0131k durumunu ara\u015ft\u0131r\u0131yor ve sanat\u00e7\u0131n\u0131n siyah bir adam ve bir Amerikal\u0131 olarak kimlik aray\u0131\u015f\u0131n\u0131n da samimi bir portresini ortaya koyuyor.   Otobiyografi t\u00fcr\u00fcn\u00fcn klasiklerinden biri kabul edilen Bir Vatan Evlad\u0131n\u0131n Notlar\u0131, Baldwin\u2019in ba\u015fta ABD olmak \u00fczere, t\u00fcm d\u00fcnyaya y\u00f6neltti\u011fi toplumsal ve k\u00fclt\u00fcrel bir ele\u015ftiri \u00e7al\u0131\u015fmas\u0131 ve bug\u00fcn, Black Lives Matter \u00e7a\u011f\u0131nda, ilk yaz\u0131ld\u0131\u011f\u0131 zamanki kadar g\u00fc\u00e7l\u00fc.   \u201cYak\u0131c\u0131 bir berrakl\u0131k ve al\u0131\u015f\u0131lmad\u0131k bir zarafetle yaz\u0131lm\u0131\u015f.\u201d Time <\/p>\n","protected":false},"excerpt":{"rendered":"<p>Bu d\u00fcnya art\u0131k beyaz de\u011fil, hi\u00e7bir zaman da tekrar beyaz olmayacak. Baldwin\u2019in, 1940\u2019larda ve 1950\u2019lerin ba\u015f\u0131nda, hen\u00fcz yirmili ya\u015flar\u0131ndayken yazd\u0131\u011f\u0131 ve bu kitapta bir araya getirilen<span class=\"excerpt-hellip\"> [\u2026]<\/span><\/p>\n","protected":false},"featured_media":0,"template":"","meta":{"_monsterinsights_skip_tracking":false,"_monsterinsights_sitenote_active":false,"_monsterinsights_sitenote_note":"","_monsterinsights_sitenote_category":0},"product_brand":[],"product_cat":[12777,12291],"product_tag":[],"class_list":{"0":"post-734434","1":"product","2":"type-product","3":"status-publish","5":"product_cat-deneme","6":"product_cat-edebiyat","7":"pa_cilt-ciltsiz","8":"pa_tur-kitap","9":"pa_yayinevi-can-yayinlari","10":"pa_yazar-james-baldwin","12":"first","13":"instock","14":"sale","15":"shipping-taxable","16":"purchasable","17":"product-type-simple"},"_links":{"self":[{"href":"https:\/\/roveyayinevi.com.tr\/index.php\/wp-json\/wp\/v2\/product\/734434","targetHints":{"allow":["GET"]}}],"collection":[{"href":"https:\/\/roveyayinevi.com.tr\/index.php\/wp-json\/wp\/v2\/product"}],"about":[{"href":"https:\/\/roveyayinevi.com.tr\/index.php\/wp-json\/wp\/v2\/types\/product"}],"wp:attachment":[{"href":"https:\/\/roveyayinevi.com.tr\/index.php\/wp-json\/wp\/v2\/media?parent=734434"}],"wp:term":[{"taxonomy":"product_brand","embeddable":true,"href":"https:\/\/roveyayinevi.com.tr\/index.php\/wp-json\/wp\/v2\/product_brand?post=734434"},{"taxonomy":"product_cat","embeddable":true,"href":"https:\/\/roveyayinevi.com.tr\/index.php\/wp-json\/wp\/v2\/product_cat?post=734434"},{"taxonomy":"product_tag","embeddable":true,"href":"https:\/\/roveyayinevi.com.tr\/index.php\/wp-json\/wp\/v2\/product_tag?post=734434"}],"curies":[{"name":"wp","href":"https:\/\/api.w.org\/{rel}","templated":true}]}}