{"id":734421,"date":"2025-08-27T22:27:42","date_gmt":"2025-08-27T19:27:42","guid":{"rendered":"https:\/\/roveyayinevi.com.tr\/index.php\/urun\/size-bir-sir-vereyim-mi\/"},"modified":"2025-08-31T17:38:39","modified_gmt":"2025-08-31T14:38:39","slug":"size-bir-sir-vereyim-mi","status":"publish","type":"product","link":"https:\/\/roveyayinevi.com.tr\/index.php\/urun\/size-bir-sir-vereyim-mi\/","title":{"rendered":"Size Bir S\u0131r Vereyim Mi?"},"content":{"rendered":"<p>Metin dan\u0131\u015fmanl\u0131\u011f\u0131n\u0131 yapt\u0131\u011f\u0131m, \u201cSize Bir S\u0131r Vereyim mi?\u201d sevgili Ziya \u015eakir Y\u0131lmaz\u2019\u0131n 1 milyon insan\u0131n hayat\u0131na dokunma amac\u0131n\u0131n sadece bir par\u00e7as\u0131. Okuduk\u00e7a; d\u00fc\u015f\u00fcncelerinizi, bildiklerinizi ve prensiplerinizi bir kez daha ele alacak, de\u011ferlendirecek ve i\u00e7inizden yepyeni bir siz \u00e7\u0131karaca\u011f\u0131n\u0131za ku\u015fkum yok.G\u00f6ksel BekmezciYazar, \u015eair, Metin Dan\u0131\u015fman\u0131Milyonlarca insan, ki\u015fisel geli\u015fim kitaplar\u0131ndan kendi sorunlar\u0131na \u00e7are bulmak i\u00e7in faydalanmaya \u00e7al\u0131\u015f\u0131yor.Bu kitaplar\u0131n pek az\u0131 ger\u00e7ekten yeterli, ki\u015fiyi geli\u015ftiren ve de\u011fi\u015ftiren \u00f6zelliklere sahipken, bir\u00e7o\u011fu da \u00e7alakalem yaz\u0131lm\u0131\u015f, kendi k\u00fclt\u00fcr\u00fcm\u00fcze uzak, b\u00fcy\u00fck pazarlama teknikleriyle parlat\u0131larak \u2018\u00e7ok satanlar\u2019 listesine girdirilmi\u015f fakat ke\u00e7iboynuzu misali insan\u0131n di\u015finin kavu\u011funu doldurmaya dahi yetmeyen \u00f6zelliklere sahip.Ziya \u015eakir Y\u0131lmaz\u2019\u0131n Size Bir S\u0131r Vereyim Mi? kitab\u0131; i\u015fe yaram\u0131\u015f, ge\u00e7erlili\u011fi kan\u0131tlanm\u0131\u015f; yazar\u0131n hayat\u0131n\u0131 istedi\u011fi y\u00f6nde evrilmesine vesile olurken ekip arkada\u015flar\u0131n\u0131n da de\u011fi\u015fimlerine katk\u0131 sa\u011flam\u0131\u015f; yal\u0131n, abart\u0131dan uzak, kendi k\u00fclt\u00fcr\u00fcm\u00fcze \u00f6zg\u00fc, herkesin ya\u015fam\u0131na bir \u015fekilde katk\u0131 yapacak bilgi ve tecr\u00fcbelerin harmanlanmas\u0131ndan olu\u015fmaktad\u0131r.\u201cBilgi kaslara ge\u00e7erse anlam ta\u015f\u0131r.\u201dBuradaki bilgilerin ya\u015fama aktar\u0131lmas\u0131yla, e\u011fer de\u011fi\u015fime ve geli\u015fime a\u00e7\u0131k ve bu de\u011fi\u015fimin sorumlulu\u011funu almaya haz\u0131rsan\u0131z, kendinizi dahi tan\u0131yamayacak bir noktaya gelece\u011finizi \u015fimdiden dile getirebilirsiniz.Bizden s\u00f6ylemesi; s\u0131rr\u0131m\u0131z da bu olsun&#8230;Prof. Dr. Turgay Bi\u00e7erSpor Psikolo\u011fu, Mentor, Ko\u00e7, Yazar<\/p>\n","protected":false},"excerpt":{"rendered":"<p>Metin dan\u0131\u015fmanl\u0131\u011f\u0131n\u0131 yapt\u0131\u011f\u0131m, \u201cSize Bir S\u0131r Vereyim mi?\u201d sevgili Ziya \u015eakir Y\u0131lmaz\u2019\u0131n 1 milyon insan\u0131n hayat\u0131na dokunma amac\u0131n\u0131n sadece bir par\u00e7as\u0131. Okuduk\u00e7a; d\u00fc\u015f\u00fcncelerinizi, bildiklerinizi ve prensiplerinizi<span class=\"excerpt-hellip\"> [\u2026]<\/span><\/p>\n","protected":false},"featured_media":0,"template":"","meta":{"_monsterinsights_skip_tracking":false,"_monsterinsights_sitenote_active":false,"_monsterinsights_sitenote_note":"","_monsterinsights_sitenote_category":0},"product_brand":[],"product_cat":[12364,12376],"product_tag":[],"class_list":{"0":"post-734421","1":"product","2":"type-product","3":"status-publish","5":"product_cat-genel-konular","6":"product_cat-kisisel-gelisim","7":"pa_cilt-ciltsiz","8":"pa_tur-kitap","9":"pa_yayinevi-beyaz-yayinlari","10":"pa_yazar-ziya-sakir-yilmaz","12":"first","13":"instock","14":"sale","15":"shipping-taxable","16":"purchasable","17":"product-type-simple"},"_links":{"self":[{"href":"https:\/\/roveyayinevi.com.tr\/index.php\/wp-json\/wp\/v2\/product\/734421","targetHints":{"allow":["GET"]}}],"collection":[{"href":"https:\/\/roveyayinevi.com.tr\/index.php\/wp-json\/wp\/v2\/product"}],"about":[{"href":"https:\/\/roveyayinevi.com.tr\/index.php\/wp-json\/wp\/v2\/types\/product"}],"wp:attachment":[{"href":"https:\/\/roveyayinevi.com.tr\/index.php\/wp-json\/wp\/v2\/media?parent=734421"}],"wp:term":[{"taxonomy":"product_brand","embeddable":true,"href":"https:\/\/roveyayinevi.com.tr\/index.php\/wp-json\/wp\/v2\/product_brand?post=734421"},{"taxonomy":"product_cat","embeddable":true,"href":"https:\/\/roveyayinevi.com.tr\/index.php\/wp-json\/wp\/v2\/product_cat?post=734421"},{"taxonomy":"product_tag","embeddable":true,"href":"https:\/\/roveyayinevi.com.tr\/index.php\/wp-json\/wp\/v2\/product_tag?post=734421"}],"curies":[{"name":"wp","href":"https:\/\/api.w.org\/{rel}","templated":true}]}}