{"id":734420,"date":"2025-08-27T22:27:41","date_gmt":"2025-08-27T19:27:41","guid":{"rendered":"https:\/\/roveyayinevi.com.tr\/index.php\/urun\/herkesin-sarkisi-ciltli\/"},"modified":"2026-04-16T02:42:07","modified_gmt":"2026-04-15T23:42:07","slug":"herkesin-sarkisi-ciltli","status":"publish","type":"product","link":"https:\/\/roveyayinevi.com.tr\/index.php\/urun\/herkesin-sarkisi-ciltli\/","title":{"rendered":"Herkesin \u015eark\u0131s\u0131 (Ciltli)"},"content":{"rendered":"<p>\u00c7ok y\u00fcksekteki, k\u00fc\u00e7\u00fcc\u00fck bir pencereden yumu\u015fac\u0131k bir na\u011fme duyuldu. Bir melodi, bir \u015fark\u0131, \u00e7ok ho\u015f bir ses. R\u00fczg\u00e2ra kar\u0131\u015f\u0131p \u015fehre indi. Bu \u015fark\u0131 ya\u015fl\u0131lar\u0131 gen\u00e7, yaln\u0131zlar\u0131 mutlu hissettirdi. T\u00fcm kasabay\u0131 ne\u015feye bo\u011fdu, iyilik yapmak i\u00e7in heveslendirdi. \u015eark\u0131y\u0131 kimin s\u00f6yledi\u011fini kimse bilmiyordu, ancak bildikleri \u015fey \u015fark\u0131n\u0131n onlara iyi geldi\u011fiydi. Ta ki bir g\u00fcn \u015fark\u0131 susana dek. Kasaba halk\u0131 ne yapacakt\u0131? Bunun karar\u0131n\u0131 vermek yine onlara ba\u011fl\u0131yd\u0131&#8230; Herkesin \u015fark\u0131s\u0131n\u0131 kurtarman\u0131n bir yolunu bulabilecekler miydi?   Bu m\u00fckemmel, \u015fiirsel hik\u00e2yeyle ilk resimli kitab\u0131n\u0131 ortaya \u00e7\u0131karan Lucy Morris; m\u00fczi\u011fin getirdi\u011fi ne\u015feyi, birlik olman\u0131n \u00f6nemini ve k\u00fc\u00e7\u00fck inceliklerin g\u00fczelli\u011fini herkese tan\u0131t\u0131yor. <\/p>\n","protected":false},"excerpt":{"rendered":"<p>\u00c7ok y\u00fcksekteki, k\u00fc\u00e7\u00fcc\u00fck bir pencereden yumu\u015fac\u0131k bir na\u011fme duyuldu. Bir melodi, bir \u015fark\u0131, \u00e7ok ho\u015f bir ses. R\u00fczg\u00e2ra kar\u0131\u015f\u0131p \u015fehre indi. Bu \u015fark\u0131 ya\u015fl\u0131lar\u0131 gen\u00e7, yaln\u0131zlar\u0131<span class=\"excerpt-hellip\"> [\u2026]<\/span><\/p>\n","protected":false},"featured_media":0,"template":"","meta":{"_monsterinsights_skip_tracking":false,"_monsterinsights_sitenote_active":false,"_monsterinsights_sitenote_note":"","_monsterinsights_sitenote_category":0},"product_brand":[],"product_cat":[12275,12274],"product_tag":[],"class_list":{"0":"post-734420","1":"product","2":"type-product","3":"status-publish","5":"product_cat-6-12-yas-kitaplari","6":"product_cat-cocuk-ve-genclik-kitaplari","7":"pa_cilt-ciltli","8":"pa_tur-kitap","9":"pa_yayinevi-profil-kitap","10":"pa_yazar-lucy-morris","12":"first","13":"instock","14":"sale","15":"shipping-taxable","16":"purchasable","17":"product-type-simple"},"_links":{"self":[{"href":"https:\/\/roveyayinevi.com.tr\/index.php\/wp-json\/wp\/v2\/product\/734420","targetHints":{"allow":["GET"]}}],"collection":[{"href":"https:\/\/roveyayinevi.com.tr\/index.php\/wp-json\/wp\/v2\/product"}],"about":[{"href":"https:\/\/roveyayinevi.com.tr\/index.php\/wp-json\/wp\/v2\/types\/product"}],"wp:attachment":[{"href":"https:\/\/roveyayinevi.com.tr\/index.php\/wp-json\/wp\/v2\/media?parent=734420"}],"wp:term":[{"taxonomy":"product_brand","embeddable":true,"href":"https:\/\/roveyayinevi.com.tr\/index.php\/wp-json\/wp\/v2\/product_brand?post=734420"},{"taxonomy":"product_cat","embeddable":true,"href":"https:\/\/roveyayinevi.com.tr\/index.php\/wp-json\/wp\/v2\/product_cat?post=734420"},{"taxonomy":"product_tag","embeddable":true,"href":"https:\/\/roveyayinevi.com.tr\/index.php\/wp-json\/wp\/v2\/product_tag?post=734420"}],"curies":[{"name":"wp","href":"https:\/\/api.w.org\/{rel}","templated":true}]}}