{"id":734408,"date":"2025-08-27T22:27:31","date_gmt":"2025-08-27T19:27:31","guid":{"rendered":"https:\/\/roveyayinevi.com.tr\/index.php\/urun\/cesur-kizlara-yol-arkadaslari-2\/"},"modified":"2026-04-16T02:42:07","modified_gmt":"2026-04-15T23:42:07","slug":"cesur-kizlara-yol-arkadaslari-2","status":"publish","type":"product","link":"https:\/\/roveyayinevi.com.tr\/index.php\/urun\/cesur-kizlara-yol-arkadaslari-2\/","title":{"rendered":"Cesur K\u0131zlara Yol Arkada\u015flar\u0131 2"},"content":{"rendered":"<p>\u00c7ok okunanlardan olanCESUR KIZLARA YOL ARKADA\u015eLARIserisinin ikinci kitab\u0131na ho\u015f geldiniz.Bu kitapta da 30 benzersiz kad\u0131n kahraman var.HEPS\u0130 GER\u00c7EK.HEPS\u0130 T\u00dcRKIYE\u2019DEN \u00c7IKTIVE D\u00dcNYAYA \u0130ZLER\u0130N\u0130 BIRAKTI.Sen de hayalini b\u00fcy\u00fck tutar, azimle \u00e7al\u0131\u015f\u0131r,asla pes etmezsen bu kahramanlardan biri olabilirsin.ONLAR YAPTIYSA SEN DE YAPAB\u0130L\u0130RS\u0130N! <\/p>\n","protected":false},"excerpt":{"rendered":"<p>\u00c7ok okunanlardan olanCESUR KIZLARA YOL ARKADA\u015eLARIserisinin ikinci kitab\u0131na ho\u015f geldiniz.Bu kitapta da 30 benzersiz kad\u0131n kahraman var.HEPS\u0130 GER\u00c7EK.HEPS\u0130 T\u00dcRKIYE\u2019DEN \u00c7IKTIVE D\u00dcNYAYA \u0130ZLER\u0130N\u0130 BIRAKTI.Sen de hayalini b\u00fcy\u00fck<span class=\"excerpt-hellip\"> [\u2026]<\/span><\/p>\n","protected":false},"featured_media":0,"template":"","meta":{"_monsterinsights_skip_tracking":false,"_monsterinsights_sitenote_active":false,"_monsterinsights_sitenote_note":"","_monsterinsights_sitenote_category":0},"product_brand":[],"product_cat":[12291,18202],"product_tag":[],"class_list":{"0":"post-734408","1":"product","2":"type-product","3":"status-publish","5":"product_cat-edebiyat","6":"product_cat-hikaye","7":"pa_cilt-ciltsiz","8":"pa_tur-kitap","9":"pa_yayinevi-nemesis-kitap","10":"pa_yazar-aslihan-dagistanli-aysev","12":"first","13":"instock","14":"sale","15":"shipping-taxable","16":"purchasable","17":"product-type-simple"},"_links":{"self":[{"href":"https:\/\/roveyayinevi.com.tr\/index.php\/wp-json\/wp\/v2\/product\/734408","targetHints":{"allow":["GET"]}}],"collection":[{"href":"https:\/\/roveyayinevi.com.tr\/index.php\/wp-json\/wp\/v2\/product"}],"about":[{"href":"https:\/\/roveyayinevi.com.tr\/index.php\/wp-json\/wp\/v2\/types\/product"}],"wp:attachment":[{"href":"https:\/\/roveyayinevi.com.tr\/index.php\/wp-json\/wp\/v2\/media?parent=734408"}],"wp:term":[{"taxonomy":"product_brand","embeddable":true,"href":"https:\/\/roveyayinevi.com.tr\/index.php\/wp-json\/wp\/v2\/product_brand?post=734408"},{"taxonomy":"product_cat","embeddable":true,"href":"https:\/\/roveyayinevi.com.tr\/index.php\/wp-json\/wp\/v2\/product_cat?post=734408"},{"taxonomy":"product_tag","embeddable":true,"href":"https:\/\/roveyayinevi.com.tr\/index.php\/wp-json\/wp\/v2\/product_tag?post=734408"}],"curies":[{"name":"wp","href":"https:\/\/api.w.org\/{rel}","templated":true}]}}