{"id":734393,"date":"2025-08-27T22:27:17","date_gmt":"2025-08-27T19:27:17","guid":{"rendered":"https:\/\/roveyayinevi.com.tr\/index.php\/urun\/iskilipli-atif-gercegi\/"},"modified":"2026-04-16T02:42:06","modified_gmt":"2026-04-15T23:42:06","slug":"iskilipli-atif-gercegi","status":"publish","type":"product","link":"https:\/\/roveyayinevi.com.tr\/index.php\/urun\/iskilipli-atif-gercegi\/","title":{"rendered":"\u0130skilipli At\u0131f Ger\u00e7e\u011fi"},"content":{"rendered":"<p>Cumhuriyet d\u00fc\u015fman\u0131 odaklar\u0131n Atat\u00fcrk ve devrimlerine sald\u0131r\u0131rken kulland\u0131\u011f\u0131 en \u00f6nemli arg\u00fcmanlardan birisi \u0130skilipli At\u0131f\u2019\u0131n idam\u0131 meselesidir. Belli ba\u015fl\u0131 \u00e7evreler, \u015fehit mertebesine y\u00fckselttikleri \u0130skilipli At\u0131f\u2019\u0131n \u015eapka Devrimi\u2019ne kurban edilen masum bir din adam\u0131 oldu\u011funa inanmakta ve bunun propagandas\u0131n\u0131 yapmaktad\u0131r. Bu d\u00fc\u015f\u00fcnceye g\u00f6re \u0130skilipli At\u0131f, Atat\u00fcrk d\u00f6neminin g\u00fcya hocalar\u0131 asmakla g\u00f6revli \u0130stiklal Mahkemeleri taraf\u0131ndan su\u00e7suz yere idam edilmi\u015f bir \u0130slam \u015fehididir. Nesilden nesile aktar\u0131lan bu hik\u00e2yenin pe\u015fine d\u00fc\u015fen Refah Partisi milletvekili Hasan Mezarc\u0131, 1992 y\u0131l\u0131nda TBMM \u0130nsan Haklar\u0131 \u0130nceleme Komisyonuna ba\u015fvurup \u0130skilipli At\u0131f&#8217;\u0131n yarg\u0131land\u0131\u011f\u0131 mahkemenin tutanaklar\u0131n\u0131 istedi. Komisyon, yap\u0131lan inceleme sonucunda ar\u015fivde bulunamayan d\u00f6rd\u00fcnc\u00fc ve be\u015finci defterler eksik olmak \u00fczere \u0130skilipli At\u0131f\u2019\u0131n yarg\u0131land\u0131\u011f\u0131 davaya ait toplam 13 defterden olu\u015fan Ankara \u0130stiklal Mahkemesi tutanaklar\u0131n\u0131 Hasan Mezarc\u0131\u2019ya teslim etti. Tutanaklardan \u0130skilipli At\u0131f\u2019\u0131n \u015eapka Devrimi\u2019ne kar\u015f\u0131 tertip edilen isyanlarda k\u0131\u015fk\u0131rt\u0131c\u0131 rol\u00fc oldu\u011fu i\u00e7in Anayasa\u2019y\u0131 de\u011fi\u015ftirmek su\u00e7undan idam edildi\u011fi belirtiliyordu. Te\u00e2li-i \u0130slam Cemiyetinin ba\u015fkan\u0131 olan \u0130skilipli At\u0131f, i\u015fgalci Yunan ordusuyla de\u011fil Mustafa Kemal Pa\u015fa\u2019yla sava\u015f\u0131lmas\u0131 gerekti\u011fini telkin eden ki\u015fiydi ve Kurtulu\u015f Sava\u015f\u0131 y\u0131llar\u0131nda Yunan u\u00e7aklar\u0131ndan at\u0131lan ihanet beyannamelerinden de sorumlu tutuluyordu. Tutanaklardan umdu\u011funu bulamayan odaklar\u0131n propagandas\u0131 sonucunca Hasan Mezarc\u0131\u2019ya verilmeyen eksik defterlerin nerede oldu\u011fu ve neden ortaya \u00e7\u0131kart\u0131lmad\u0131\u011f\u0131 tart\u0131\u015f\u0131lmaya ba\u015fland\u0131. Baz\u0131 \u00e7evreler, bu defterlerde \u0130skilipli At\u0131f\u2019\u0131 aklayan bir \u015feyler olaca\u011f\u0131na inan\u0131yorlard\u0131. \u0130skilipli At\u0131f ger\u00e7ekten su\u00e7luysa defterler neden eksikti? Neden bir \u015feyleri gizleme ihtiyac\u0131 hissedilmi\u015fti? Defterlerin eksik olmas\u0131 bile yarg\u0131lamada bir hukuksuzluk oldu\u011funu g\u00f6stermez miydi?Bu gibi tart\u0131\u015fmalara nihayet vermek ad\u0131na kay\u0131p oldu\u011fu s\u00f6ylenen d\u00f6rd\u00fcnc\u00fc ve be\u015finci defterlere taraf\u0131m\u0131zca ula\u015f\u0131lm\u0131\u015f ve elinizde tuttu\u011funuz bu kitap haz\u0131rlanm\u0131\u015ft\u0131r.<\/p>\n","protected":false},"excerpt":{"rendered":"<p>Cumhuriyet d\u00fc\u015fman\u0131 odaklar\u0131n Atat\u00fcrk ve devrimlerine sald\u0131r\u0131rken kulland\u0131\u011f\u0131 en \u00f6nemli arg\u00fcmanlardan birisi \u0130skilipli At\u0131f\u2019\u0131n idam\u0131 meselesidir. Belli ba\u015fl\u0131 \u00e7evreler, \u015fehit mertebesine y\u00fckselttikleri \u0130skilipli At\u0131f\u2019\u0131n \u015eapka Devrimi\u2019ne<span class=\"excerpt-hellip\"> [\u2026]<\/span><\/p>\n","protected":false},"featured_media":0,"template":"","meta":{"_monsterinsights_skip_tracking":false,"_monsterinsights_sitenote_active":false,"_monsterinsights_sitenote_note":"","_monsterinsights_sitenote_category":0},"product_brand":[],"product_cat":[13590,12337],"product_tag":[],"class_list":{"0":"post-734393","1":"product","2":"type-product","3":"status-publish","5":"product_cat-arastirma-inceleme-politika-siyaset","6":"product_cat-politika-siyaset","7":"pa_cilt-ciltsiz","8":"pa_tur-kitap","9":"pa_yayinevi-kripto-basim-yayin","10":"pa_yazar-umit-dogan","12":"first","13":"instock","14":"sale","15":"shipping-taxable","16":"purchasable","17":"product-type-simple"},"_links":{"self":[{"href":"https:\/\/roveyayinevi.com.tr\/index.php\/wp-json\/wp\/v2\/product\/734393","targetHints":{"allow":["GET"]}}],"collection":[{"href":"https:\/\/roveyayinevi.com.tr\/index.php\/wp-json\/wp\/v2\/product"}],"about":[{"href":"https:\/\/roveyayinevi.com.tr\/index.php\/wp-json\/wp\/v2\/types\/product"}],"wp:attachment":[{"href":"https:\/\/roveyayinevi.com.tr\/index.php\/wp-json\/wp\/v2\/media?parent=734393"}],"wp:term":[{"taxonomy":"product_brand","embeddable":true,"href":"https:\/\/roveyayinevi.com.tr\/index.php\/wp-json\/wp\/v2\/product_brand?post=734393"},{"taxonomy":"product_cat","embeddable":true,"href":"https:\/\/roveyayinevi.com.tr\/index.php\/wp-json\/wp\/v2\/product_cat?post=734393"},{"taxonomy":"product_tag","embeddable":true,"href":"https:\/\/roveyayinevi.com.tr\/index.php\/wp-json\/wp\/v2\/product_tag?post=734393"}],"curies":[{"name":"wp","href":"https:\/\/api.w.org\/{rel}","templated":true}]}}