{"id":734389,"date":"2025-08-27T22:27:12","date_gmt":"2025-08-27T19:27:12","guid":{"rendered":"https:\/\/roveyayinevi.com.tr\/index.php\/urun\/edebiyatin-ucubeleri\/"},"modified":"2026-04-16T02:42:06","modified_gmt":"2026-04-15T23:42:06","slug":"edebiyatin-ucubeleri","status":"publish","type":"product","link":"https:\/\/roveyayinevi.com.tr\/index.php\/urun\/edebiyatin-ucubeleri\/","title":{"rendered":"Edebiyat\u0131n Ucubeleri"},"content":{"rendered":"<p>Bu kitap, s\u0131n\u0131rlarda gezinen \u00f6tekilerin pe\u015fine d\u00fc\u015fm\u00fc\u015ft\u00fcr. Zira ucubelik, b\u00fct\u00fcn iktidar sahiplerinin politik tahayy\u00fcl\u00fcn\u00fc ve s\u00f6ylemini in\u015fa eder. Ulus devletler, ucubeler ile s\u00fcrd\u00fcr\u00fclen hegemonik m\u00fccadeleler sayesinde var olurlar. Patriyarka ve heteronormativite de \u201cmakbul\u201d olmayanlar\u0131 i\u015faret eder \u00f6nce. Nihayetinde cinsiyetleri, bedenleri, cinsel y\u00f6nelimleri, etnisiteleri, s\u0131n\u0131flar\u0131, dini inan\u00e7lar\u0131, politik aidiyetleri vb. kimlikleri ile \u201cme\u015fru\u201d normlar\u0131n d\u0131\u015f\u0131nda kalanlar ucube imgesi alt\u0131nda birle\u015fir. Bu \u00e7al\u0131\u015fma, egemenlerin \u201cucube\u201d ilan etti\u011fi \u00f6tekilerin; \u0130ngiliz, Amerikan ve \u0130rlanda edebiyat\u0131ndaki politik konumlan\u0131\u015flar\u0131yla ilgilenmektedir. Ucubelere dair hegemonik kodlar\u0131 de\u015fifre etmesi ve bu imgenin edebiyata sirayetini g\u00f6stermesi \u00e7al\u0131\u015fmay\u0131 daha da \u00f6zel k\u0131lmaktad\u0131r.<\/p>\n","protected":false},"excerpt":{"rendered":"<p>Bu kitap, s\u0131n\u0131rlarda gezinen \u00f6tekilerin pe\u015fine d\u00fc\u015fm\u00fc\u015ft\u00fcr. Zira ucubelik, b\u00fct\u00fcn iktidar sahiplerinin politik tahayy\u00fcl\u00fcn\u00fc ve s\u00f6ylemini in\u015fa eder. Ulus devletler, ucubeler ile s\u00fcrd\u00fcr\u00fclen hegemonik m\u00fccadeleler sayesinde<span class=\"excerpt-hellip\"> [\u2026]<\/span><\/p>\n","protected":false},"featured_media":0,"template":"","meta":{"_monsterinsights_skip_tracking":false,"_monsterinsights_sitenote_active":false,"_monsterinsights_sitenote_note":"","_monsterinsights_sitenote_category":0},"product_brand":[],"product_cat":[13072,12291],"product_tag":[],"class_list":{"0":"post-734389","1":"product","2":"type-product","3":"status-publish","5":"product_cat-arastirma-inceleme-referans","6":"product_cat-edebiyat","7":"pa_cilt-ciltsiz","8":"pa_tur-kitap","9":"pa_yayinevi-phoenix-yayinevi","10":"pa_yazar-phoenix-yayinevi-kolektif","12":"first","13":"instock","14":"sale","15":"shipping-taxable","16":"purchasable","17":"product-type-simple"},"_links":{"self":[{"href":"https:\/\/roveyayinevi.com.tr\/index.php\/wp-json\/wp\/v2\/product\/734389","targetHints":{"allow":["GET"]}}],"collection":[{"href":"https:\/\/roveyayinevi.com.tr\/index.php\/wp-json\/wp\/v2\/product"}],"about":[{"href":"https:\/\/roveyayinevi.com.tr\/index.php\/wp-json\/wp\/v2\/types\/product"}],"wp:attachment":[{"href":"https:\/\/roveyayinevi.com.tr\/index.php\/wp-json\/wp\/v2\/media?parent=734389"}],"wp:term":[{"taxonomy":"product_brand","embeddable":true,"href":"https:\/\/roveyayinevi.com.tr\/index.php\/wp-json\/wp\/v2\/product_brand?post=734389"},{"taxonomy":"product_cat","embeddable":true,"href":"https:\/\/roveyayinevi.com.tr\/index.php\/wp-json\/wp\/v2\/product_cat?post=734389"},{"taxonomy":"product_tag","embeddable":true,"href":"https:\/\/roveyayinevi.com.tr\/index.php\/wp-json\/wp\/v2\/product_tag?post=734389"}],"curies":[{"name":"wp","href":"https:\/\/api.w.org\/{rel}","templated":true}]}}