{"id":734381,"date":"2025-08-27T22:27:03","date_gmt":"2025-08-27T19:27:03","guid":{"rendered":"https:\/\/roveyayinevi.com.tr\/index.php\/urun\/cocuklar-icin-adab-i-muaseret\/"},"modified":"2026-04-16T02:42:06","modified_gmt":"2026-04-15T23:42:06","slug":"cocuklar-icin-adab-i-muaseret","status":"publish","type":"product","link":"https:\/\/roveyayinevi.com.tr\/index.php\/urun\/cocuklar-icin-adab-i-muaseret\/","title":{"rendered":"\u00c7ocuklar \u0130\u00e7in Adab-\u0131 Mua\u015feret"},"content":{"rendered":"<p>Sevgili \u00e7ocuklar, Bu \u00f6yk\u00fc kitab\u0131 size, g\u00fczel bir ahl\u00e2k, karakter ve de\u011ferler e\u011fitimi sunuyor. \u201cNerede, nas\u0131l davranmal\u0131y\u0131m?\u201d sorusunun cevab\u0131n\u0131 veriyor. \u00c7\u00fcnk\u00fc Sevgili Peygamberimiz, \u201cSizin en hay\u0131rl\u0131n\u0131z, ahl\u00e2ken en iyi olan\u0131n\u0131zd\u0131r.\u201d buyuruyorlar. Bu kitap ak\u0131c\u0131 ve \u015fiirsi anlat\u0131m\u0131yla, s\u0131k\u0131lmadan bir \u00e7\u0131rp\u0131da, severek okuyaca\u011f\u0131n\u0131z g\u00fczel bir hik\u00e2ye. Haydi \u00f6yle ise nezaket kurallar\u0131n\u0131 \u00f6\u011freten, \u00f6l\u00e7\u00fcl\u00fc ve nazik davran\u0131\u015flar\u0131 a\u00e7\u0131klayan ve e\u011flenceli etkinlikleriyle de size \u201cen iyi bir dost\u201d olmak isteyen bu kitab\u0131 hemen okuyal\u0131m. B\u00f6ylece bu \u201cCennet vatan\u0131\u201d \u00e7ok seven, erdemli, g\u00f6rg\u00fcl\u00fc ve ahlakl\u0131 bir \u00e7ocuk olal\u0131m\u2026 <\/p>\n","protected":false},"excerpt":{"rendered":"<p>Sevgili \u00e7ocuklar, Bu \u00f6yk\u00fc kitab\u0131 size, g\u00fczel bir ahl\u00e2k, karakter ve de\u011ferler e\u011fitimi sunuyor. \u201cNerede, nas\u0131l davranmal\u0131y\u0131m?\u201d sorusunun cevab\u0131n\u0131 veriyor. \u00c7\u00fcnk\u00fc Sevgili Peygamberimiz, \u201cSizin en hay\u0131rl\u0131n\u0131z,<span class=\"excerpt-hellip\"> [\u2026]<\/span><\/p>\n","protected":false},"featured_media":0,"template":"","meta":{"_monsterinsights_skip_tracking":false,"_monsterinsights_sitenote_active":false,"_monsterinsights_sitenote_note":"","_monsterinsights_sitenote_category":0},"product_brand":[],"product_cat":[12275,12274],"product_tag":[],"class_list":{"0":"post-734381","1":"product","2":"type-product","3":"status-publish","5":"product_cat-6-12-yas-kitaplari","6":"product_cat-cocuk-ve-genclik-kitaplari","7":"pa_cilt-ciltsiz","8":"pa_tur-kitap","9":"pa_yayinevi-nesil-cocuk-yayinlari","10":"pa_yazar-yilmaz-yenidinc","12":"first","13":"instock","14":"sale","15":"shipping-taxable","16":"purchasable","17":"product-type-simple"},"_links":{"self":[{"href":"https:\/\/roveyayinevi.com.tr\/index.php\/wp-json\/wp\/v2\/product\/734381","targetHints":{"allow":["GET"]}}],"collection":[{"href":"https:\/\/roveyayinevi.com.tr\/index.php\/wp-json\/wp\/v2\/product"}],"about":[{"href":"https:\/\/roveyayinevi.com.tr\/index.php\/wp-json\/wp\/v2\/types\/product"}],"wp:attachment":[{"href":"https:\/\/roveyayinevi.com.tr\/index.php\/wp-json\/wp\/v2\/media?parent=734381"}],"wp:term":[{"taxonomy":"product_brand","embeddable":true,"href":"https:\/\/roveyayinevi.com.tr\/index.php\/wp-json\/wp\/v2\/product_brand?post=734381"},{"taxonomy":"product_cat","embeddable":true,"href":"https:\/\/roveyayinevi.com.tr\/index.php\/wp-json\/wp\/v2\/product_cat?post=734381"},{"taxonomy":"product_tag","embeddable":true,"href":"https:\/\/roveyayinevi.com.tr\/index.php\/wp-json\/wp\/v2\/product_tag?post=734381"}],"curies":[{"name":"wp","href":"https:\/\/api.w.org\/{rel}","templated":true}]}}