{"id":734367,"date":"2025-08-27T22:26:49","date_gmt":"2025-08-27T19:26:49","guid":{"rendered":"https:\/\/roveyayinevi.com.tr\/index.php\/urun\/dogu-bati-dusunce-dergisi-sayi-70-kotuluk-sarkilari\/"},"modified":"2026-04-16T02:42:06","modified_gmt":"2026-04-15T23:42:06","slug":"dogu-bati-dusunce-dergisi-sayi-70-kotuluk-sarkilari","status":"publish","type":"product","link":"https:\/\/roveyayinevi.com.tr\/index.php\/urun\/dogu-bati-dusunce-dergisi-sayi-70-kotuluk-sarkilari\/","title":{"rendered":"Do\u011fu Bat\u0131 D\u00fc\u015f\u00fcnce Dergisi Say\u0131 70 &#8211; K\u00f6t\u00fcl\u00fck \u015eark\u0131lar\u0131"},"content":{"rendered":"<p>Giri\u015f: K\u00f6t\u00fcl\u00fck Problemi -\u00d6zlem Duva 11 Radikal K\u00f6t\u00fcl\u00fck ve Sorumluluk -Berrak Co\u015fkun 29 Levinas Eti\u011finde K\u00f6t\u00fcl\u00fck ve Sonsuz Sorumluluk D\u00fc\u015f\u00fcncesi Teodise Ya Da Tanr\u0131n\u0131n Adaleti; -Mustafa Kaya 53 Leibniz&#8217;de K\u00f6t\u00fcl\u00fck Problemi ve M\u00fcmk\u00fcn D\u00fcnyalar\u0131n En \u0130yisi Teodisesi -\u00d6zg\u00fcr Taburo\u011flu 79 K\u00f6t\u00fcl\u00fck ve Sapk\u0131nl\u0131k: M\u00fcsl\u00fcmanl\u0131kta Teodise Olanaklar\u0131 -Tu\u011fba Torun 101 Teodise Problemine Farkl\u0131 Bir Pencereden Bakmak -\u0130smail \u015eim\u015fek 113 K\u00f6t\u00fcl\u00fck Problemine \u0130ki Farkl\u0131 Bak\u0131\u015f: Teist ve Ateist Yakla\u015f\u0131m -Bahtinur M\u00f6ng\u00fc 131 Josiah Royce: K\u00f6t\u00fcl\u00fck Problemine Sadakat Merkezli Bir Yakla\u015f\u0131m K\u00f6t\u00fcl\u00fck \u015eark\u0131lar\u0131; -M. Mukadder Yakupo\u011flu 149 K\u00f6t\u00fcl\u00fc\u011f\u00fcn Metafizi\u011fi ve \u0130ntihar -Serhat Soy\u015fekerci 157 \u00c7arm\u0131htaki Ac\u0131: Ac\u0131n\u0131n De\u011fi\u015ftirili\u015fine \u0130li\u015fkin K\u00f6t\u00fcl\u00fck Meselleri -Kadir Pektezel 183 Epistemolojik Kriz ve Tinsel Suistimalden Paradoksal \u0130syana -A. Onur Akta\u015f 217 Ayn\u0131l\u0131\u011f\u0131n Tekrar\u0131ndan Biricikli\u011fin B\u00fcy\u00fcs\u00fcne: Nietzsche ve Ahl\u00e2k\u0131n Soyk\u00fct\u00fc\u011f\u00fc K\u00f6t\u00fcl\u00fck \u00c7i\u00e7ekleri; -Sad\u0131k T\u00fcrko\u011flu 227 Baudelaire&#8217;in \u015eiirlerinde K\u00f6t\u00fcl\u00fck \u00dczerine -T\u00fclin Kartal G\u00fcng\u00f6r 251 Baudelaire ve K\u00f6t\u00fcl\u00fck \u00c7i\u00e7ekleri Kenz -\u00dcr\u00fcn \u015een S\u00f6nmez 269 T\u00fcrk Roman\u0131nda K\u00f6t\u00fcl\u00fck (Ba\u015flang\u0131\u00e7tan 1950&#8217;ye) (Tan\u0131t\u0131m B\u00fclteninden) <\/p>\n","protected":false},"excerpt":{"rendered":"<p>Giri\u015f: K\u00f6t\u00fcl\u00fck Problemi -\u00d6zlem Duva 11 Radikal K\u00f6t\u00fcl\u00fck ve Sorumluluk -Berrak Co\u015fkun 29 Levinas Eti\u011finde K\u00f6t\u00fcl\u00fck ve Sonsuz Sorumluluk D\u00fc\u015f\u00fcncesi Teodise Ya Da Tanr\u0131n\u0131n Adaleti; -Mustafa<span class=\"excerpt-hellip\"> [\u2026]<\/span><\/p>\n","protected":false},"featured_media":0,"template":"","meta":{"_monsterinsights_skip_tracking":false,"_monsterinsights_sitenote_active":false,"_monsterinsights_sitenote_note":"","_monsterinsights_sitenote_category":0},"product_brand":[],"product_cat":[13527],"product_tag":[],"class_list":{"0":"post-734367","1":"product","2":"type-product","3":"status-publish","5":"product_cat-sureli-yayinlar","6":"pa_cilt-ciltsiz","7":"pa_tur-dergi","8":"pa_yayinevi-dogu-bati-dergileri","9":"pa_yazar-dogu-bati-kolektif","11":"first","12":"instock","13":"sale","14":"shipping-taxable","15":"purchasable","16":"product-type-simple"},"_links":{"self":[{"href":"https:\/\/roveyayinevi.com.tr\/index.php\/wp-json\/wp\/v2\/product\/734367","targetHints":{"allow":["GET"]}}],"collection":[{"href":"https:\/\/roveyayinevi.com.tr\/index.php\/wp-json\/wp\/v2\/product"}],"about":[{"href":"https:\/\/roveyayinevi.com.tr\/index.php\/wp-json\/wp\/v2\/types\/product"}],"wp:attachment":[{"href":"https:\/\/roveyayinevi.com.tr\/index.php\/wp-json\/wp\/v2\/media?parent=734367"}],"wp:term":[{"taxonomy":"product_brand","embeddable":true,"href":"https:\/\/roveyayinevi.com.tr\/index.php\/wp-json\/wp\/v2\/product_brand?post=734367"},{"taxonomy":"product_cat","embeddable":true,"href":"https:\/\/roveyayinevi.com.tr\/index.php\/wp-json\/wp\/v2\/product_cat?post=734367"},{"taxonomy":"product_tag","embeddable":true,"href":"https:\/\/roveyayinevi.com.tr\/index.php\/wp-json\/wp\/v2\/product_tag?post=734367"}],"curies":[{"name":"wp","href":"https:\/\/api.w.org\/{rel}","templated":true}]}}