{"id":734364,"date":"2025-08-27T22:26:46","date_gmt":"2025-08-27T19:26:46","guid":{"rendered":"https:\/\/roveyayinevi.com.tr\/index.php\/urun\/minikler-diyari-koca-bir-yil\/"},"modified":"2026-04-16T02:42:06","modified_gmt":"2026-04-15T23:42:06","slug":"minikler-diyari-koca-bir-yil","status":"publish","type":"product","link":"https:\/\/roveyayinevi.com.tr\/index.php\/urun\/minikler-diyari-koca-bir-yil\/","title":{"rendered":"Minikler Diyar\u0131 &#8211; Koca Bir Y\u0131l"},"content":{"rendered":"<p>\u0130lkbahar, yaz, sonbahar, k\u0131\u015f fark etmiyor, Minikler Diyar\u0131\u2019nda e\u011flence hi\u00e7 bitmiyor! Minikler Diyar\u0131 okul \u00f6ncesi \u00e7ocuklar\u0131n de\u011fi\u015fen mevsimleri kolayca \u00f6\u011frenmesi i\u00e7in tasarland\u0131. Kitaptaki 100\u2019den fazla nesneyi bulun, e\u011flenceye ortak olun!<\/p>\n","protected":false},"excerpt":{"rendered":"<p>\u0130lkbahar, yaz, sonbahar, k\u0131\u015f fark etmiyor, Minikler Diyar\u0131\u2019nda e\u011flence hi\u00e7 bitmiyor! Minikler Diyar\u0131 okul \u00f6ncesi \u00e7ocuklar\u0131n de\u011fi\u015fen mevsimleri kolayca \u00f6\u011frenmesi i\u00e7in tasarland\u0131. Kitaptaki 100\u2019den fazla nesneyi<span class=\"excerpt-hellip\"> [\u2026]<\/span><\/p>\n","protected":false},"featured_media":0,"template":"","meta":{"_monsterinsights_skip_tracking":false,"_monsterinsights_sitenote_active":false,"_monsterinsights_sitenote_note":"","_monsterinsights_sitenote_category":0},"product_brand":[],"product_cat":[12274,12518],"product_tag":[],"class_list":{"0":"post-734364","1":"product","2":"type-product","3":"status-publish","5":"product_cat-cocuk-ve-genclik-kitaplari","6":"product_cat-okul-oncesi-kitaplar","7":"pa_cilt-ciltsiz","8":"pa_tur-kitap","9":"pa_yayinevi-altin-kitaplar-boyama-ve-cocuk-kitaplari","10":"pa_yazar-marion-billet","12":"first","13":"instock","14":"sale","15":"shipping-taxable","16":"purchasable","17":"product-type-simple"},"_links":{"self":[{"href":"https:\/\/roveyayinevi.com.tr\/index.php\/wp-json\/wp\/v2\/product\/734364","targetHints":{"allow":["GET"]}}],"collection":[{"href":"https:\/\/roveyayinevi.com.tr\/index.php\/wp-json\/wp\/v2\/product"}],"about":[{"href":"https:\/\/roveyayinevi.com.tr\/index.php\/wp-json\/wp\/v2\/types\/product"}],"wp:attachment":[{"href":"https:\/\/roveyayinevi.com.tr\/index.php\/wp-json\/wp\/v2\/media?parent=734364"}],"wp:term":[{"taxonomy":"product_brand","embeddable":true,"href":"https:\/\/roveyayinevi.com.tr\/index.php\/wp-json\/wp\/v2\/product_brand?post=734364"},{"taxonomy":"product_cat","embeddable":true,"href":"https:\/\/roveyayinevi.com.tr\/index.php\/wp-json\/wp\/v2\/product_cat?post=734364"},{"taxonomy":"product_tag","embeddable":true,"href":"https:\/\/roveyayinevi.com.tr\/index.php\/wp-json\/wp\/v2\/product_tag?post=734364"}],"curies":[{"name":"wp","href":"https:\/\/api.w.org\/{rel}","templated":true}]}}