{"id":734363,"date":"2025-08-27T22:26:45","date_gmt":"2025-08-27T19:26:45","guid":{"rendered":"https:\/\/roveyayinevi.com.tr\/index.php\/urun\/minikler-diyari-koca-bir-gun\/"},"modified":"2026-04-16T02:42:06","modified_gmt":"2026-04-15T23:42:06","slug":"minikler-diyari-koca-bir-gun","status":"publish","type":"product","link":"https:\/\/roveyayinevi.com.tr\/index.php\/urun\/minikler-diyari-koca-bir-gun\/","title":{"rendered":"Minikler Diyar\u0131 &#8211; Koca Bir G\u00fcn"},"content":{"rendered":"<p>Minikler Diyar\u0131\u2019nda yap\u0131lacak i\u015fler, gidilecek yerler ve ziyaret edilecek arkada\u015flar \u00f6yle \u00e7ok ki! Miniklerin i\u015fleri ve e\u011flenceleri hi\u00e7 bitmiyor! B\u00fct\u00fcn g\u00fcn parkta, al\u0131\u015fveri\u015fte, \u00e7iftlikte, \u015fehirde gezmedik yer b\u0131rakm\u0131yorlar. Ve \u00e7ok yoruluyorlar! Okul \u00f6ncesi \u00e7ocuklar i\u00e7in \u00f6zel olarak tasarlanm\u0131\u015f harika bir ilk kelimeler kitab\u0131.<\/p>\n","protected":false},"excerpt":{"rendered":"<p>Minikler Diyar\u0131\u2019nda yap\u0131lacak i\u015fler, gidilecek yerler ve ziyaret edilecek arkada\u015flar \u00f6yle \u00e7ok ki! Miniklerin i\u015fleri ve e\u011flenceleri hi\u00e7 bitmiyor! B\u00fct\u00fcn g\u00fcn parkta, al\u0131\u015fveri\u015fte, \u00e7iftlikte, \u015fehirde gezmedik<span class=\"excerpt-hellip\"> [\u2026]<\/span><\/p>\n","protected":false},"featured_media":0,"template":"","meta":{"_monsterinsights_skip_tracking":false,"_monsterinsights_sitenote_active":false,"_monsterinsights_sitenote_note":"","_monsterinsights_sitenote_category":0},"product_brand":[],"product_cat":[12274,12518],"product_tag":[],"class_list":{"0":"post-734363","1":"product","2":"type-product","3":"status-publish","5":"product_cat-cocuk-ve-genclik-kitaplari","6":"product_cat-okul-oncesi-kitaplar","7":"pa_cilt-ciltsiz","8":"pa_tur-kitap","9":"pa_yayinevi-altin-kitaplar-boyama-ve-cocuk-kitaplari","10":"pa_yazar-marion-billet","12":"first","13":"instock","14":"sale","15":"shipping-taxable","16":"purchasable","17":"product-type-simple"},"_links":{"self":[{"href":"https:\/\/roveyayinevi.com.tr\/index.php\/wp-json\/wp\/v2\/product\/734363","targetHints":{"allow":["GET"]}}],"collection":[{"href":"https:\/\/roveyayinevi.com.tr\/index.php\/wp-json\/wp\/v2\/product"}],"about":[{"href":"https:\/\/roveyayinevi.com.tr\/index.php\/wp-json\/wp\/v2\/types\/product"}],"wp:attachment":[{"href":"https:\/\/roveyayinevi.com.tr\/index.php\/wp-json\/wp\/v2\/media?parent=734363"}],"wp:term":[{"taxonomy":"product_brand","embeddable":true,"href":"https:\/\/roveyayinevi.com.tr\/index.php\/wp-json\/wp\/v2\/product_brand?post=734363"},{"taxonomy":"product_cat","embeddable":true,"href":"https:\/\/roveyayinevi.com.tr\/index.php\/wp-json\/wp\/v2\/product_cat?post=734363"},{"taxonomy":"product_tag","embeddable":true,"href":"https:\/\/roveyayinevi.com.tr\/index.php\/wp-json\/wp\/v2\/product_tag?post=734363"}],"curies":[{"name":"wp","href":"https:\/\/api.w.org\/{rel}","templated":true}]}}