{"id":734362,"date":"2025-08-27T22:26:44","date_gmt":"2025-08-27T19:26:44","guid":{"rendered":"https:\/\/roveyayinevi.com.tr\/index.php\/urun\/yildiz-gezgini-ciltli\/"},"modified":"2026-04-16T02:42:06","modified_gmt":"2026-04-15T23:42:06","slug":"yildiz-gezgini-ciltli","status":"publish","type":"product","link":"https:\/\/roveyayinevi.com.tr\/index.php\/urun\/yildiz-gezgini-ciltli\/","title":{"rendered":"Y\u0131ld\u0131z Gezgini (Ciltli)"},"content":{"rendered":"<p>Bir akademisyen meslekta\u015f\u0131n\u0131 \u00f6ld\u00fcrerek San Quentin Hapishanesi\u2019ne d\u00fc\u015fen eski bir profes\u00f6r, burada ya\u015fam boyu hapis cezas\u0131n\u0131 \u00e7ekerken maruz kald\u0131\u011f\u0131 korkun\u00e7 i\u015fkenceden ka\u00e7mak i\u00e7in zihinsel taktikler geli\u015ftirir. Ac\u0131 \u00e7eken bedenini terk ederek, tarihin farkl\u0131 d\u00f6nemlerinde, farkl\u0131 co\u011frafyalarda ge\u00e7en \u00f6nceki ya\u015famlar\u0131na geri d\u00f6nd\u00fc\u011f\u00fc yolculuklara \u00e7\u0131kar. Jack London\u2019\u0131n korkun\u00e7 San Quentin\u2019de be\u015f y\u0131l\u0131n\u0131 ge\u00e7iren arkada\u015f\u0131 Ed Morrell\u2019dan esinlenerek yazd\u0131\u011f\u0131 Y\u0131ld\u0131z Gezgini \u2019nin anlat\u0131c\u0131s\u0131n\u0131n her bir ge\u00e7mi\u015f ya\u015fam deneyimi, ba\u011f\u0131ms\u0131z birer \u00f6yk\u00fc olarak da okunabilir. London bu en \u00f6zg\u00fcn yap\u0131t\u0131nda, astral seyahat ve yeniden do\u011fu\u015f \u00e7evrimi \u00fczerine kafa yorar. Ancak insanl\u0131k durumunun bu dirayetli g\u00f6zlemcisinin as\u0131l derdi, ABD\u2019nin gaddar ve \u00e7\u00fcr\u00fcm\u00fc\u015f hapishane sistemini g\u00f6zler \u00f6n\u00fcne sermektir. <\/p>\n","protected":false},"excerpt":{"rendered":"<p>Bir akademisyen meslekta\u015f\u0131n\u0131 \u00f6ld\u00fcrerek San Quentin Hapishanesi\u2019ne d\u00fc\u015fen eski bir profes\u00f6r, burada ya\u015fam boyu hapis cezas\u0131n\u0131 \u00e7ekerken maruz kald\u0131\u011f\u0131 korkun\u00e7 i\u015fkenceden ka\u00e7mak i\u00e7in zihinsel taktikler geli\u015ftirir.<span class=\"excerpt-hellip\"> [\u2026]<\/span><\/p>\n","protected":false},"featured_media":0,"template":"","meta":{"_monsterinsights_skip_tracking":false,"_monsterinsights_sitenote_active":false,"_monsterinsights_sitenote_note":"","_monsterinsights_sitenote_category":0},"product_brand":[],"product_cat":[12291,26797],"product_tag":[],"class_list":{"0":"post-734362","1":"product","2":"type-product","3":"status-publish","5":"product_cat-edebiyat","6":"product_cat-modern-klasikler","7":"pa_cilt-ciltli","8":"pa_tur-kitap","9":"pa_yayinevi-is-bankasi-kultur-yayinlari","10":"pa_yazar-jack-london","12":"first","13":"instock","14":"sale","15":"shipping-taxable","16":"purchasable","17":"product-type-simple"},"_links":{"self":[{"href":"https:\/\/roveyayinevi.com.tr\/index.php\/wp-json\/wp\/v2\/product\/734362","targetHints":{"allow":["GET"]}}],"collection":[{"href":"https:\/\/roveyayinevi.com.tr\/index.php\/wp-json\/wp\/v2\/product"}],"about":[{"href":"https:\/\/roveyayinevi.com.tr\/index.php\/wp-json\/wp\/v2\/types\/product"}],"wp:attachment":[{"href":"https:\/\/roveyayinevi.com.tr\/index.php\/wp-json\/wp\/v2\/media?parent=734362"}],"wp:term":[{"taxonomy":"product_brand","embeddable":true,"href":"https:\/\/roveyayinevi.com.tr\/index.php\/wp-json\/wp\/v2\/product_brand?post=734362"},{"taxonomy":"product_cat","embeddable":true,"href":"https:\/\/roveyayinevi.com.tr\/index.php\/wp-json\/wp\/v2\/product_cat?post=734362"},{"taxonomy":"product_tag","embeddable":true,"href":"https:\/\/roveyayinevi.com.tr\/index.php\/wp-json\/wp\/v2\/product_tag?post=734362"}],"curies":[{"name":"wp","href":"https:\/\/api.w.org\/{rel}","templated":true}]}}