{"id":734350,"date":"2025-08-27T22:26:32","date_gmt":"2025-08-27T19:26:32","guid":{"rendered":"https:\/\/roveyayinevi.com.tr\/index.php\/urun\/ruzgargulu-ile-ucurtma\/"},"modified":"2026-04-16T02:42:05","modified_gmt":"2026-04-15T23:42:05","slug":"ruzgargulu-ile-ucurtma","status":"publish","type":"product","link":"https:\/\/roveyayinevi.com.tr\/index.php\/urun\/ruzgargulu-ile-ucurtma\/","title":{"rendered":"R\u00fczgarg\u00fcl\u00fc ile U\u00e7urtma"},"content":{"rendered":"<p>Hayat, bildi\u011fimizi sand\u0131\u011f\u0131m\u0131z \u015feyleri bize hep yeniden \u00f6\u011fretmekle me\u015fguld\u00fcr; okudu\u011fumuzu sand\u0131\u011f\u0131m\u0131z \u015fiirleri de hep yeniden okutmakla&#8230; <\/p>\n","protected":false},"excerpt":{"rendered":"<p>Hayat, bildi\u011fimizi sand\u0131\u011f\u0131m\u0131z \u015feyleri bize hep yeniden \u00f6\u011fretmekle me\u015fguld\u00fcr; okudu\u011fumuzu sand\u0131\u011f\u0131m\u0131z \u015fiirleri de hep yeniden okutmakla&#8230;<\/p>\n","protected":false},"featured_media":0,"template":"","meta":{"_monsterinsights_skip_tracking":false,"_monsterinsights_sitenote_active":false,"_monsterinsights_sitenote_note":"","_monsterinsights_sitenote_category":0},"product_brand":[],"product_cat":[12291,12509],"product_tag":[],"class_list":{"0":"post-734350","1":"product","2":"type-product","3":"status-publish","5":"product_cat-edebiyat","6":"product_cat-siir","7":"pa_cilt-ciltsiz","8":"pa_tur-kitap","9":"pa_yayinevi-luna-yayinlari","10":"pa_yazar-rusen-karatas-unlenen","12":"first","13":"instock","14":"sale","15":"shipping-taxable","16":"purchasable","17":"product-type-simple"},"_links":{"self":[{"href":"https:\/\/roveyayinevi.com.tr\/index.php\/wp-json\/wp\/v2\/product\/734350","targetHints":{"allow":["GET"]}}],"collection":[{"href":"https:\/\/roveyayinevi.com.tr\/index.php\/wp-json\/wp\/v2\/product"}],"about":[{"href":"https:\/\/roveyayinevi.com.tr\/index.php\/wp-json\/wp\/v2\/types\/product"}],"wp:attachment":[{"href":"https:\/\/roveyayinevi.com.tr\/index.php\/wp-json\/wp\/v2\/media?parent=734350"}],"wp:term":[{"taxonomy":"product_brand","embeddable":true,"href":"https:\/\/roveyayinevi.com.tr\/index.php\/wp-json\/wp\/v2\/product_brand?post=734350"},{"taxonomy":"product_cat","embeddable":true,"href":"https:\/\/roveyayinevi.com.tr\/index.php\/wp-json\/wp\/v2\/product_cat?post=734350"},{"taxonomy":"product_tag","embeddable":true,"href":"https:\/\/roveyayinevi.com.tr\/index.php\/wp-json\/wp\/v2\/product_tag?post=734350"}],"curies":[{"name":"wp","href":"https:\/\/api.w.org\/{rel}","templated":true}]}}