{"id":734344,"date":"2025-08-27T22:26:27","date_gmt":"2025-08-27T19:26:27","guid":{"rendered":"https:\/\/roveyayinevi.com.tr\/index.php\/urun\/cogito-103-komplo-teorileri\/"},"modified":"2026-04-16T02:42:05","modified_gmt":"2026-04-15T23:42:05","slug":"cogito-103-komplo-teorileri","status":"publish","type":"product","link":"https:\/\/roveyayinevi.com.tr\/index.php\/urun\/cogito-103-komplo-teorileri\/","title":{"rendered":"Cogito 103 &#8211; Komplo Teorileri"},"content":{"rendered":"<p>3 ayl\u0131k d\u00fc\u015f\u00fcnce dergisi cogito  G\u00fcz 2021 say\u0131s\u0131n\u0131 komplo teorilerine ay\u0131rd\u0131. Komplo teorileri dosyas\u0131, kriz ve belirsizlik zamanlar\u0131nda daha \u00e7ok ra\u011fbet g\u00f6ren, sosyal medya arac\u0131l\u0131\u011f\u0131yla vir\u00fcs gibi yay\u0131lan komplo teorilerinin g\u00fcn\u00fcm\u00fczde toplum ve insan ili\u015fkisi hakk\u0131nda, bilgiyle ili\u015fkilenme ve iktidar ili\u015fkileri hakk\u0131nda neleri a\u00e7\u0131k etti\u011fine odaklanan yaz\u0131 ve s\u00f6yle\u015filerden olu\u015fuyor.   Cogito\u2019dan \u2022 Komplo Teorilerini Nas\u0131l Okumal\u0131? Kathleen Stewart \u2022 Komplo Teorisinin D\u00fcnyalar\u0131 T\u00fcrkay Salim Nefes \u2022 D\u00fcnyada ve T\u00fcrkiye\u2019de Komplo Teorilerini Anlamak Sinan Alper \u2013 Evren Balta Emre Erdo\u011fan \u2022 S\u00f6yle\u015fi: 21. Y\u00fczy\u0131lda Komplo Teorileri Kerem Karaosmano\u011flu \u2022 Marjinal \u2013 Ana Ak\u0131m Ekseninde Komplo Teorileri, Teorisyenleri ve Zihniyeti \u0130smet Parlak &amp; Ya\u011f\u0131z Alp Tang\u00fcn \u2022 Bir Bilme Hali Olarak Komplo Teorilerinin Serencam\u0131: Komplocu Motiflerin M\u00fcbadelesi ve Sorumluluk Alma Pratikleri Michael Richmond \u2022 \u201cSiyah Antisemitizm\u201d ve Irk\u00e7\u0131l\u0131k Kar\u015f\u0131t\u0131 Dayan\u0131\u015fma \u00dczerine Erol Sa\u011flam \u2022 Komplo Teorilerini Ciddiye Almak: Komplo Anlat\u0131lar\u0131n\u0131 G\u00fcnl\u00fck Siyaset, \u00d6znele\u015fme ve Toplumsal Etkileri Ekseninde \u0130zlemeye Bir Davet Didier Fassin \u2022 Entrikalar ve \u0130nsanlar: Komplo Teorilerinin Bulgulay\u0131c\u0131l\u0131\u011f\u0131 Andrew Woods \u2022 Sa\u011fc\u0131 Bir Komplonun Amerikan K\u00f6kenleri Kay\u0131han Pala \u2013 Osman Elbek \u2022 S\u00f6yle\u015fi: Halk Sa\u011fl\u0131\u011f\u0131 ve Komplo Teorileri Robyn Marasco \u2022 Komplocu Akl\u0131n Bir Ele\u015ftirisine Do\u011fru<\/p>\n","protected":false},"excerpt":{"rendered":"<p>3 ayl\u0131k d\u00fc\u015f\u00fcnce dergisi cogito G\u00fcz 2021 say\u0131s\u0131n\u0131 komplo teorilerine ay\u0131rd\u0131. Komplo teorileri dosyas\u0131, kriz ve belirsizlik zamanlar\u0131nda daha \u00e7ok ra\u011fbet g\u00f6ren, sosyal medya arac\u0131l\u0131\u011f\u0131yla vir\u00fcs<span class=\"excerpt-hellip\"> [\u2026]<\/span><\/p>\n","protected":false},"featured_media":0,"template":"","meta":{"_monsterinsights_skip_tracking":false,"_monsterinsights_sitenote_active":false,"_monsterinsights_sitenote_note":"","_monsterinsights_sitenote_category":0},"product_brand":[],"product_cat":[13527],"product_tag":[],"class_list":{"0":"post-734344","1":"product","2":"type-product","3":"status-publish","5":"product_cat-sureli-yayinlar","6":"pa_cilt-ciltsiz","7":"pa_tur-dergi","8":"pa_yayinevi-yapi-kredi-yayinlari-dergi","9":"pa_yazar-yapi-kredi-yayinlari-dergi-kolektif","11":"first","12":"instock","13":"sale","14":"shipping-taxable","15":"purchasable","16":"product-type-simple"},"_links":{"self":[{"href":"https:\/\/roveyayinevi.com.tr\/index.php\/wp-json\/wp\/v2\/product\/734344","targetHints":{"allow":["GET"]}}],"collection":[{"href":"https:\/\/roveyayinevi.com.tr\/index.php\/wp-json\/wp\/v2\/product"}],"about":[{"href":"https:\/\/roveyayinevi.com.tr\/index.php\/wp-json\/wp\/v2\/types\/product"}],"wp:attachment":[{"href":"https:\/\/roveyayinevi.com.tr\/index.php\/wp-json\/wp\/v2\/media?parent=734344"}],"wp:term":[{"taxonomy":"product_brand","embeddable":true,"href":"https:\/\/roveyayinevi.com.tr\/index.php\/wp-json\/wp\/v2\/product_brand?post=734344"},{"taxonomy":"product_cat","embeddable":true,"href":"https:\/\/roveyayinevi.com.tr\/index.php\/wp-json\/wp\/v2\/product_cat?post=734344"},{"taxonomy":"product_tag","embeddable":true,"href":"https:\/\/roveyayinevi.com.tr\/index.php\/wp-json\/wp\/v2\/product_tag?post=734344"}],"curies":[{"name":"wp","href":"https:\/\/api.w.org\/{rel}","templated":true}]}}