{"id":734308,"date":"2025-08-27T22:25:49","date_gmt":"2025-08-27T19:25:49","guid":{"rendered":"https:\/\/roveyayinevi.com.tr\/index.php\/urun\/gariplerden-bir-yolcu\/"},"modified":"2026-04-16T02:42:04","modified_gmt":"2026-04-15T23:42:04","slug":"gariplerden-bir-yolcu","status":"publish","type":"product","link":"https:\/\/roveyayinevi.com.tr\/index.php\/urun\/gariplerden-bir-yolcu\/","title":{"rendered":"Gariplerden Bir Yolcu"},"content":{"rendered":"<p>Belki ya da belli ki bu kitapta yaz\u0131lanlar size \u201cgarip\u201d gelebilir. Kitaptakileri okuduk\u00e7a \u201colabilir mi\u201d diyerek soraca\u011f\u0131n\u0131z belki de onlarca yer ve b\u00f6l\u00fcm olacakt\u0131r. Kitaptaki konu\u015fmalar\u0131, olaylar\u0131 ya da kahramanlar\u0131 da \u201cgarip\u201d bulabilirsiniz. Normaldir. Zaten kitab\u0131m\u0131n ad\u0131,  \u201cGariplerden Bir Yolcu.\u201d Ad\u0131 \u00fcst\u00fcnde, yani, bu kitaptakilerin size \u201cgarip\u201d gelmesi \u015fa\u015f\u0131rt\u0131c\u0131 olmayacakt\u0131r.   Bu yazd\u0131\u011f\u0131m kitab\u0131m t\u00fcr\u00fcn\u00fcn hangi kapsamda say\u0131laca\u011f\u0131n\u0131 bilmedi\u011fimi belirtmi\u015ftim. Edebi bir de\u011fer ta\u015f\u0131y\u0131p ta\u015f\u0131mayaca\u011f\u0131n\u0131 da bilmiyorum. Esas\u0131nda o husus \u00e7ok da umurumda de\u011fil. Ben yaln\u0131zca bu kitapta ge\u00e7en olaylar\u0131, fikirleri ve mesajlar\u0131 niye yazd\u0131\u011f\u0131m\u0131 ve neden b\u00f6yle bir kitap \u00e7\u0131kartt\u0131\u011f\u0131m\u0131 \u00e7ok iyi biliyorum.   Maksad\u0131m\u0131z iyi ve ulvi. Netice de iyi ve ulvi olacakt\u0131r. Bundan sonsuza kadar eminim. Vesselam. <\/p>\n","protected":false},"excerpt":{"rendered":"<p>Belki ya da belli ki bu kitapta yaz\u0131lanlar size \u201cgarip\u201d gelebilir. Kitaptakileri okuduk\u00e7a \u201colabilir mi\u201d diyerek soraca\u011f\u0131n\u0131z belki de onlarca yer ve b\u00f6l\u00fcm olacakt\u0131r. Kitaptaki konu\u015fmalar\u0131,<span class=\"excerpt-hellip\"> [\u2026]<\/span><\/p>\n","protected":false},"featured_media":0,"template":"","meta":{"_monsterinsights_skip_tracking":false,"_monsterinsights_sitenote_active":false,"_monsterinsights_sitenote_note":"","_monsterinsights_sitenote_category":0},"product_brand":[],"product_cat":[12291,12711],"product_tag":[],"class_list":{"0":"post-734308","1":"product","2":"type-product","3":"status-publish","5":"product_cat-edebiyat","6":"product_cat-roman-oyku","7":"pa_cilt-ciltsiz","8":"pa_tur-kitap","9":"pa_yayinevi-gulnar-yayinlari","10":"pa_yazar-ahmet-sandal","12":"first","13":"instock","14":"sale","15":"shipping-taxable","16":"purchasable","17":"product-type-simple"},"_links":{"self":[{"href":"https:\/\/roveyayinevi.com.tr\/index.php\/wp-json\/wp\/v2\/product\/734308","targetHints":{"allow":["GET"]}}],"collection":[{"href":"https:\/\/roveyayinevi.com.tr\/index.php\/wp-json\/wp\/v2\/product"}],"about":[{"href":"https:\/\/roveyayinevi.com.tr\/index.php\/wp-json\/wp\/v2\/types\/product"}],"wp:attachment":[{"href":"https:\/\/roveyayinevi.com.tr\/index.php\/wp-json\/wp\/v2\/media?parent=734308"}],"wp:term":[{"taxonomy":"product_brand","embeddable":true,"href":"https:\/\/roveyayinevi.com.tr\/index.php\/wp-json\/wp\/v2\/product_brand?post=734308"},{"taxonomy":"product_cat","embeddable":true,"href":"https:\/\/roveyayinevi.com.tr\/index.php\/wp-json\/wp\/v2\/product_cat?post=734308"},{"taxonomy":"product_tag","embeddable":true,"href":"https:\/\/roveyayinevi.com.tr\/index.php\/wp-json\/wp\/v2\/product_tag?post=734308"}],"curies":[{"name":"wp","href":"https:\/\/api.w.org\/{rel}","templated":true}]}}