{"id":734307,"date":"2025-08-27T22:25:48","date_gmt":"2025-08-27T19:25:48","guid":{"rendered":"https:\/\/roveyayinevi.com.tr\/index.php\/urun\/gorunur-bir-yerde\/"},"modified":"2026-04-16T02:42:04","modified_gmt":"2026-04-15T23:42:04","slug":"gorunur-bir-yerde","status":"publish","type":"product","link":"https:\/\/roveyayinevi.com.tr\/index.php\/urun\/gorunur-bir-yerde\/","title":{"rendered":"G\u00f6r\u00fcn\u00fcr Bir Yerde"},"content":{"rendered":"<p>Eda \u0130\u015fler, \u00f6yk\u00fclerinde, yemek masalar\u0131nda ekmek k\u0131r\u0131nt\u0131lar\u0131 gibi biriken sessizliklerden, hi\u00e7bir renge b\u00fcr\u00fcnmeden gelip ge\u00e7en g\u00fcnlerden, mecburi mesailerde ufalanan saatlerden, kalabal\u0131klar\u0131n bir kenar\u0131nda derinden derine b\u00fcy\u00fcyen \u00f6fkelerden, bir ba\u015fkas\u0131na aitmi\u015f\u00e7esine yabanc\u0131lanan \u00e7ocukluk resimlerinden kalan tortulara dokunuyor. Kay\u0131p bir kolun a\u011fr\u0131l\u0131 bo\u015flu\u011fundan, \u00f6mr\u00fcn her an\u0131n\u0131 k\u0131r\u0131lganl\u0131kla i\u015faretleyen bir kamburun a\u011f\u0131rl\u0131\u011f\u0131ndan ya da dile gelmeyen korkulu arzulardan dam\u0131t\u0131lm\u0131\u015f anlar\u0131n toplam\u0131, k\u0131l\u0131 k\u0131rk yararak dokunmu\u015f \u00f6yk\u00fclere d\u00f6n\u00fc\u015f\u00fcyor.      \u201cS\u0131rt\u0131mda kemiklerimi donduran so\u011fu\u011fu \u00f6rten bir yelek; renginden, c\u00fcmb\u00fc\u015f\u00fcnden iyice karard\u0131\u011f\u0131m, g\u00f6r\u00fcnmezlere kar\u0131\u015ft\u0131\u011f\u0131m yedi Mehmet\u2019in yele\u011fi. Ellerim, kollar\u0131m, etimin g\u00f6r\u00fcnd\u00fc\u011f\u00fc her yerim m\u0131nc\u0131klanmaktan, patpatlanmaktan mosmor. Annem her sabah giydiriyor, gece olunca \u00e7\u0131kar\u0131p ba\u015fucuma koyuyor. G\u00fcn do\u011far do\u011fmaz tenime yedi ayr\u0131 insan, yedi farkl\u0131 renk yap\u0131\u015f\u0131yor, ak\u015fam olup yelekten soyununca da benden ba\u015fka kimsenin g\u00f6rmedi\u011fi bir ben, benden d\u0131\u015far\u0131 s\u0131z\u0131yor.\u201d <\/p>\n","protected":false},"excerpt":{"rendered":"<p>Eda \u0130\u015fler, \u00f6yk\u00fclerinde, yemek masalar\u0131nda ekmek k\u0131r\u0131nt\u0131lar\u0131 gibi biriken sessizliklerden, hi\u00e7bir renge b\u00fcr\u00fcnmeden gelip ge\u00e7en g\u00fcnlerden, mecburi mesailerde ufalanan saatlerden, kalabal\u0131klar\u0131n bir kenar\u0131nda derinden derine b\u00fcy\u00fcyen<span class=\"excerpt-hellip\"> [\u2026]<\/span><\/p>\n","protected":false},"featured_media":0,"template":"","meta":{"_monsterinsights_skip_tracking":false,"_monsterinsights_sitenote_active":false,"_monsterinsights_sitenote_note":"","_monsterinsights_sitenote_category":0},"product_brand":[],"product_cat":[12291,12711],"product_tag":[],"class_list":{"0":"post-734307","1":"product","2":"type-product","3":"status-publish","5":"product_cat-edebiyat","6":"product_cat-roman-oyku","7":"pa_cilt-ciltsiz","8":"pa_tur-kitap","9":"pa_yayinevi-everest-yayinlari","10":"pa_yazar-eda-isler","12":"first","13":"instock","14":"sale","15":"shipping-taxable","16":"purchasable","17":"product-type-simple"},"_links":{"self":[{"href":"https:\/\/roveyayinevi.com.tr\/index.php\/wp-json\/wp\/v2\/product\/734307","targetHints":{"allow":["GET"]}}],"collection":[{"href":"https:\/\/roveyayinevi.com.tr\/index.php\/wp-json\/wp\/v2\/product"}],"about":[{"href":"https:\/\/roveyayinevi.com.tr\/index.php\/wp-json\/wp\/v2\/types\/product"}],"wp:attachment":[{"href":"https:\/\/roveyayinevi.com.tr\/index.php\/wp-json\/wp\/v2\/media?parent=734307"}],"wp:term":[{"taxonomy":"product_brand","embeddable":true,"href":"https:\/\/roveyayinevi.com.tr\/index.php\/wp-json\/wp\/v2\/product_brand?post=734307"},{"taxonomy":"product_cat","embeddable":true,"href":"https:\/\/roveyayinevi.com.tr\/index.php\/wp-json\/wp\/v2\/product_cat?post=734307"},{"taxonomy":"product_tag","embeddable":true,"href":"https:\/\/roveyayinevi.com.tr\/index.php\/wp-json\/wp\/v2\/product_tag?post=734307"}],"curies":[{"name":"wp","href":"https:\/\/api.w.org\/{rel}","templated":true}]}}