{"id":734287,"date":"2025-08-27T22:25:25","date_gmt":"2025-08-27T19:25:25","guid":{"rendered":"https:\/\/roveyayinevi.com.tr\/index.php\/urun\/nedir-resim\/"},"modified":"2026-03-12T02:52:48","modified_gmt":"2026-03-11T23:52:48","slug":"nedir-resim","status":"publish","type":"product","link":"https:\/\/roveyayinevi.com.tr\/index.php\/urun\/nedir-resim\/","title":{"rendered":"Nedir Resim"},"content":{"rendered":"<p>Klasikle\u015fmi\u015f bu metinde James Elkins resim yapma deneyimini, sanat tarihinin geleneksel s\u00f6zc\u00fck da\u011farc\u0131\u011f\u0131n\u0131n \u00f6tesinde anlat\u0131yor. Bir ressam\u0131n at\u00f6lyesinde ger\u00e7ekten ne yapt\u0131\u011f\u0131n\u0131 ke\u015ffetmek konusunda simya garip bir dil sunar; kokular, karma\u015fa, kontrol edilemeyeni kontrol alt\u0131nda tutmak i\u00e7in verilen m\u00fccadele, boyalar\u0131n nas\u0131l kar\u0131\u015faca\u011f\u0131na ve nas\u0131l g\u00f6r\u00fcnece\u011fine dair sadece ressamlar\u0131n sahip oldu\u011fu \u00f6zel bilgi. Ressaml\u0131ktan sanat tarih\u00e7ili\u011fine ge\u00e7mi\u015f birinin bak\u0131\u015f a\u00e7\u0131s\u0131ndan yaz\u0131lan bu kitab\u0131n yirminci y\u0131ld\u00f6n\u00fcm\u00fc bask\u0131s\u0131, Elkins\u2019in resmetme deneyimi ve bunun g\u00fcn\u00fcm\u00fcz sanat \u00e7al\u0131\u015fmalar\u0131ndaki rol\u00fc \u00fczerine d\u00fc\u015f\u00fcncelerini detayland\u0131ran yeni bir giri\u015f ve \u00f6ns\u00f6z i\u00e7eriyor. <\/p>\n","protected":false},"excerpt":{"rendered":"<p>Klasikle\u015fmi\u015f bu metinde James Elkins resim yapma deneyimini, sanat tarihinin geleneksel s\u00f6zc\u00fck da\u011farc\u0131\u011f\u0131n\u0131n \u00f6tesinde anlat\u0131yor. Bir ressam\u0131n at\u00f6lyesinde ger\u00e7ekten ne yapt\u0131\u011f\u0131n\u0131 ke\u015ffetmek konusunda simya garip bir<span class=\"excerpt-hellip\"> [\u2026]<\/span><\/p>\n","protected":false},"featured_media":0,"template":"","meta":{"_monsterinsights_skip_tracking":false,"_monsterinsights_sitenote_active":false,"_monsterinsights_sitenote_note":"","_monsterinsights_sitenote_category":0},"product_brand":[],"product_cat":[15733,12408],"product_tag":[],"class_list":{"0":"post-734287","1":"product","2":"type-product","3":"status-publish","5":"product_cat-resim","6":"product_cat-sanat","7":"pa_cilt-ciltsiz","8":"pa_tur-kitap","9":"pa_yayinevi-hayalperest-yayinlari","10":"pa_yazar-james-elkins","12":"first","13":"instock","14":"sale","15":"shipping-taxable","16":"purchasable","17":"product-type-simple"},"_links":{"self":[{"href":"https:\/\/roveyayinevi.com.tr\/index.php\/wp-json\/wp\/v2\/product\/734287","targetHints":{"allow":["GET"]}}],"collection":[{"href":"https:\/\/roveyayinevi.com.tr\/index.php\/wp-json\/wp\/v2\/product"}],"about":[{"href":"https:\/\/roveyayinevi.com.tr\/index.php\/wp-json\/wp\/v2\/types\/product"}],"wp:attachment":[{"href":"https:\/\/roveyayinevi.com.tr\/index.php\/wp-json\/wp\/v2\/media?parent=734287"}],"wp:term":[{"taxonomy":"product_brand","embeddable":true,"href":"https:\/\/roveyayinevi.com.tr\/index.php\/wp-json\/wp\/v2\/product_brand?post=734287"},{"taxonomy":"product_cat","embeddable":true,"href":"https:\/\/roveyayinevi.com.tr\/index.php\/wp-json\/wp\/v2\/product_cat?post=734287"},{"taxonomy":"product_tag","embeddable":true,"href":"https:\/\/roveyayinevi.com.tr\/index.php\/wp-json\/wp\/v2\/product_tag?post=734287"}],"curies":[{"name":"wp","href":"https:\/\/api.w.org\/{rel}","templated":true}]}}