{"id":734274,"date":"2025-08-27T22:25:11","date_gmt":"2025-08-27T19:25:11","guid":{"rendered":"https:\/\/roveyayinevi.com.tr\/index.php\/urun\/kultur-politikasina-giris\/"},"modified":"2026-04-16T02:42:03","modified_gmt":"2026-04-15T23:42:03","slug":"kultur-politikasina-giris","status":"publish","type":"product","link":"https:\/\/roveyayinevi.com.tr\/index.php\/urun\/kultur-politikasina-giris\/","title":{"rendered":"K\u00fclt\u00fcr Politikas\u0131na Giri\u015f"},"content":{"rendered":"<p>K\u00fclt\u00fcr Politikas\u0131na Giri\u015f: Kavramlar, Modeller, Tart\u0131\u015fmalar\u2019da F\u00fcsun \u00dcstel, \u00f6ncelikle k\u00fclt\u00fcr politikas\u0131n\u0131n bir kamu m\u00fcdahalesi olarak tarihsel s\u00fcre\u00e7 i\u00e7inde ortaya \u00e7\u0131k\u0131\u015f\u0131n\u0131, geli\u015fimini, kapsam\u0131n\u0131, belli ba\u015fl\u0131 politika modellerini ve alandaki g\u00fcncel tart\u0131\u015fmalar\u0131 ele al\u0131yor. Ard\u0131ndan \u00e7a\u011f\u0131m\u0131z\u0131n \u00f6nemli meselelerinden biri olan k\u00fclt\u00fcr hakk\u0131 ve k\u00fclt\u00fcrel haklar\u0131n, \u00fclkelerin i\u00e7 hukukunda ve uluslararas\u0131 insan haklar\u0131 hukukundaki yerini tart\u0131\u015f\u0131yor. \u00dcstel, alandaki modellerin ideal-tipik \u00f6rnekleri kabul edilen Fransa, Birle\u015fik Krall\u0131k ve Almanya\u2019da benimsenen k\u00fclt\u00fcr politikalar\u0131n\u0131 ayr\u0131nt\u0131l\u0131 ve \u00e7ok y\u00f6nl\u00fc bir bi\u00e7imde ele ald\u0131\u011f\u0131 di\u011fer b\u00f6l\u00fcmlerde, bu \u00f6rnekleri destekleyen kuramsal bak\u0131\u015f a\u00e7\u0131s\u0131yla, Avrupa d\u0131\u015f\u0131 co\u011frafyalarda hayata ge\u00e7irilen k\u00fclt\u00fcr politikalar\u0131n\u0131 yorumlamak i\u00e7in de bir genel \u00e7er\u00e7eve \u00e7iziyor. Son olarak Avrupa Birli\u011fi\u2019nde s\u00fcrd\u00fcr\u00fclen, ancak kapsay\u0131c\u0131 ve sistemli bir politikaya d\u00f6n\u00fc\u015femeyen \u00e7abalar\u0131 ve her birinin sorunlar\u0131n\u0131 de\u011ferlendiriyor. Alanda \u00f6nemli bir bo\u015flu\u011fu dolduracak olan bu kitap, sadece k\u00fclt\u00fcr politikas\u0131 \u00f6\u011frenmek isteyen lisans ve lisans\u00fcst\u00fc \u00f6\u011frencileri i\u00e7in de\u011fil, devlet-toplum ili\u015fkilerini k\u00fclt\u00fcr \u0131\u015f\u0131\u011f\u0131nda incelemek isteyen t\u00fcm sosyal bilimciler i\u00e7in de de\u011ferli bir kaynak\u2026<\/p>\n","protected":false},"excerpt":{"rendered":"<p>K\u00fclt\u00fcr Politikas\u0131na Giri\u015f: Kavramlar, Modeller, Tart\u0131\u015fmalar\u2019da F\u00fcsun \u00dcstel, \u00f6ncelikle k\u00fclt\u00fcr politikas\u0131n\u0131n bir kamu m\u00fcdahalesi olarak tarihsel s\u00fcre\u00e7 i\u00e7inde ortaya \u00e7\u0131k\u0131\u015f\u0131n\u0131, geli\u015fimini, kapsam\u0131n\u0131, belli ba\u015fl\u0131 politika modellerini<span class=\"excerpt-hellip\"> [\u2026]<\/span><\/p>\n","protected":false},"featured_media":0,"template":"","meta":{"_monsterinsights_skip_tracking":false,"_monsterinsights_sitenote_active":false,"_monsterinsights_sitenote_note":"","_monsterinsights_sitenote_category":0},"product_brand":[],"product_cat":[13590,12337],"product_tag":[],"class_list":{"0":"post-734274","1":"product","2":"type-product","3":"status-publish","5":"product_cat-arastirma-inceleme-politika-siyaset","6":"product_cat-politika-siyaset","7":"pa_cilt-ciltsiz","8":"pa_tur-kitap","9":"pa_yayinevi-iletisim-yayinlari","10":"pa_yazar-fusun-ustel","12":"first","13":"instock","14":"sale","15":"shipping-taxable","16":"purchasable","17":"product-type-simple"},"_links":{"self":[{"href":"https:\/\/roveyayinevi.com.tr\/index.php\/wp-json\/wp\/v2\/product\/734274","targetHints":{"allow":["GET"]}}],"collection":[{"href":"https:\/\/roveyayinevi.com.tr\/index.php\/wp-json\/wp\/v2\/product"}],"about":[{"href":"https:\/\/roveyayinevi.com.tr\/index.php\/wp-json\/wp\/v2\/types\/product"}],"wp:attachment":[{"href":"https:\/\/roveyayinevi.com.tr\/index.php\/wp-json\/wp\/v2\/media?parent=734274"}],"wp:term":[{"taxonomy":"product_brand","embeddable":true,"href":"https:\/\/roveyayinevi.com.tr\/index.php\/wp-json\/wp\/v2\/product_brand?post=734274"},{"taxonomy":"product_cat","embeddable":true,"href":"https:\/\/roveyayinevi.com.tr\/index.php\/wp-json\/wp\/v2\/product_cat?post=734274"},{"taxonomy":"product_tag","embeddable":true,"href":"https:\/\/roveyayinevi.com.tr\/index.php\/wp-json\/wp\/v2\/product_tag?post=734274"}],"curies":[{"name":"wp","href":"https:\/\/api.w.org\/{rel}","templated":true}]}}