{"id":734271,"date":"2025-08-27T22:25:08","date_gmt":"2025-08-27T19:25:08","guid":{"rendered":"https:\/\/roveyayinevi.com.tr\/index.php\/urun\/turkiyeyi-gezen-mavi-balonlu-oykuler\/"},"modified":"2026-04-16T02:42:03","modified_gmt":"2026-04-15T23:42:03","slug":"turkiyeyi-gezen-mavi-balonlu-oykuler","status":"publish","type":"product","link":"https:\/\/roveyayinevi.com.tr\/index.php\/urun\/turkiyeyi-gezen-mavi-balonlu-oykuler\/","title":{"rendered":"T\u00fcrkiye&#8217;yi Gezen Mavi Balonlu \u00d6yk\u00fcler"},"content":{"rendered":"<p>Mavi bir u\u00e7an balon Ege B\u00f6lgesi\u2019nden havalan\u0131yor, ba\u015fl\u0131yor gu\u0308zel u\u0308lkemizde gezmeye. Kaz Da\u011f\u0131\u2019n\u0131n zeytinliklerinde, G\u00f6beklitepe\u2019de, Ihlara Vadisi\u2019nde\u2026G\u00f6kyu\u0308zu\u0308nde su\u0308zu\u0308len ipine de Tu\u0308rkiye\u2019nin yedi b\u00f6lgesinden yedi \u00e7ocu\u011fun \u00f6yku\u0308su\u0308 tak\u0131l\u0131yor\u2026T\u00fcrkiye\u2019nin pek \u00e7ok \u015fehrinde \u00e7ocuklarla bulu\u015fmu\u015f olan usta yazar Mavisel Yener okurlar\u0131n\u0131 ilgin\u00e7 bir yolculu\u011fa davet ediyor. Kitaptaki yedi \u00f6yku\u0308yle hem Tu\u0308rkiye\u2019nin farkl\u0131 yerlerinde ya\u015fayan \u00e7ocuklarla tan\u0131\u015fabilir hem de o b\u00f6lgelere \u00f6zgu\u0308 neler varm\u0131\u015f ke\u015ffedebilirsiniz.Yedi b\u00f6lgenin k\u00fclt\u00fcr\u00fcn\u00fc, co\u011frafi g\u00fczelliklerini, tarihi zenginli\u011fini yans\u0131tan ve Bige Do\u011fu\u2019nun resimleriyle renklenen \u00f6yku\u0308lerin sonunda, hik\u00e2yenin ge\u00e7ti\u011fi b\u00f6lgenin haritas\u0131 yer al\u0131yor. Kitab\u0131n sonunda ise haritalar birle\u015fiyor ve merakl\u0131 okurlar\u0131n, detaylar\u0131n\u0131 keyifle inceleyece\u011fi bir T\u00fcrkiye haritas\u0131na d\u00f6n\u00fc\u015f\u00fcyor.Kitab\u0131n arka kapa\u011f\u0131ndaki karekodu telefon ya da tablete okutarak ula\u015f\u0131labilecek olan etkinlik kitap\u00e7\u0131\u011f\u0131 da, okuduklar\u0131n\u0131 peki\u015ftirmek isteyen okurlar\u0131 bekliyor.S\u0131n\u0131f Seviyesi: 2. ve 3. S\u0131n\u0131f<\/p>\n","protected":false},"excerpt":{"rendered":"<p>Mavi bir u\u00e7an balon Ege B\u00f6lgesi\u2019nden havalan\u0131yor, ba\u015fl\u0131yor gu\u0308zel u\u0308lkemizde gezmeye. Kaz Da\u011f\u0131\u2019n\u0131n zeytinliklerinde, G\u00f6beklitepe\u2019de, Ihlara Vadisi\u2019nde\u2026G\u00f6kyu\u0308zu\u0308nde su\u0308zu\u0308len ipine de Tu\u0308rkiye\u2019nin yedi b\u00f6lgesinden yedi \u00e7ocu\u011fun \u00f6yku\u0308su\u0308<span class=\"excerpt-hellip\"> [\u2026]<\/span><\/p>\n","protected":false},"featured_media":0,"template":"","meta":{"_monsterinsights_skip_tracking":false,"_monsterinsights_sitenote_active":false,"_monsterinsights_sitenote_note":"","_monsterinsights_sitenote_category":0},"product_brand":[],"product_cat":[12275,12274],"product_tag":[],"class_list":{"0":"post-734271","1":"product","2":"type-product","3":"status-publish","5":"product_cat-6-12-yas-kitaplari","6":"product_cat-cocuk-ve-genclik-kitaplari","7":"pa_cilt-ciltsiz","8":"pa_tur-kitap","9":"pa_yayinevi-redhouse-kidz-yayinlari","10":"pa_yazar-mavisel-yener","12":"first","13":"instock","14":"sale","15":"shipping-taxable","16":"purchasable","17":"product-type-simple"},"_links":{"self":[{"href":"https:\/\/roveyayinevi.com.tr\/index.php\/wp-json\/wp\/v2\/product\/734271","targetHints":{"allow":["GET"]}}],"collection":[{"href":"https:\/\/roveyayinevi.com.tr\/index.php\/wp-json\/wp\/v2\/product"}],"about":[{"href":"https:\/\/roveyayinevi.com.tr\/index.php\/wp-json\/wp\/v2\/types\/product"}],"wp:attachment":[{"href":"https:\/\/roveyayinevi.com.tr\/index.php\/wp-json\/wp\/v2\/media?parent=734271"}],"wp:term":[{"taxonomy":"product_brand","embeddable":true,"href":"https:\/\/roveyayinevi.com.tr\/index.php\/wp-json\/wp\/v2\/product_brand?post=734271"},{"taxonomy":"product_cat","embeddable":true,"href":"https:\/\/roveyayinevi.com.tr\/index.php\/wp-json\/wp\/v2\/product_cat?post=734271"},{"taxonomy":"product_tag","embeddable":true,"href":"https:\/\/roveyayinevi.com.tr\/index.php\/wp-json\/wp\/v2\/product_tag?post=734271"}],"curies":[{"name":"wp","href":"https:\/\/api.w.org\/{rel}","templated":true}]}}