{"id":734268,"date":"2025-08-27T22:25:05","date_gmt":"2025-08-27T19:25:05","guid":{"rendered":"https:\/\/roveyayinevi.com.tr\/index.php\/urun\/ayrinti-dergisi-38-sayi-guz-2021\/"},"modified":"2026-04-16T02:42:03","modified_gmt":"2026-04-15T23:42:03","slug":"ayrinti-dergisi-38-sayi-guz-2021","status":"publish","type":"product","link":"https:\/\/roveyayinevi.com.tr\/index.php\/urun\/ayrinti-dergisi-38-sayi-guz-2021\/","title":{"rendered":"Ayr\u0131nt\u0131 Dergisi 38. Say\u0131 &#8211; G\u00fcz 2021"},"content":{"rendered":"<p>Salg\u0131n, sava\u015f, depremler, orman yang\u0131nlar\u0131, su bask\u0131nlar\u0131\u2026 Felaket \u00fcst\u00fcne felaket ya\u015f\u0131yoruz. Her felaket beraberinde b\u00fcy\u00fck kay\u0131plar, b\u00fcy\u00fck bir y\u0131k\u0131m yarat\u0131yor. Kar\u015f\u0131 kar\u015f\u0131ya geldi\u011fimiz her durumda oldu\u011fu gibi, felaketler s\u00f6z konusu oldu\u011funda da \u00fclkemizde toplumun refleksi ile devletin refleksi birbiriyle ayr\u0131\u015f\u0131yor. Felaketin t\u00fcr\u00fc ve boyutu ne olursa olsun, toplumun geni\u015f kesimleri b\u00fcy\u00fck bir at\u0131lganl\u0131kla felaketin toplumsal sonu\u00e7lar\u0131n\u0131 hafifletecek, felaketten zarar g\u00f6ren kesimlerle dayan\u0131\u015fma geli\u015ftirecek bir duyarl\u0131l\u0131k ve seferberlik i\u00e7erisine giriyor. Devlet ise risk y\u00f6netimi konusunda t\u00fcm\u00fcyle haz\u0131rl\u0131ks\u0131z oldu\u011fu gibi, olanaklar\u0131n\u0131 do\u011fru bi\u00e7imde seferber edebilme konusunda da b\u00fcy\u00fck bir zafiyet ya\u015f\u0131yor. Felaketin sonu\u00e7lar\u0131n\u0131 daha da a\u011f\u0131rla\u015ft\u0131ran bu zaaf\u0131 bast\u0131rabilmek i\u00e7inse kalabal\u0131k olay yeri ziyaretleri, abart\u0131l\u0131 halkla ili\u015fkiler \u015fovlar\u0131 ve kenarda bekliyormu\u015f\u00e7as\u0131na h\u0131zla ortaya \u00e7\u0131kart\u0131lan TOK\u0130 projeleri y\u00fcr\u00fcrl\u00fc\u011fe sokuluyor. Bu durum \u00f6yle bir kampanyaya ve ekonomik \u00e7evrime d\u00f6n\u00fc\u015ft\u00fcr\u00fcl\u00fcyor ki, felaketler siyasi iktidar a\u00e7\u0131s\u0131ndan arzu edilen, \u00e7a\u011fr\u0131lan olaylar haline d\u00f6n\u00fc\u015f\u00fcyor. Ayr\u0131nt\u0131 Dergi\u2019nin bu say\u0131s\u0131nda, s\u0131kl\u0131\u011f\u0131 ve tahribat\u0131 giderek artan felaketler ve kapitalizmin bu felaketleri kendisi a\u00e7\u0131s\u0131ndan nas\u0131l \u201ckullan\u0131\u015fl\u0131\u201d haline getirdi\u011fi \u00fczerine tart\u0131\u015fma y\u00fcr\u00fct\u00fcyoruz<\/p>\n","protected":false},"excerpt":{"rendered":"<p>Salg\u0131n, sava\u015f, depremler, orman yang\u0131nlar\u0131, su bask\u0131nlar\u0131\u2026 Felaket \u00fcst\u00fcne felaket ya\u015f\u0131yoruz. Her felaket beraberinde b\u00fcy\u00fck kay\u0131plar, b\u00fcy\u00fck bir y\u0131k\u0131m yarat\u0131yor. Kar\u015f\u0131 kar\u015f\u0131ya geldi\u011fimiz her durumda oldu\u011fu<span class=\"excerpt-hellip\"> [\u2026]<\/span><\/p>\n","protected":false},"featured_media":0,"template":"","meta":{"_monsterinsights_skip_tracking":false,"_monsterinsights_sitenote_active":false,"_monsterinsights_sitenote_note":"","_monsterinsights_sitenote_category":0},"product_brand":[],"product_cat":[13527],"product_tag":[],"class_list":{"0":"post-734268","1":"product","2":"type-product","3":"status-publish","5":"product_cat-sureli-yayinlar","6":"pa_cilt-ciltsiz","7":"pa_tur-dergi","8":"pa_yayinevi-ayrinti-yayinlari","9":"pa_yazar-ayrinti-yayinlari-kolektif","11":"first","12":"instock","13":"sale","14":"shipping-taxable","15":"purchasable","16":"product-type-simple"},"_links":{"self":[{"href":"https:\/\/roveyayinevi.com.tr\/index.php\/wp-json\/wp\/v2\/product\/734268","targetHints":{"allow":["GET"]}}],"collection":[{"href":"https:\/\/roveyayinevi.com.tr\/index.php\/wp-json\/wp\/v2\/product"}],"about":[{"href":"https:\/\/roveyayinevi.com.tr\/index.php\/wp-json\/wp\/v2\/types\/product"}],"wp:attachment":[{"href":"https:\/\/roveyayinevi.com.tr\/index.php\/wp-json\/wp\/v2\/media?parent=734268"}],"wp:term":[{"taxonomy":"product_brand","embeddable":true,"href":"https:\/\/roveyayinevi.com.tr\/index.php\/wp-json\/wp\/v2\/product_brand?post=734268"},{"taxonomy":"product_cat","embeddable":true,"href":"https:\/\/roveyayinevi.com.tr\/index.php\/wp-json\/wp\/v2\/product_cat?post=734268"},{"taxonomy":"product_tag","embeddable":true,"href":"https:\/\/roveyayinevi.com.tr\/index.php\/wp-json\/wp\/v2\/product_tag?post=734268"}],"curies":[{"name":"wp","href":"https:\/\/api.w.org\/{rel}","templated":true}]}}