{"id":734242,"date":"2025-08-27T22:24:37","date_gmt":"2025-08-27T19:24:37","guid":{"rendered":"https:\/\/roveyayinevi.com.tr\/index.php\/urun\/hos-geldin-gonlume\/"},"modified":"2026-04-16T02:42:02","modified_gmt":"2026-04-15T23:42:02","slug":"hos-geldin-gonlume","status":"publish","type":"product","link":"https:\/\/roveyayinevi.com.tr\/index.php\/urun\/hos-geldin-gonlume\/","title":{"rendered":"Ho\u015f Geldin G\u00f6nl\u00fcme"},"content":{"rendered":"<p>Merhaba sevgili \u015fiirsever dostlar, yahut duyguya, hissiyata, sevgiye, a\u015fka, \u00f6zleme, ayr\u0131l\u0131\u011fa, her hisse derin bir y\u00fcrekle bakan dostlar. Ben Ahu Kazan, \u00f6yle bak\u0131yorum t\u00fcm ya\u015fan\u0131lanlara&#8230;   G\u00f6ren siz, g\u00f6r\u00fclmeyenin i\u00e7inde ben&#8230; Ruhumun ayr\u0131 bir odas\u0131 var sanki kendine ait. \u015eiir benim o odaya girip, kendimle konu\u015ftu\u011fum yer gibi. Ya\u015fan\u0131lan ya da ya\u015fan\u0131lmayan fark etmez. \u015eiir bende bir a\u011fac\u0131n yapra\u011f\u0131nda a\u015fk\u0131 hat\u0131rlatan ya da bir toprakta memleketi&#8230; G\u00f6zlemledi\u011fim, hissetti\u011fim, duyguland\u0131\u011f\u0131m her \u015fey-den y\u00fcre\u011fim muhakkak bir c\u00fcmle kurar. Sonra kalemim konu\u015fmaya ba\u015flar. Bazen bu derinlik ruhumu yorar bazen co\u015fku ile u\u00e7ar&#8230; Dedi\u011fim gibi kendine has, do\u011fal, ans\u0131z\u0131n sadece kalemim yazar.   Ve bu benim ilk kitab\u0131m, heyecan\u0131m\u0131n ve hislerimin bulu\u015ftu\u011fu an. Ben hayatta en \u00e7ok duyguya \u00f6nem vermeye \u00e7al\u0131\u015f\u0131yorum. Oldu\u011fu gibi kabul ediyorum gelece\u011fi&#8230; Hissederek ya\u015fan\u0131lan her \u015feyin g\u00fczelli\u011fe kavu\u015ftu\u011funu d\u00fc\u015f\u00fcn\u00fcyorum. Heyecan\u0131 olan her eme\u011fin k\u0131ymetli oldu\u011funu bilerek ilerliyorum. \u015eu an bu sat\u0131rlar\u0131 yazarken bile heyecan\u0131m tarifsiz&#8230; Kitab\u0131m na\u00e7izane y\u00fcrek dilim&#8230; L\u00fctfen sevgiyle kabul edin.<\/p>\n","protected":false},"excerpt":{"rendered":"<p>Merhaba sevgili \u015fiirsever dostlar, yahut duyguya, hissiyata, sevgiye, a\u015fka, \u00f6zleme, ayr\u0131l\u0131\u011fa, her hisse derin bir y\u00fcrekle bakan dostlar. Ben Ahu Kazan, \u00f6yle bak\u0131yorum t\u00fcm ya\u015fan\u0131lanlara&#8230; G\u00f6ren<span class=\"excerpt-hellip\"> [\u2026]<\/span><\/p>\n","protected":false},"featured_media":0,"template":"","meta":{"_monsterinsights_skip_tracking":false,"_monsterinsights_sitenote_active":false,"_monsterinsights_sitenote_note":"","_monsterinsights_sitenote_category":0},"product_brand":[],"product_cat":[12291,12509],"product_tag":[],"class_list":{"0":"post-734242","1":"product","2":"type-product","3":"status-publish","5":"product_cat-edebiyat","6":"product_cat-siir","7":"pa_cilt-ciltsiz","8":"pa_tur-kitap","9":"pa_yayinevi-gulnar-yayinlari","10":"pa_yazar-ahu-kazan","12":"first","13":"instock","14":"sale","15":"shipping-taxable","16":"purchasable","17":"product-type-simple"},"_links":{"self":[{"href":"https:\/\/roveyayinevi.com.tr\/index.php\/wp-json\/wp\/v2\/product\/734242","targetHints":{"allow":["GET"]}}],"collection":[{"href":"https:\/\/roveyayinevi.com.tr\/index.php\/wp-json\/wp\/v2\/product"}],"about":[{"href":"https:\/\/roveyayinevi.com.tr\/index.php\/wp-json\/wp\/v2\/types\/product"}],"wp:attachment":[{"href":"https:\/\/roveyayinevi.com.tr\/index.php\/wp-json\/wp\/v2\/media?parent=734242"}],"wp:term":[{"taxonomy":"product_brand","embeddable":true,"href":"https:\/\/roveyayinevi.com.tr\/index.php\/wp-json\/wp\/v2\/product_brand?post=734242"},{"taxonomy":"product_cat","embeddable":true,"href":"https:\/\/roveyayinevi.com.tr\/index.php\/wp-json\/wp\/v2\/product_cat?post=734242"},{"taxonomy":"product_tag","embeddable":true,"href":"https:\/\/roveyayinevi.com.tr\/index.php\/wp-json\/wp\/v2\/product_tag?post=734242"}],"curies":[{"name":"wp","href":"https:\/\/api.w.org\/{rel}","templated":true}]}}