{"id":734240,"date":"2025-08-27T22:24:35","date_gmt":"2025-08-27T19:24:35","guid":{"rendered":"https:\/\/roveyayinevi.com.tr\/index.php\/urun\/okuma-yazmaya-hazirlik-alistirmalari\/"},"modified":"2026-04-16T02:42:02","modified_gmt":"2026-04-15T23:42:02","slug":"okuma-yazmaya-hazirlik-alistirmalari","status":"publish","type":"product","link":"https:\/\/roveyayinevi.com.tr\/index.php\/urun\/okuma-yazmaya-hazirlik-alistirmalari\/","title":{"rendered":"Okuma Yazmaya Haz\u0131rl\u0131k Al\u0131\u015ft\u0131rmalar\u0131"},"content":{"rendered":"<p>Okul \u00f6ncesi e\u011fitim art\u0131k g\u00fcn\u00fcm\u00fcz\u00fcn olmazsa olmazlar\u0131ndan. Kaliteli bir okul \u00f6ncesi e\u011fitimi alan \u00e7ocuklar\u0131n da ilkokulun ilk y\u0131llar\u0131nda daha ba\u015far\u0131l\u0131 olduklar\u0131 da ortada. Biz de \u00e7ocuklar\u0131m\u0131z\u0131n ba\u015far\u0131lar\u0131na katk\u0131da bulunmak i\u00e7in \u201cOkuma Yazmaya Haz\u0131rl\u0131k Etkinlikleri\u201d kitab\u0131n\u0131 sizlere sunuyoruz. Kitap ve kalemle yeni tan\u0131\u015fan yavrular\u0131m\u0131z, kitapta bulacaklar\u0131 \u00e7izgi, boyama, tamamlama, harf ve e\u015fle\u015ftirme \u00e7al\u0131\u015fmalar\u0131n\u0131 e\u011flenerek yapacak ve gelece\u011fe daha iyi haz\u0131rlanacaklar. <\/p>\n","protected":false},"excerpt":{"rendered":"<p>Okul \u00f6ncesi e\u011fitim art\u0131k g\u00fcn\u00fcm\u00fcz\u00fcn olmazsa olmazlar\u0131ndan. Kaliteli bir okul \u00f6ncesi e\u011fitimi alan \u00e7ocuklar\u0131n da ilkokulun ilk y\u0131llar\u0131nda daha ba\u015far\u0131l\u0131 olduklar\u0131 da ortada. Biz de \u00e7ocuklar\u0131m\u0131z\u0131n<span class=\"excerpt-hellip\"> [\u2026]<\/span><\/p>\n","protected":false},"featured_media":0,"template":"","meta":{"_monsterinsights_skip_tracking":false,"_monsterinsights_sitenote_active":false,"_monsterinsights_sitenote_note":"","_monsterinsights_sitenote_category":0},"product_brand":[],"product_cat":[12274,15842],"product_tag":[],"class_list":{"0":"post-734240","1":"product","2":"type-product","3":"status-publish","5":"product_cat-cocuk-ve-genclik-kitaplari","6":"product_cat-egitici-kitaplar","7":"pa_cilt-ciltsiz","8":"pa_tur-kitap","9":"pa_yayinevi-bicirik-yayinlari","10":"pa_yazar-tuba-ozturk","12":"first","13":"instock","14":"sale","15":"shipping-taxable","16":"purchasable","17":"product-type-simple"},"_links":{"self":[{"href":"https:\/\/roveyayinevi.com.tr\/index.php\/wp-json\/wp\/v2\/product\/734240","targetHints":{"allow":["GET"]}}],"collection":[{"href":"https:\/\/roveyayinevi.com.tr\/index.php\/wp-json\/wp\/v2\/product"}],"about":[{"href":"https:\/\/roveyayinevi.com.tr\/index.php\/wp-json\/wp\/v2\/types\/product"}],"wp:attachment":[{"href":"https:\/\/roveyayinevi.com.tr\/index.php\/wp-json\/wp\/v2\/media?parent=734240"}],"wp:term":[{"taxonomy":"product_brand","embeddable":true,"href":"https:\/\/roveyayinevi.com.tr\/index.php\/wp-json\/wp\/v2\/product_brand?post=734240"},{"taxonomy":"product_cat","embeddable":true,"href":"https:\/\/roveyayinevi.com.tr\/index.php\/wp-json\/wp\/v2\/product_cat?post=734240"},{"taxonomy":"product_tag","embeddable":true,"href":"https:\/\/roveyayinevi.com.tr\/index.php\/wp-json\/wp\/v2\/product_tag?post=734240"}],"curies":[{"name":"wp","href":"https:\/\/api.w.org\/{rel}","templated":true}]}}