{"id":734239,"date":"2025-08-27T22:24:34","date_gmt":"2025-08-27T19:24:34","guid":{"rendered":"https:\/\/roveyayinevi.com.tr\/index.php\/urun\/geometri-ve-oruntu-alistirmalari\/"},"modified":"2026-04-16T02:42:02","modified_gmt":"2026-04-15T23:42:02","slug":"geometri-ve-oruntu-alistirmalari","status":"publish","type":"product","link":"https:\/\/roveyayinevi.com.tr\/index.php\/urun\/geometri-ve-oruntu-alistirmalari\/","title":{"rendered":"Geometri ve \u00d6r\u00fcnt\u00fc Al\u0131\u015ft\u0131rmalar\u0131"},"content":{"rendered":"<p>Okul \u00f6ncesi d\u00f6nemi \u00e7ocuklar\u0131 ya\u015f olarak kendilerine ne verilirse onu \u00e7abucak \u00f6\u011frenmeye haz\u0131rd\u0131r. Tekrarlar ve okul d\u0131\u015f\u0131nda yap\u0131lan \u00e7al\u0131\u015fmalarla bu d\u00f6nem \u00e7ok verimli h\u00e2le getirilebilir. Merak ve ilgi i\u00e7indeki \u00e7ocuklar\u0131m\u0131z\u0131n bu d\u00f6nemlerinde yap\u0131lacak etkinliklerle matematik dersi de e\u011flenceli h\u00e2le gelecek. \u00c7ocuklar\u0131m\u0131z \u201cGeometri ve \u00d6r\u00fcnt\u00fc Al\u0131\u015ft\u0131rmalar\u0131\u201d kitab\u0131ndaki reng\u00e2renk ve resimlerle dolu sayfalar hi\u00e7 bitmesin isteyecekler. <\/p>\n","protected":false},"excerpt":{"rendered":"<p>Okul \u00f6ncesi d\u00f6nemi \u00e7ocuklar\u0131 ya\u015f olarak kendilerine ne verilirse onu \u00e7abucak \u00f6\u011frenmeye haz\u0131rd\u0131r. Tekrarlar ve okul d\u0131\u015f\u0131nda yap\u0131lan \u00e7al\u0131\u015fmalarla bu d\u00f6nem \u00e7ok verimli h\u00e2le getirilebilir. Merak<span class=\"excerpt-hellip\"> [\u2026]<\/span><\/p>\n","protected":false},"featured_media":0,"template":"","meta":{"_monsterinsights_skip_tracking":false,"_monsterinsights_sitenote_active":false,"_monsterinsights_sitenote_note":"","_monsterinsights_sitenote_category":0},"product_brand":[],"product_cat":[12274,12518],"product_tag":[],"class_list":{"0":"post-734239","1":"product","2":"type-product","3":"status-publish","5":"product_cat-cocuk-ve-genclik-kitaplari","6":"product_cat-okul-oncesi-kitaplar","7":"pa_cilt-ciltsiz","8":"pa_tur-kitap","9":"pa_yayinevi-bicirik-yayinlari","10":"pa_yazar-tuba-ozturk","12":"first","13":"instock","14":"sale","15":"shipping-taxable","16":"purchasable","17":"product-type-simple"},"_links":{"self":[{"href":"https:\/\/roveyayinevi.com.tr\/index.php\/wp-json\/wp\/v2\/product\/734239","targetHints":{"allow":["GET"]}}],"collection":[{"href":"https:\/\/roveyayinevi.com.tr\/index.php\/wp-json\/wp\/v2\/product"}],"about":[{"href":"https:\/\/roveyayinevi.com.tr\/index.php\/wp-json\/wp\/v2\/types\/product"}],"wp:attachment":[{"href":"https:\/\/roveyayinevi.com.tr\/index.php\/wp-json\/wp\/v2\/media?parent=734239"}],"wp:term":[{"taxonomy":"product_brand","embeddable":true,"href":"https:\/\/roveyayinevi.com.tr\/index.php\/wp-json\/wp\/v2\/product_brand?post=734239"},{"taxonomy":"product_cat","embeddable":true,"href":"https:\/\/roveyayinevi.com.tr\/index.php\/wp-json\/wp\/v2\/product_cat?post=734239"},{"taxonomy":"product_tag","embeddable":true,"href":"https:\/\/roveyayinevi.com.tr\/index.php\/wp-json\/wp\/v2\/product_tag?post=734239"}],"curies":[{"name":"wp","href":"https:\/\/api.w.org\/{rel}","templated":true}]}}