{"id":734236,"date":"2025-08-27T22:24:30","date_gmt":"2025-08-27T19:24:30","guid":{"rendered":"https:\/\/roveyayinevi.com.tr\/index.php\/urun\/harfleri-tanima-yazi-yazma-alistirmalari\/"},"modified":"2026-04-16T02:42:02","modified_gmt":"2026-04-15T23:42:02","slug":"harfleri-tanima-yazi-yazma-alistirmalari","status":"publish","type":"product","link":"https:\/\/roveyayinevi.com.tr\/index.php\/urun\/harfleri-tanima-yazi-yazma-alistirmalari\/","title":{"rendered":"Harfleri Tan\u0131ma Yaz\u0131 Yazma Al\u0131\u015ft\u0131rmalar\u0131"},"content":{"rendered":"<p>Okul \u00f6ncesi e\u011fitimi alan \u00e7ocuklar\u0131n almayanlara oranla ilk\u00f6\u011fretimin ilk y\u0131llar\u0131nda sosyal, duygusal, bili\u015f\u015fel, dil geli\u015fimi ve \u00f6zbak\u0131m becerileri bak\u0131m\u0131ndan daha ba\u015far\u0131l\u0131 oldu\u011fu bilinen bir ger\u00e7ektir. O y\u00fczden bu d\u00f6nemin verimli \u015fekilde ge\u00e7irilmesi \u00e7ok \u00f6nemlidir. \u201cHarfleri Tan\u0131ma Yaz\u0131 Yazma Al\u0131\u015ft\u0131rmalar\u0131\u201d kitab\u0131 ile \u00e7ocuklar\u0131m\u0131z harika bir kaynakla tan\u0131\u015facak. Kalem kullanma becerileri artt\u0131k\u00e7a ve harfleri d\u00fczg\u00fcn yazmaya ba\u015flad\u0131k\u00e7a mutluluklar\u0131 artacak. Renkli ve resimli bu al\u0131\u015ft\u0131rmalar\u0131 \u00e7ocuklar\u0131m\u0131z \u00e7ok sevecek. <\/p>\n","protected":false},"excerpt":{"rendered":"<p>Okul \u00f6ncesi e\u011fitimi alan \u00e7ocuklar\u0131n almayanlara oranla ilk\u00f6\u011fretimin ilk y\u0131llar\u0131nda sosyal, duygusal, bili\u015f\u015fel, dil geli\u015fimi ve \u00f6zbak\u0131m becerileri bak\u0131m\u0131ndan daha ba\u015far\u0131l\u0131 oldu\u011fu bilinen bir ger\u00e7ektir. O<span class=\"excerpt-hellip\"> [\u2026]<\/span><\/p>\n","protected":false},"featured_media":0,"template":"","meta":{"_monsterinsights_skip_tracking":false,"_monsterinsights_sitenote_active":false,"_monsterinsights_sitenote_note":"","_monsterinsights_sitenote_category":0},"product_brand":[],"product_cat":[12274,12518],"product_tag":[],"class_list":{"0":"post-734236","1":"product","2":"type-product","3":"status-publish","5":"product_cat-cocuk-ve-genclik-kitaplari","6":"product_cat-okul-oncesi-kitaplar","7":"pa_cilt-ciltsiz","8":"pa_tur-kitap","9":"pa_yayinevi-bicirik-yayinlari","10":"pa_yazar-tuba-ozturk","12":"first","13":"instock","14":"sale","15":"shipping-taxable","16":"purchasable","17":"product-type-simple"},"_links":{"self":[{"href":"https:\/\/roveyayinevi.com.tr\/index.php\/wp-json\/wp\/v2\/product\/734236","targetHints":{"allow":["GET"]}}],"collection":[{"href":"https:\/\/roveyayinevi.com.tr\/index.php\/wp-json\/wp\/v2\/product"}],"about":[{"href":"https:\/\/roveyayinevi.com.tr\/index.php\/wp-json\/wp\/v2\/types\/product"}],"wp:attachment":[{"href":"https:\/\/roveyayinevi.com.tr\/index.php\/wp-json\/wp\/v2\/media?parent=734236"}],"wp:term":[{"taxonomy":"product_brand","embeddable":true,"href":"https:\/\/roveyayinevi.com.tr\/index.php\/wp-json\/wp\/v2\/product_brand?post=734236"},{"taxonomy":"product_cat","embeddable":true,"href":"https:\/\/roveyayinevi.com.tr\/index.php\/wp-json\/wp\/v2\/product_cat?post=734236"},{"taxonomy":"product_tag","embeddable":true,"href":"https:\/\/roveyayinevi.com.tr\/index.php\/wp-json\/wp\/v2\/product_tag?post=734236"}],"curies":[{"name":"wp","href":"https:\/\/api.w.org\/{rel}","templated":true}]}}