{"id":734235,"date":"2025-08-27T22:24:29","date_gmt":"2025-08-27T19:24:29","guid":{"rendered":"https:\/\/roveyayinevi.com.tr\/index.php\/urun\/oyunlarla-okuma-yazma-alistirmalari\/"},"modified":"2026-04-16T02:42:02","modified_gmt":"2026-04-15T23:42:02","slug":"oyunlarla-okuma-yazma-alistirmalari","status":"publish","type":"product","link":"https:\/\/roveyayinevi.com.tr\/index.php\/urun\/oyunlarla-okuma-yazma-alistirmalari\/","title":{"rendered":"Oyunlarla Okuma Yazma Al\u0131\u015ft\u0131rmalar\u0131"},"content":{"rendered":"<p>Okul ile yeni tan\u0131\u015fan yavrular\u0131m\u0131z i\u00e7in harika bir kitap haz\u0131rlad\u0131k. \u201cOyunlarla Okuma Yazma Al\u0131\u015ft\u0131rmalar\u0131\u201d kitab\u0131, evde \u00e7ocuklar\u0131n\u0131zla \u015fahane etkinlikler yapaca\u011f\u0131n\u0131z ve \u00e7ok g\u00fczel vakit ge\u00e7irece\u011finiz bir kitap. Alfabetik \u015fekilde verilen harfler ve onlarla yap\u0131lan \u00e7al\u0131\u015fmalarla, \u00e7ocuklar\u0131m\u0131z \u00f6\u011frendiklerini peki\u015ftirecek ve daha ba\u015far\u0131l\u0131 bir okul hayat\u0131na ad\u0131m atacaklar. Harfleri tan\u0131yan ve okumaya yeni ba\u015flayan miniklerin, dikkat ve alg\u0131lar\u0131n\u0131 da geli\u015ftirecek bu etkinlikler kolaydan zora do\u011fru s\u0131ralanm\u0131\u015ft\u0131r. E\u011flenerek \u00f6\u011frenmeye \u201cOyunlarla Okuma Yazma Al\u0131\u015ft\u0131rmalar\u0131\u201d kitab\u0131 ile ba\u015flay\u0131n. <\/p>\n","protected":false},"excerpt":{"rendered":"<p>Okul ile yeni tan\u0131\u015fan yavrular\u0131m\u0131z i\u00e7in harika bir kitap haz\u0131rlad\u0131k. \u201cOyunlarla Okuma Yazma Al\u0131\u015ft\u0131rmalar\u0131\u201d kitab\u0131, evde \u00e7ocuklar\u0131n\u0131zla \u015fahane etkinlikler yapaca\u011f\u0131n\u0131z ve \u00e7ok g\u00fczel vakit ge\u00e7irece\u011finiz bir<span class=\"excerpt-hellip\"> [\u2026]<\/span><\/p>\n","protected":false},"featured_media":0,"template":"","meta":{"_monsterinsights_skip_tracking":false,"_monsterinsights_sitenote_active":false,"_monsterinsights_sitenote_note":"","_monsterinsights_sitenote_category":0},"product_brand":[],"product_cat":[12274,12518],"product_tag":[],"class_list":{"0":"post-734235","1":"product","2":"type-product","3":"status-publish","5":"product_cat-cocuk-ve-genclik-kitaplari","6":"product_cat-okul-oncesi-kitaplar","7":"pa_cilt-ciltsiz","8":"pa_tur-kitap","9":"pa_yayinevi-bicirik-yayinlari","10":"pa_yazar-tuba-ozturk","12":"first","13":"instock","14":"sale","15":"shipping-taxable","16":"purchasable","17":"product-type-simple"},"_links":{"self":[{"href":"https:\/\/roveyayinevi.com.tr\/index.php\/wp-json\/wp\/v2\/product\/734235","targetHints":{"allow":["GET"]}}],"collection":[{"href":"https:\/\/roveyayinevi.com.tr\/index.php\/wp-json\/wp\/v2\/product"}],"about":[{"href":"https:\/\/roveyayinevi.com.tr\/index.php\/wp-json\/wp\/v2\/types\/product"}],"wp:attachment":[{"href":"https:\/\/roveyayinevi.com.tr\/index.php\/wp-json\/wp\/v2\/media?parent=734235"}],"wp:term":[{"taxonomy":"product_brand","embeddable":true,"href":"https:\/\/roveyayinevi.com.tr\/index.php\/wp-json\/wp\/v2\/product_brand?post=734235"},{"taxonomy":"product_cat","embeddable":true,"href":"https:\/\/roveyayinevi.com.tr\/index.php\/wp-json\/wp\/v2\/product_cat?post=734235"},{"taxonomy":"product_tag","embeddable":true,"href":"https:\/\/roveyayinevi.com.tr\/index.php\/wp-json\/wp\/v2\/product_tag?post=734235"}],"curies":[{"name":"wp","href":"https:\/\/api.w.org\/{rel}","templated":true}]}}