{"id":734224,"date":"2025-08-27T22:24:13","date_gmt":"2025-08-27T19:24:13","guid":{"rendered":"https:\/\/roveyayinevi.com.tr\/index.php\/urun\/gecis-ayinleri-deniz-uclemesi-1-ciltli\/"},"modified":"2026-04-16T02:42:02","modified_gmt":"2026-04-15T23:42:02","slug":"gecis-ayinleri-deniz-uclemesi-1-ciltli","status":"publish","type":"product","link":"https:\/\/roveyayinevi.com.tr\/index.php\/urun\/gecis-ayinleri-deniz-uclemesi-1-ciltli\/","title":{"rendered":"Ge\u00e7i\u015f Ayinleri &#8211; Deniz \u00dc\u00e7lemesi 1 (Ciltli)"},"content":{"rendered":"<p>\u201cDenizde insan\u0131n erkeklik onuru k\u0131r\u0131l\u0131r.\u201d Ge\u00e7i\u015f Ayinleri, Golding\u2019in Deniz \u00dc\u00e7lemesi dizisinin ilk kitab\u0131 olup Booker \u00d6d\u00fcl\u00fc\u2019ne lay\u0131k g\u00f6r\u00fclm\u00fc\u015ft\u00fcr. Gen\u00e7 bir \u0130ngiliz aristokrat\u0131 olan Edmund Talbot, Avusturalya\u2019ya giden eski bir sava\u015f gemisinin yolcular\u0131 aras\u0131na kat\u0131l\u0131r. Vaftiz babas\u0131 i\u00e7in tuttu\u011fu g\u00fcnl\u00fcklerinde gemide subaylar, sanat\u00e7\u0131lar, g\u00f6\u00e7menler ve elbette denizcilerden olu\u015fan k\u00fc\u00e7\u00fck evrenin nas\u0131l sosyal, k\u00fclt\u00fcrel stat\u00fcleri sarsacak \u015fekilde evrildi\u011fi ince ince betimlenir. Golding, Sineklerin Tanr\u0131s\u0131\u2019ndan itibaren b\u00fct\u00fcn \u00e7arp\u0131c\u0131l\u0131\u011f\u0131yla i\u015fledi\u011fi temay\u0131, insan\u0131n \u015fiddet ve ak\u0131ld\u0131\u015f\u0131l\u0131\u011fa yatk\u0131n do\u011fas\u0131n\u0131 bu yap\u0131tta bir ad\u0131m ileriye ta\u015f\u0131r. Ge\u00e7i\u015f Ayinleri okura bu do\u011fan\u0131n hem g\u00fcl\u00fcn\u00e7 hem vah\u015fi, hem ger\u00e7ek\u00e7i hem fantastik bir tablosunu sunuyor. <\/p>\n","protected":false},"excerpt":{"rendered":"<p>\u201cDenizde insan\u0131n erkeklik onuru k\u0131r\u0131l\u0131r.\u201d Ge\u00e7i\u015f Ayinleri, Golding\u2019in Deniz \u00dc\u00e7lemesi dizisinin ilk kitab\u0131 olup Booker \u00d6d\u00fcl\u00fc\u2019ne lay\u0131k g\u00f6r\u00fclm\u00fc\u015ft\u00fcr. Gen\u00e7 bir \u0130ngiliz aristokrat\u0131 olan Edmund Talbot, Avusturalya\u2019ya<span class=\"excerpt-hellip\"> [\u2026]<\/span><\/p>\n","protected":false},"featured_media":0,"template":"","meta":{"_monsterinsights_skip_tracking":false,"_monsterinsights_sitenote_active":false,"_monsterinsights_sitenote_note":"","_monsterinsights_sitenote_category":0},"product_brand":[],"product_cat":[12291,26797],"product_tag":[],"class_list":{"0":"post-734224","1":"product","2":"type-product","3":"status-publish","5":"product_cat-edebiyat","6":"product_cat-modern-klasikler","7":"pa_cilt-ciltli","8":"pa_tur-kitap","9":"pa_yayinevi-is-bankasi-kultur-yayinlari","10":"pa_yazar-william-golding","12":"first","13":"instock","14":"sale","15":"shipping-taxable","16":"purchasable","17":"product-type-simple"},"_links":{"self":[{"href":"https:\/\/roveyayinevi.com.tr\/index.php\/wp-json\/wp\/v2\/product\/734224","targetHints":{"allow":["GET"]}}],"collection":[{"href":"https:\/\/roveyayinevi.com.tr\/index.php\/wp-json\/wp\/v2\/product"}],"about":[{"href":"https:\/\/roveyayinevi.com.tr\/index.php\/wp-json\/wp\/v2\/types\/product"}],"wp:attachment":[{"href":"https:\/\/roveyayinevi.com.tr\/index.php\/wp-json\/wp\/v2\/media?parent=734224"}],"wp:term":[{"taxonomy":"product_brand","embeddable":true,"href":"https:\/\/roveyayinevi.com.tr\/index.php\/wp-json\/wp\/v2\/product_brand?post=734224"},{"taxonomy":"product_cat","embeddable":true,"href":"https:\/\/roveyayinevi.com.tr\/index.php\/wp-json\/wp\/v2\/product_cat?post=734224"},{"taxonomy":"product_tag","embeddable":true,"href":"https:\/\/roveyayinevi.com.tr\/index.php\/wp-json\/wp\/v2\/product_tag?post=734224"}],"curies":[{"name":"wp","href":"https:\/\/api.w.org\/{rel}","templated":true}]}}