{"id":734212,"date":"2025-08-27T22:24:01","date_gmt":"2025-08-27T19:24:01","guid":{"rendered":"https:\/\/roveyayinevi.com.tr\/index.php\/urun\/olumluler-icin-zamanin-kisa-hikayesi\/"},"modified":"2026-04-16T02:42:01","modified_gmt":"2026-04-15T23:42:01","slug":"olumluler-icin-zamanin-kisa-hikayesi","status":"publish","type":"product","link":"https:\/\/roveyayinevi.com.tr\/index.php\/urun\/olumluler-icin-zamanin-kisa-hikayesi\/","title":{"rendered":"\u00d6l\u00fcml\u00fcler \u0130\u00e7in Zaman\u0131n K\u0131sa Hikayesi"},"content":{"rendered":"<p>\u201c\u0130nsan\u0131n sava\u015f\u0131 mutlak sona kadar devam eder, ad\u0131mlad\u0131\u011f\u0131 d\u00fcnya adl\u0131 bir duvard\u0131r, buldu\u011fu t\u00fcm \u00e7atlaklardan s\u0131zarak kendini arayacakt\u0131r elbette. Zaman bir bo\u015fluktur i\u00e7inde, asl\u0131nda yurtsuzdur insan ama yerini bilir. Bilir ve korkuyla \u00fcmit aras\u0131nda bir yerde bekler yine de. \u00c2demo\u011flunun kula\u011f\u0131na f\u0131s\u0131ldanan s\u0131r \u00f6yle s\u00f6yler; d\u00fcnya meydan\u0131nda herkes yenik, ma\u011flup olmayansa yaln\u0131zca \u00f6l\u00fcmd\u00fcr. Zaman eskidir, insan \u00f6l\u00fcml\u00fc.\u201d    Kelimelerle dolu bir kuyunun ortas\u0131nda, d\u00fcnyada bir yerde, zamanlardan bir zamanda\u2026   \u00d6l\u00fcml\u00fc, rotas\u0131n\u0131 \u00e7izecek ve elindeki haritayla kendi yolunun izini s\u00fcrecek. O b\u00fcy\u00fck s\u0131rra yakla\u015fmak i\u00e7in zaman\u0131n hik\u00e2yesine kulak verecek. \u00c7\u00fcnk\u00fc \u00e7o\u011fu zaman dinlemek, anahtar\u0131n kendisidir. Anlatanlar bunu \u00e7ok iyi bilir. G\u00fcven Ad\u0131g\u00fczel\u2019in co\u015fkun \u00fcslubundan bir i\u015faret fi\u015fe\u011fi: \u00d6l\u00fcml\u00fcler \u0130\u00e7in Zaman\u0131n K\u0131sa Hik\u00e2yesi<\/p>\n","protected":false},"excerpt":{"rendered":"<p>\u201c\u0130nsan\u0131n sava\u015f\u0131 mutlak sona kadar devam eder, ad\u0131mlad\u0131\u011f\u0131 d\u00fcnya adl\u0131 bir duvard\u0131r, buldu\u011fu t\u00fcm \u00e7atlaklardan s\u0131zarak kendini arayacakt\u0131r elbette. Zaman bir bo\u015fluktur i\u00e7inde, asl\u0131nda yurtsuzdur insan<span class=\"excerpt-hellip\"> [\u2026]<\/span><\/p>\n","protected":false},"featured_media":0,"template":"","meta":{"_monsterinsights_skip_tracking":false,"_monsterinsights_sitenote_active":false,"_monsterinsights_sitenote_note":"","_monsterinsights_sitenote_category":0},"product_brand":[],"product_cat":[12777,12291],"product_tag":[],"class_list":{"0":"post-734212","1":"product","2":"type-product","3":"status-publish","5":"product_cat-deneme","6":"product_cat-edebiyat","7":"pa_cilt-ciltsiz","8":"pa_tur-kitap","9":"pa_yayinevi-profil-kitap","10":"pa_yazar-guven-adiguzel","12":"first","13":"instock","14":"sale","15":"shipping-taxable","16":"purchasable","17":"product-type-simple"},"_links":{"self":[{"href":"https:\/\/roveyayinevi.com.tr\/index.php\/wp-json\/wp\/v2\/product\/734212","targetHints":{"allow":["GET"]}}],"collection":[{"href":"https:\/\/roveyayinevi.com.tr\/index.php\/wp-json\/wp\/v2\/product"}],"about":[{"href":"https:\/\/roveyayinevi.com.tr\/index.php\/wp-json\/wp\/v2\/types\/product"}],"wp:attachment":[{"href":"https:\/\/roveyayinevi.com.tr\/index.php\/wp-json\/wp\/v2\/media?parent=734212"}],"wp:term":[{"taxonomy":"product_brand","embeddable":true,"href":"https:\/\/roveyayinevi.com.tr\/index.php\/wp-json\/wp\/v2\/product_brand?post=734212"},{"taxonomy":"product_cat","embeddable":true,"href":"https:\/\/roveyayinevi.com.tr\/index.php\/wp-json\/wp\/v2\/product_cat?post=734212"},{"taxonomy":"product_tag","embeddable":true,"href":"https:\/\/roveyayinevi.com.tr\/index.php\/wp-json\/wp\/v2\/product_tag?post=734212"}],"curies":[{"name":"wp","href":"https:\/\/api.w.org\/{rel}","templated":true}]}}