{"id":734209,"date":"2025-08-27T22:23:58","date_gmt":"2025-08-27T19:23:58","guid":{"rendered":"https:\/\/roveyayinevi.com.tr\/index.php\/urun\/havada-asili-kalan-top\/"},"modified":"2026-04-16T02:42:01","modified_gmt":"2026-04-15T23:42:01","slug":"havada-asili-kalan-top","status":"publish","type":"product","link":"https:\/\/roveyayinevi.com.tr\/index.php\/urun\/havada-asili-kalan-top\/","title":{"rendered":"Havada As\u0131l\u0131 Kalan Top"},"content":{"rendered":"<p>\u201cBiz \u00e7ocukken d\u00fcnya da \u00e7ocuktu!\u201dBehi\u00e7 Ak, \u00e7ocuk edebiyat\u0131m\u0131z\u0131n k\u00f6\u015fe ta\u015flar\u0131ndan say\u0131lan roman koleksiyonunun yeni kitab\u0131nda, mizahla yo\u011furdu\u011fu katmanl\u0131 kurgusuyla yine konu\u015fulmayan \u015feylerin evreninde dolan\u0131yor. Unutmaya \u015fartlanm\u0131\u015f, al\u0131\u015fkanl\u0131klar\u0131na ba\u011f\u0131ml\u0131 bir kasaba halk\u0131n\u0131n \u00fczerindeki gizem bulutunu, \u00e7ocuklar\u0131n merak\u0131yla ve yarat\u0131c\u0131l\u0131kla da\u011f\u0131tan kitap, umut ve cesaret veriyor. \u00c7ocuk oyunlar\u0131n\u0131n bir t\u00fcr tiyatro oldu\u011funu, 23 Nisan\u2019\u0131n anlam\u0131n\u0131, do\u011fal afetlerin toplumsal etkilerini, al\u0131\u015fkanl\u0131klar\u0131n \u00fcrk\u00fct\u00fcc\u00fc g\u00fcc\u00fcn\u00fc, anadilin s\u00f6zc\u00fck \u00fcretme ne\u015fesini ve yeti\u015fkinlerin i\u00e7inde g\u00f6m\u00fcl\u00fc kalan \u00e7ocuklu\u011fu d\u00fc\u015f\u00fcnd\u00fcren roman, \u00e7ocuklu\u011fa g\u00fczelleme niteli\u011finde.KonusuSualt\u0131na sevdal\u0131 Serkan, yeni atanan kaymakam\u0131 merak eder. Kaymakam, kasaba halk\u0131n\u0131n \u00f6zensiz ya\u015fam al\u0131\u015fkanl\u0131klar\u0131n\u0131 ele\u015ftirince yeti\u015fkinler suspus olurken, \u00e7ocuklar s\u00f6zc\u00fck \u00fcretme ustas\u0131 arkada\u015flar\u0131 Zekiye\u2019ye ba\u015fvurmu\u015f ve nedenlerin pe\u015fine d\u00fc\u015fm\u00fc\u015flerdir bile. Depremde sulara g\u00f6m\u00fclm\u00fc\u015f heykelli park, \u201c\u015fom a\u011f\u0131zl\u0131\u201d yaftas\u0131yla k\u00fcst\u00fcr\u00fclen Bal ve aile tarih\u00e7eleri ortaya \u00e7\u0131kmaya ba\u015flar. 23 Nisan g\u00fcn\u00fc, g\u00f6revliler makamlar\u0131n\u0131 \u00e7ocuklara b\u0131rakt\u0131\u011f\u0131nda, i\u015fler hepten kar\u0131\u015f\u0131r. Bir futbol ma\u00e7\u0131nda d\u00fc\u011f\u00fcmlenen ge\u00e7mi\u015fin s\u0131rlar\u0131 kasabay\u0131 de\u011fi\u015ftirecek gibidir\u2026<\/p>\n","protected":false},"excerpt":{"rendered":"<p>\u201cBiz \u00e7ocukken d\u00fcnya da \u00e7ocuktu!\u201dBehi\u00e7 Ak, \u00e7ocuk edebiyat\u0131m\u0131z\u0131n k\u00f6\u015fe ta\u015flar\u0131ndan say\u0131lan roman koleksiyonunun yeni kitab\u0131nda, mizahla yo\u011furdu\u011fu katmanl\u0131 kurgusuyla yine konu\u015fulmayan \u015feylerin evreninde dolan\u0131yor. Unutmaya \u015fartlanm\u0131\u015f,<span class=\"excerpt-hellip\"> [\u2026]<\/span><\/p>\n","protected":false},"featured_media":0,"template":"","meta":{"_monsterinsights_skip_tracking":false,"_monsterinsights_sitenote_active":false,"_monsterinsights_sitenote_note":"","_monsterinsights_sitenote_category":0},"product_brand":[],"product_cat":[12275,12274],"product_tag":[],"class_list":{"0":"post-734209","1":"product","2":"type-product","3":"status-publish","5":"product_cat-6-12-yas-kitaplari","6":"product_cat-cocuk-ve-genclik-kitaplari","7":"pa_cilt-ciltsiz","8":"pa_tur-kitap","9":"pa_yayinevi-gunisigi-kitapligi","10":"pa_yazar-behic-ak","12":"first","13":"instock","14":"sale","15":"shipping-taxable","16":"purchasable","17":"product-type-simple"},"_links":{"self":[{"href":"https:\/\/roveyayinevi.com.tr\/index.php\/wp-json\/wp\/v2\/product\/734209","targetHints":{"allow":["GET"]}}],"collection":[{"href":"https:\/\/roveyayinevi.com.tr\/index.php\/wp-json\/wp\/v2\/product"}],"about":[{"href":"https:\/\/roveyayinevi.com.tr\/index.php\/wp-json\/wp\/v2\/types\/product"}],"wp:attachment":[{"href":"https:\/\/roveyayinevi.com.tr\/index.php\/wp-json\/wp\/v2\/media?parent=734209"}],"wp:term":[{"taxonomy":"product_brand","embeddable":true,"href":"https:\/\/roveyayinevi.com.tr\/index.php\/wp-json\/wp\/v2\/product_brand?post=734209"},{"taxonomy":"product_cat","embeddable":true,"href":"https:\/\/roveyayinevi.com.tr\/index.php\/wp-json\/wp\/v2\/product_cat?post=734209"},{"taxonomy":"product_tag","embeddable":true,"href":"https:\/\/roveyayinevi.com.tr\/index.php\/wp-json\/wp\/v2\/product_tag?post=734209"}],"curies":[{"name":"wp","href":"https:\/\/api.w.org\/{rel}","templated":true}]}}