{"id":734201,"date":"2025-08-27T22:23:49","date_gmt":"2025-08-27T19:23:49","guid":{"rendered":"https:\/\/roveyayinevi.com.tr\/index.php\/urun\/modern-dunyanin-kisisel-defteri\/"},"modified":"2026-04-13T02:51:28","modified_gmt":"2026-04-12T23:51:28","slug":"modern-dunyanin-kisisel-defteri","status":"publish","type":"product","link":"https:\/\/roveyayinevi.com.tr\/index.php\/urun\/modern-dunyanin-kisisel-defteri\/","title":{"rendered":"Modern D\u00fcnyan\u0131n Ki\u015fisel Defteri"},"content":{"rendered":"<p>Modern d\u00fcnya, modern sorunlar\u0131 birlikte getirdi. \u00c7\u00f6z\u00fcms\u00fczl\u00fck\u2026 Anlams\u0131zl\u0131k\u2026 Her \u015feyin m\u00fcmk\u00fcn ama ayn\u0131 zamanda ula\u015f\u0131lamaz olmas\u0131\u2026 Hatta elde edilen kazan\u0131mlar\u0131n dahi sanki elde edilmemi\u015f gibi, bizim de\u011filmi\u015f gibi durmas\u0131\u2026 Modern d\u00fcnyan\u0131n modern sorunu ne peki? Modern ya\u015fam m\u0131? Yoksa modern insan m\u0131? Sorunlar\u0131 \u00e7\u00f6zememek mi? Sorunlar\u0131 anlamamak m\u0131? Merak ettiniz mi siz de hi\u00e7: Nas\u0131l yenece\u011fiz? Ya da nas\u0131l yenilece\u011fiz? Yani nas\u0131l \u00fcstesinden gelece\u011fiz? D\u00fcn\u00fcn, bug\u00fcn\u00fcn, yar\u0131n\u0131n, kendimizin\u2026 <\/p>\n","protected":false},"excerpt":{"rendered":"<p>Modern d\u00fcnya, modern sorunlar\u0131 birlikte getirdi. \u00c7\u00f6z\u00fcms\u00fczl\u00fck\u2026 Anlams\u0131zl\u0131k\u2026 Her \u015feyin m\u00fcmk\u00fcn ama ayn\u0131 zamanda ula\u015f\u0131lamaz olmas\u0131\u2026 Hatta elde edilen kazan\u0131mlar\u0131n dahi sanki elde edilmemi\u015f gibi, bizim<span class=\"excerpt-hellip\"> [\u2026]<\/span><\/p>\n","protected":false},"featured_media":0,"template":"","meta":{"_monsterinsights_skip_tracking":false,"_monsterinsights_sitenote_active":false,"_monsterinsights_sitenote_note":"","_monsterinsights_sitenote_category":0},"product_brand":[],"product_cat":[12364,12376],"product_tag":[],"class_list":{"0":"post-734201","1":"product","2":"type-product","3":"status-publish","5":"product_cat-genel-konular","6":"product_cat-kisisel-gelisim","7":"pa_cilt-ciltsiz","8":"pa_tur-kitap","9":"pa_yayinevi-luna-yayinlari","10":"pa_yazar-kasim-hocalar","12":"first","13":"instock","14":"sale","15":"shipping-taxable","16":"purchasable","17":"product-type-simple"},"_links":{"self":[{"href":"https:\/\/roveyayinevi.com.tr\/index.php\/wp-json\/wp\/v2\/product\/734201","targetHints":{"allow":["GET"]}}],"collection":[{"href":"https:\/\/roveyayinevi.com.tr\/index.php\/wp-json\/wp\/v2\/product"}],"about":[{"href":"https:\/\/roveyayinevi.com.tr\/index.php\/wp-json\/wp\/v2\/types\/product"}],"wp:attachment":[{"href":"https:\/\/roveyayinevi.com.tr\/index.php\/wp-json\/wp\/v2\/media?parent=734201"}],"wp:term":[{"taxonomy":"product_brand","embeddable":true,"href":"https:\/\/roveyayinevi.com.tr\/index.php\/wp-json\/wp\/v2\/product_brand?post=734201"},{"taxonomy":"product_cat","embeddable":true,"href":"https:\/\/roveyayinevi.com.tr\/index.php\/wp-json\/wp\/v2\/product_cat?post=734201"},{"taxonomy":"product_tag","embeddable":true,"href":"https:\/\/roveyayinevi.com.tr\/index.php\/wp-json\/wp\/v2\/product_tag?post=734201"}],"curies":[{"name":"wp","href":"https:\/\/api.w.org\/{rel}","templated":true}]}}