{"id":734198,"date":"2025-08-27T22:23:45","date_gmt":"2025-08-27T19:23:45","guid":{"rendered":"https:\/\/roveyayinevi.com.tr\/index.php\/urun\/sancili-ana-dolu\/"},"modified":"2026-04-16T02:42:01","modified_gmt":"2026-04-15T23:42:01","slug":"sancili-ana-dolu","status":"publish","type":"product","link":"https:\/\/roveyayinevi.com.tr\/index.php\/urun\/sancili-ana-dolu\/","title":{"rendered":"Sanc\u0131l\u0131 Ana\/Dolu"},"content":{"rendered":"<p>\u015eiirleri, Af\u015fin\u2019in Sesi, Ye\u015fil Af\u015fin ve Elbistan\u2019\u0131n Sesi mahalli gazetelerde ve \u00c7\u0131ng\u0131, Berceste, Vesselam, S\u00f6z\u00fcn Ustalar\u0131, Serencam, Somuncu Baba, Yarpuz, Hece Ta\u015flar\u0131 gibi bir bir\u00e7ok dergide yay\u0131mland\u0131.   Bir kamu kurulu\u015fundan emekli olan \u015fair, evli ve be\u015f \u00e7ocuk babas\u0131d\u0131r. Af\u015fin\u2019de ikamet etmektedir.   ***   Koklay\u0131nca \u00e7i\u00e7ek sand\u0131m kendimi, \u015eimdi niye ka\u00e7\u0131yorsun bir tanem? Deli poyraz esintisi dindi mi? Engindeyim u\u00e7uyorsun bir tanem.   G\u00fcn gelecek ak olurum sa\u00e7\u0131nda, Rahmetle an bu garibi g\u00f6\u00e7\u00fcnde, Bo\u011fulurken \u00e7\u0131kmazlar\u0131n i\u00e7inde, Ya\u015famay\u0131 se\u00e7iyorsun bir tanem.   D\u00fc\u015f\u00fcnd\u00fck\u00e7e kaleleri y\u0131kar\u0131m, Ate\u015f olur oylumumu yakar\u0131m, Kara toprak seni kokar bakar\u0131m, Ne ho\u015f kucak a\u00e7\u0131yorsun bir tanem.   Sular bile sen ak\u0131yor akarken, \u0130ncilerin demiyor mu takarken, Beraberdik yol yoku\u015ftu \u00e7\u0131karken, \u00c7ok k\u0131l\u00e7\u0131ktan bi\u00e7iyorsun bir tanem <\/p>\n","protected":false},"excerpt":{"rendered":"<p>\u015eiirleri, Af\u015fin\u2019in Sesi, Ye\u015fil Af\u015fin ve Elbistan\u2019\u0131n Sesi mahalli gazetelerde ve \u00c7\u0131ng\u0131, Berceste, Vesselam, S\u00f6z\u00fcn Ustalar\u0131, Serencam, Somuncu Baba, Yarpuz, Hece Ta\u015flar\u0131 gibi bir bir\u00e7ok dergide<span class=\"excerpt-hellip\"> [\u2026]<\/span><\/p>\n","protected":false},"featured_media":0,"template":"","meta":{"_monsterinsights_skip_tracking":false,"_monsterinsights_sitenote_active":false,"_monsterinsights_sitenote_note":"","_monsterinsights_sitenote_category":0},"product_brand":[],"product_cat":[12291,12509],"product_tag":[],"class_list":{"0":"post-734198","1":"product","2":"type-product","3":"status-publish","5":"product_cat-edebiyat","6":"product_cat-siir","7":"pa_cilt-ciltsiz","8":"pa_tur-kitap","9":"pa_yayinevi-gulnar-yayinlari","10":"pa_yazar-hasim-kalender","12":"first","13":"instock","14":"sale","15":"shipping-taxable","16":"purchasable","17":"product-type-simple"},"_links":{"self":[{"href":"https:\/\/roveyayinevi.com.tr\/index.php\/wp-json\/wp\/v2\/product\/734198","targetHints":{"allow":["GET"]}}],"collection":[{"href":"https:\/\/roveyayinevi.com.tr\/index.php\/wp-json\/wp\/v2\/product"}],"about":[{"href":"https:\/\/roveyayinevi.com.tr\/index.php\/wp-json\/wp\/v2\/types\/product"}],"wp:attachment":[{"href":"https:\/\/roveyayinevi.com.tr\/index.php\/wp-json\/wp\/v2\/media?parent=734198"}],"wp:term":[{"taxonomy":"product_brand","embeddable":true,"href":"https:\/\/roveyayinevi.com.tr\/index.php\/wp-json\/wp\/v2\/product_brand?post=734198"},{"taxonomy":"product_cat","embeddable":true,"href":"https:\/\/roveyayinevi.com.tr\/index.php\/wp-json\/wp\/v2\/product_cat?post=734198"},{"taxonomy":"product_tag","embeddable":true,"href":"https:\/\/roveyayinevi.com.tr\/index.php\/wp-json\/wp\/v2\/product_tag?post=734198"}],"curies":[{"name":"wp","href":"https:\/\/api.w.org\/{rel}","templated":true}]}}