{"id":734195,"date":"2025-08-27T22:23:42","date_gmt":"2025-08-27T19:23:42","guid":{"rendered":"https:\/\/roveyayinevi.com.tr\/index.php\/urun\/5000-yillik-sumer-turkmen-baglari\/"},"modified":"2026-04-16T02:42:01","modified_gmt":"2026-04-15T23:42:01","slug":"5000-yillik-sumer-turkmen-baglari","status":"publish","type":"product","link":"https:\/\/roveyayinevi.com.tr\/index.php\/urun\/5000-yillik-sumer-turkmen-baglari\/","title":{"rendered":"5000 Y\u0131ll\u0131k S\u00fcmer-T\u00fcrkmen Ba\u011flar\u0131"},"content":{"rendered":"<p>Mezopotamya\u2019n\u0131n esrarengiz tepeleri ve onlar\u0131n eteklerinde kalan paha bi\u00e7ilmez hazineler  12. y\u00fczy\u0131ldan ba\u015flayarak Avrupal\u0131 t\u00fcccarlar\u0131n ve ard\u0131ndan bilim adamlar\u0131n\u0131n aya\u011f\u0131n\u0131 bu u\u00e7suz bucaks\u0131z \u00e7\u00f6llere \u00e7ekmi\u015ftir. Bu ilgin\u00e7 tepelerin uzun \u00e7a\u011flardan beri sinesinde saklad\u0131\u011f\u0131 ge\u00e7mi\u015fi g\u00fcn\u00fcm\u00fcze getiren yaz\u0131lar\u0131n\u0131n okunup s\u0131rlar\u0131n\u0131n \u00e7\u00f6z\u00fclmesini sa\u011flayan S\u00fcmeroloji bilimi y\u00fcz elli ya\u015f\u0131ndad\u0131r. \u015eimdiye kadar \u00e7ok \u015feyin \u00fcst\u00fc a\u00e7\u0131lm\u0131\u015f olmas\u0131na ra\u011fmen bu konuda hala kesinle\u015fmemi\u015f bir\u00e7ok s\u0131rr\u0131n var oldu\u011fu kabul edilmektedir. \u00d6rne\u011fin S\u00fcmerler Mezopotamya\u2019ya nereden gelmi\u015flerdir? Onlar\u0131n do\u011fduklar\u0131 yerler nerelerdir? Dilleri g\u00fcn\u00fcm\u00fczdeki dillerin hangisi ile akrabad\u0131r? Gibi sorular\u0131n cevaplar\u0131 hala kesin olarak verilememi\u015ftir. <\/p>\n","protected":false},"excerpt":{"rendered":"<p>Mezopotamya\u2019n\u0131n esrarengiz tepeleri ve onlar\u0131n eteklerinde kalan paha bi\u00e7ilmez hazineler 12. y\u00fczy\u0131ldan ba\u015flayarak Avrupal\u0131 t\u00fcccarlar\u0131n ve ard\u0131ndan bilim adamlar\u0131n\u0131n aya\u011f\u0131n\u0131 bu u\u00e7suz bucaks\u0131z \u00e7\u00f6llere \u00e7ekmi\u015ftir. Bu<span class=\"excerpt-hellip\"> [\u2026]<\/span><\/p>\n","protected":false},"featured_media":0,"template":"","meta":{"_monsterinsights_skip_tracking":false,"_monsterinsights_sitenote_active":false,"_monsterinsights_sitenote_note":"","_monsterinsights_sitenote_category":0},"product_brand":[],"product_cat":[12370,12304],"product_tag":[],"class_list":{"0":"post-734195","1":"product","2":"type-product","3":"status-publish","5":"product_cat-arastirma-inceleme","6":"product_cat-tarih","7":"pa_cilt-ciltsiz","8":"pa_tur-kitap","9":"pa_yayinevi-altinordu-yayinlari","10":"pa_yazar-begmurat-gerey","12":"first","13":"instock","14":"sale","15":"shipping-taxable","16":"purchasable","17":"product-type-simple"},"_links":{"self":[{"href":"https:\/\/roveyayinevi.com.tr\/index.php\/wp-json\/wp\/v2\/product\/734195","targetHints":{"allow":["GET"]}}],"collection":[{"href":"https:\/\/roveyayinevi.com.tr\/index.php\/wp-json\/wp\/v2\/product"}],"about":[{"href":"https:\/\/roveyayinevi.com.tr\/index.php\/wp-json\/wp\/v2\/types\/product"}],"wp:attachment":[{"href":"https:\/\/roveyayinevi.com.tr\/index.php\/wp-json\/wp\/v2\/media?parent=734195"}],"wp:term":[{"taxonomy":"product_brand","embeddable":true,"href":"https:\/\/roveyayinevi.com.tr\/index.php\/wp-json\/wp\/v2\/product_brand?post=734195"},{"taxonomy":"product_cat","embeddable":true,"href":"https:\/\/roveyayinevi.com.tr\/index.php\/wp-json\/wp\/v2\/product_cat?post=734195"},{"taxonomy":"product_tag","embeddable":true,"href":"https:\/\/roveyayinevi.com.tr\/index.php\/wp-json\/wp\/v2\/product_tag?post=734195"}],"curies":[{"name":"wp","href":"https:\/\/api.w.org\/{rel}","templated":true}]}}