{"id":734184,"date":"2025-08-27T22:23:32","date_gmt":"2025-08-27T19:23:32","guid":{"rendered":"https:\/\/roveyayinevi.com.tr\/index.php\/urun\/amin-maaloufun-penceresinden-goc-ve-kimlik\/"},"modified":"2026-04-16T02:42:00","modified_gmt":"2026-04-15T23:42:00","slug":"amin-maaloufun-penceresinden-goc-ve-kimlik","status":"publish","type":"product","link":"https:\/\/roveyayinevi.com.tr\/index.php\/urun\/amin-maaloufun-penceresinden-goc-ve-kimlik\/","title":{"rendered":"Amin Maalouf&#8217;un Penceresinden G\u00f6\u00e7 ve Kimlik"},"content":{"rendered":"<p>1.      G\u00d6\u00c7 OLGUSUNUN TAR\u0130HSEL VE KURAMSAL \u00c7ER\u00c7EVEDE DE\u011eERLEND\u0130R\u0130LMES\u0130 2.      K\u00dcRESEL D\u00dcNYADA G\u00d6\u00c7 ULAMLARI 3.      AMIN MAALOUF\u2019UN BAKI\u015e A\u00c7ISINDAN G\u00d6\u00c7 OLGUSU 4.      K\u0130ML\u0130K OLGUSUNUN TAR\u0130HSEL VE KURAMSAL \u00c7ER\u00c7EVEDE DE\u011eERLEND\u0130R\u0130LMES\u0130 5.      AMIN MAALOUF\u2019UN BAKI\u015e A\u00c7ISINDAN K\u0130ML\u0130K OLGUSU <\/p>\n","protected":false},"excerpt":{"rendered":"<p>1. G\u00d6\u00c7 OLGUSUNUN TAR\u0130HSEL VE KURAMSAL \u00c7ER\u00c7EVEDE DE\u011eERLEND\u0130R\u0130LMES\u0130 2. K\u00dcRESEL D\u00dcNYADA G\u00d6\u00c7 ULAMLARI 3. AMIN MAALOUF\u2019UN BAKI\u015e A\u00c7ISINDAN G\u00d6\u00c7 OLGUSU 4. K\u0130ML\u0130K OLGUSUNUN TAR\u0130HSEL VE KURAMSAL<span class=\"excerpt-hellip\"> [\u2026]<\/span><\/p>\n","protected":false},"featured_media":0,"template":"","meta":{"_monsterinsights_skip_tracking":false,"_monsterinsights_sitenote_active":false,"_monsterinsights_sitenote_note":"","_monsterinsights_sitenote_category":0},"product_brand":[],"product_cat":[13072,12291],"product_tag":[],"class_list":{"0":"post-734184","1":"product","2":"type-product","3":"status-publish","5":"product_cat-arastirma-inceleme-referans","6":"product_cat-edebiyat","7":"pa_cilt-ciltsiz","8":"pa_tur-kitap","9":"pa_yayinevi-gazi-kitabevi","10":"pa_yazar-umran-turkyilmaz","12":"first","13":"instock","14":"sale","15":"shipping-taxable","16":"purchasable","17":"product-type-simple"},"_links":{"self":[{"href":"https:\/\/roveyayinevi.com.tr\/index.php\/wp-json\/wp\/v2\/product\/734184","targetHints":{"allow":["GET"]}}],"collection":[{"href":"https:\/\/roveyayinevi.com.tr\/index.php\/wp-json\/wp\/v2\/product"}],"about":[{"href":"https:\/\/roveyayinevi.com.tr\/index.php\/wp-json\/wp\/v2\/types\/product"}],"wp:attachment":[{"href":"https:\/\/roveyayinevi.com.tr\/index.php\/wp-json\/wp\/v2\/media?parent=734184"}],"wp:term":[{"taxonomy":"product_brand","embeddable":true,"href":"https:\/\/roveyayinevi.com.tr\/index.php\/wp-json\/wp\/v2\/product_brand?post=734184"},{"taxonomy":"product_cat","embeddable":true,"href":"https:\/\/roveyayinevi.com.tr\/index.php\/wp-json\/wp\/v2\/product_cat?post=734184"},{"taxonomy":"product_tag","embeddable":true,"href":"https:\/\/roveyayinevi.com.tr\/index.php\/wp-json\/wp\/v2\/product_tag?post=734184"}],"curies":[{"name":"wp","href":"https:\/\/api.w.org\/{rel}","templated":true}]}}