{"id":734183,"date":"2025-08-27T22:23:31","date_gmt":"2025-08-27T19:23:31","guid":{"rendered":"https:\/\/roveyayinevi.com.tr\/index.php\/urun\/futbolda-mac-icerisindeki-bir-takim-performans-parametreleri-ile-yuklenme-gostergelerinin-karsilastirilmasi\/"},"modified":"2026-04-16T02:42:00","modified_gmt":"2026-04-15T23:42:00","slug":"futbolda-mac-icerisindeki-bir-takim-performans-parametreleri-ile-yuklenme-gostergelerinin-karsilastirilmasi","status":"publish","type":"product","link":"https:\/\/roveyayinevi.com.tr\/index.php\/urun\/futbolda-mac-icerisindeki-bir-takim-performans-parametreleri-ile-yuklenme-gostergelerinin-karsilastirilmasi\/","title":{"rendered":"Futbolda Ma\u00e7 \u0130\u00e7erisindeki Bir Tak\u0131m Performans Parametreleri \u0130le Y\u00fcklenme G\u00f6stergelerinin Kar\u015f\u0131la\u015ft\u0131r\u0131lmas\u0131"},"content":{"rendered":"<p>1.      \u00d6ZET 2.      ABSTRACT 3.      G\u0130R\u0130\u015e VE AMA\u00c7 4.      GENEL B\u0130LG\u0130LER 4.1.   ENERJ\u0130 S\u0130STEMLER\u0130 4.2.   ANAEROB\u0130K E\u015e\u0130K KAVRAMI 4.3.   ANAEROB\u0130K E\u015e\u0130K BEL\u0130RLEMEK \u0130\u00c7\u0130N KULLANILAN TESTLER 4.4.   MAKS\u0130MAL OKS\u0130JEN T\u00dcKET\u0130M\u0130 VE MAKS\u0130MAL AEROB\u0130K HIZ KAVRAMI 4.5.   MAKS\u0130MAL AEROB\u0130K HIZIN BEL\u0130RLENMES\u0130NDE KULLANILAN TESTLER 4.6.   MAKS\u0130MAL AEROB\u0130K HIZ ANTRENMAN Y\u00d6NTEMLER\u0130 4.7.   FUTBOLDA GPS KULLANIMI 5.      GERE\u00c7 VE Y\u00d6NTEM 5.1.   ARA\u015eTIRMA T\u0130P\u0130: 5.2.   ARA\u015eTIRMANIN YER\u0130 VE S\u00dcRES\u0130 5.3.   ARA\u015eTIRMANIN EVREN\u0130 VE \u00d6RNEKLEM\u0130 5.4.   ARA\u015eTIRMA H\u0130POTEZLER\u0130: 5.5.   BA\u011eIMLI VE BA\u011eIMSIZ DE\u011e\u0130\u015eKENLER 5.6.   VER\u0130 TOPLAMA ARA\u00c7LARI: 5.7.   VER\u0130 TOPLAMA Y\u00d6NTEM\u0130: 5.8.   VER\u0130LER\u0130N DE\u011eERLEND\u0130R\u0130LMES\u0130 5.9.   ARA\u015eTIRMANIN SINIRLILIKLARI: . 5.10.                   ARA\u015eTIRMANIN ET\u0130K Y\u00d6N\u00dc 6.      BULGULAR 7.      TARTI\u015eMA 8.      SONU\u00c7 VE \u00d6NER\u0130LER 9.      KAYNAKLAR 10.  EKLER 11.  \u00d6ZGE\u00c7M\u0130\u015e <\/p>\n","protected":false},"excerpt":{"rendered":"<p>1. \u00d6ZET 2. ABSTRACT 3. G\u0130R\u0130\u015e VE AMA\u00c7 4. GENEL B\u0130LG\u0130LER 4.1. ENERJ\u0130 S\u0130STEMLER\u0130 4.2. ANAEROB\u0130K E\u015e\u0130K KAVRAMI 4.3. ANAEROB\u0130K E\u015e\u0130K BEL\u0130RLEMEK \u0130\u00c7\u0130N KULLANILAN TESTLER 4.4.<span class=\"excerpt-hellip\"> [\u2026]<\/span><\/p>\n","protected":false},"featured_media":0,"template":"","meta":{"_monsterinsights_skip_tracking":false,"_monsterinsights_sitenote_active":false,"_monsterinsights_sitenote_note":"","_monsterinsights_sitenote_category":0},"product_brand":[],"product_cat":[15563,15564],"product_tag":[],"class_list":{"0":"post-734183","1":"product","2":"type-product","3":"status-publish","5":"product_cat-hobi","6":"product_cat-spor","7":"pa_cilt-ciltsiz","8":"pa_tur-kitap","9":"pa_yayinevi-gazi-kitabevi","10":"pa_yazar-huseyin-ozkamci","12":"first","13":"instock","14":"sale","15":"shipping-taxable","16":"purchasable","17":"product-type-simple"},"_links":{"self":[{"href":"https:\/\/roveyayinevi.com.tr\/index.php\/wp-json\/wp\/v2\/product\/734183","targetHints":{"allow":["GET"]}}],"collection":[{"href":"https:\/\/roveyayinevi.com.tr\/index.php\/wp-json\/wp\/v2\/product"}],"about":[{"href":"https:\/\/roveyayinevi.com.tr\/index.php\/wp-json\/wp\/v2\/types\/product"}],"wp:attachment":[{"href":"https:\/\/roveyayinevi.com.tr\/index.php\/wp-json\/wp\/v2\/media?parent=734183"}],"wp:term":[{"taxonomy":"product_brand","embeddable":true,"href":"https:\/\/roveyayinevi.com.tr\/index.php\/wp-json\/wp\/v2\/product_brand?post=734183"},{"taxonomy":"product_cat","embeddable":true,"href":"https:\/\/roveyayinevi.com.tr\/index.php\/wp-json\/wp\/v2\/product_cat?post=734183"},{"taxonomy":"product_tag","embeddable":true,"href":"https:\/\/roveyayinevi.com.tr\/index.php\/wp-json\/wp\/v2\/product_tag?post=734183"}],"curies":[{"name":"wp","href":"https:\/\/api.w.org\/{rel}","templated":true}]}}