{"id":734159,"date":"2025-08-27T22:23:06","date_gmt":"2025-08-27T19:23:06","guid":{"rendered":"https:\/\/roveyayinevi.com.tr\/index.php\/urun\/hindistanda-kabileler\/"},"modified":"2026-04-16T02:41:59","modified_gmt":"2026-04-15T23:41:59","slug":"hindistanda-kabileler","status":"publish","type":"product","link":"https:\/\/roveyayinevi.com.tr\/index.php\/urun\/hindistanda-kabileler\/","title":{"rendered":"Hindistan&#8217;da Kabileler"},"content":{"rendered":"<p>Eski Hint Tarihi anlat\u0131l\u0131rken her zaman \u0130ndus Vadisi Uygarl\u0131\u011f\u0131ndan ve \u0100rilerden ba\u015flamak genel kabul g\u00f6rm\u00fc\u015f bir tutumdur. Oysaki Hindistan\u2019\u0131n yerlileri olan \u0100div\u0101s\u012bler kay\u0131t tutmu\u015f olsalard\u0131 farkl\u0131 bir Hint Tarihi ortaya \u00e7\u0131kabilirdi. Hindistan\u2019da bir\u00e7ok kabilenin ba\u015flang\u0131c\u0131 \u0130ndus Uygarl\u0131\u011f\u0131ndan bile daha eski, belirsiz zamanlara kadar geri gider. Alt\u0131 y\u00fczden fazla kabilesi olan alt k\u0131tan\u0131n kabilelerinin toplam n\u00fcfusu, y\u00fcz milyondan daha fazla bir say\u0131 yapar ki bu rakam d\u00fcnyadaki bir\u00e7ok \u00fclkenin n\u00fcfusundan fazlad\u0131r. Bu kitapta Asur, Bancara, Baiga, Bhil, Gond, Munda, Naga, Oraon, Santal, Toda gibi \u00e7ok bilinen belli ba\u015fl\u0131 kabileler tan\u0131t\u0131l\u0131rken, onlar\u0131n ya\u015fam tarzlar\u0131, gelenek-g\u00f6renekleri, dilleri, inan\u00e7lar\u0131 hakk\u0131nda bilgiler verilmi\u015f, baz\u0131lar\u0131n\u0131n halk hik\u00e2yelerinden \u00f6rnekler sunulmu\u015ftur. \u00c7ingenelerin k\u00f6keni Bancaralar, haklar\u0131nda \u201cEncyclopedia Mundarica\u201d diye cilt cilt kitaplar yaz\u0131lm\u0131\u015f olan Mundalar, yok olmaktayken \u0130ndus Vadisi Uygarl\u0131\u011f\u0131ndan ka\u00e7\u0131p kurtulanlar\u0131n torunlar\u0131 olma olas\u0131l\u0131\u011f\u0131 y\u00fcksek olan Gondlar, s\u00fct\u00fc hemen hi\u00e7 bilmeyen kafatas\u0131 avc\u0131s\u0131 Nagalar, s\u00fcts\u00fcz ya\u015fayamayan ve onu kutsalla\u015ft\u0131ran Todalar, ba\u015fka kabilelere \u015famanl\u0131k yapan Baigalar, ok atma uzman\u0131, sava\u015f\u00e7\u0131 Bhiller, dilleri T\u00fcrk\u00e7e gibi eklemeli olan ve kendi alfabelerini yaratm\u0131\u015f, e\u011fitim d\u00fc\u015fk\u00fcn\u00fc Santaller, Hinduizm\u2019dekine ters olarak D\u016brg\u0101 yerine Mahish\u0101sura\u2019ya inanan demirci Asurlar ve daha niceleri bu kitapta anlat\u0131lmaya \u00e7al\u0131\u015f\u0131lm\u0131\u015ft\u0131r. Bu \u00e7al\u0131\u015fma, \u0100div\u0101s\u012b inan\u00e7lar\u0131n\u0131n Hint dinlerindeki yeri, kabile sanat\u0131, m\u00fczi\u011fi ve danslar\u0131, Birsa Munda, Rani Durgavat\u012b, Tilka Majhi gibi \u00f6zg\u00fcrl\u00fck sava\u015f\u00e7\u0131s\u0131 Hint yerlileri, Hint halk hik\u00e2yeleri ve hik\u00e2yecili\u011fi, Gandhi kadar de\u011ferli bir isim olan Bhimrao Ambedkar, Naksalizm gibi derinlemesine incelenip i\u015flenecek birbirinden de\u011ferli pek \u00e7ok konuya da i\u015faret etmektedir. Hindoloji, Hint Sosyal Antropolojisi, Hint Halk Bilimi gibi konularda bilgilenmek isteyenler i\u00e7in bir kaynak niteli\u011findedir.<\/p>\n","protected":false},"excerpt":{"rendered":"<p>Eski Hint Tarihi anlat\u0131l\u0131rken her zaman \u0130ndus Vadisi Uygarl\u0131\u011f\u0131ndan ve \u0100rilerden ba\u015flamak genel kabul g\u00f6rm\u00fc\u015f bir tutumdur. Oysaki Hindistan\u2019\u0131n yerlileri olan \u0100div\u0101s\u012bler kay\u0131t tutmu\u015f olsalard\u0131 farkl\u0131<span class=\"excerpt-hellip\"> [\u2026]<\/span><\/p>\n","protected":false},"featured_media":0,"template":"","meta":{"_monsterinsights_skip_tracking":false,"_monsterinsights_sitenote_active":false,"_monsterinsights_sitenote_note":"","_monsterinsights_sitenote_category":0},"product_brand":[],"product_cat":[15499,13488],"product_tag":[],"class_list":{"0":"post-734159","1":"product","2":"type-product","3":"status-publish","5":"product_cat-antropoloji","6":"product_cat-toplum-ve-insan","7":"pa_cilt-ciltsiz","8":"pa_tur-kitap","9":"pa_yayinevi-pinhan-yayincilik","10":"pa_yazar-korhan-kaya","12":"first","13":"instock","14":"sale","15":"shipping-taxable","16":"purchasable","17":"product-type-simple"},"_links":{"self":[{"href":"https:\/\/roveyayinevi.com.tr\/index.php\/wp-json\/wp\/v2\/product\/734159","targetHints":{"allow":["GET"]}}],"collection":[{"href":"https:\/\/roveyayinevi.com.tr\/index.php\/wp-json\/wp\/v2\/product"}],"about":[{"href":"https:\/\/roveyayinevi.com.tr\/index.php\/wp-json\/wp\/v2\/types\/product"}],"wp:attachment":[{"href":"https:\/\/roveyayinevi.com.tr\/index.php\/wp-json\/wp\/v2\/media?parent=734159"}],"wp:term":[{"taxonomy":"product_brand","embeddable":true,"href":"https:\/\/roveyayinevi.com.tr\/index.php\/wp-json\/wp\/v2\/product_brand?post=734159"},{"taxonomy":"product_cat","embeddable":true,"href":"https:\/\/roveyayinevi.com.tr\/index.php\/wp-json\/wp\/v2\/product_cat?post=734159"},{"taxonomy":"product_tag","embeddable":true,"href":"https:\/\/roveyayinevi.com.tr\/index.php\/wp-json\/wp\/v2\/product_tag?post=734159"}],"curies":[{"name":"wp","href":"https:\/\/api.w.org\/{rel}","templated":true}]}}