{"id":734152,"date":"2025-08-27T22:22:59","date_gmt":"2025-08-27T19:22:59","guid":{"rendered":"https:\/\/roveyayinevi.com.tr\/index.php\/urun\/dunyanin-avlusu\/"},"modified":"2026-04-12T02:49:20","modified_gmt":"2026-04-11T23:49:20","slug":"dunyanin-avlusu","status":"publish","type":"product","link":"https:\/\/roveyayinevi.com.tr\/index.php\/urun\/dunyanin-avlusu\/","title":{"rendered":"D\u00fcnyan\u0131n Avlusu"},"content":{"rendered":"<p>Dominique Edd\u00e9\u2019nin bu s\u00fcr\u00fckleyici roman\u0131, intikam ve iktidar u\u011fruna birbirinin arkas\u0131ndan entrikalar \u00e7eviren, yok olmaya mahk\u00fbm Can ailesinin \u00f6yk\u00fcs\u00fcn\u00fc anlat\u0131yor. New York\u2019ta ba\u015far\u0131l\u0131 bir avukat olan Kem\u00e2l Can\u2019\u0131n, d\u0131\u015far\u0131dan bakanlar\u0131n \u00e7o\u011funun g\u00f6remedi\u011fi sorunlu bir ge\u00e7mi\u015fi vard\u0131r. Suriye \u0130stihbarat Te\u015fkilat\u0131\u2019n\u0131n ba\u015f\u0131ndaki amcas\u0131 Seyfeddin Can, Kem\u00e2l\u2019in babas\u0131n\u0131 ve annesini \u00f6ld\u00fcrterek onun daha on iki ya\u015f\u0131nda \u00f6ks\u00fcz kalmas\u0131na neden olmu\u015f, sonra da e\u011fitim masraflar\u0131n\u0131 kar\u015f\u0131layarak bug\u00fcnk\u00fc ba\u015far\u0131s\u0131na ula\u015fmas\u0131n\u0131 sa\u011flam\u0131\u015ft\u0131r. Manhattan\u2019da ya\u015fayan Kem\u00e2l, amcas\u0131n\u0131n Paris\u2019te bir ter\u00f6r sald\u0131r\u0131s\u0131 planlad\u0131\u011f\u0131n\u0131 ve bunu Kem\u00e2l\u2019in cihat\u00e7\u0131 karde\u015fi Murad\u2019a yapt\u0131raca\u011f\u0131n\u0131 \u00f6\u011frenir.Aile ili\u015fkileri zay\u0131flad\u0131k\u00e7a ittifaklar, hasar g\u00f6rm\u00fc\u015f ya\u015famlar, imk\u00e2ns\u0131z a\u015fklar ve derin ihanetler birer birer ortaya \u00e7\u0131kar. Ortado\u011fu\u2019da \u00fclkeleri parampar\u00e7a eden \u00e7at\u0131\u015fmalar\u0131n birer yans\u0131mas\u0131 gibidir her biri. Ele\u015ftirmenler taraf\u0131ndan hem evrensel hem de gelece\u011fi \u00f6ng\u00f6ren bir yap\u0131t olarak nitelendirilen bu roman, Suriye\u2019nin bug\u00fcnk\u00fc durumunu ve Ortado\u011fu\u2019yu anlaman\u0131za yard\u0131mc\u0131 olacak. \u201cDo\u011fruluk m\u00fcrekkebine bat\u0131r\u0131lm\u0131\u015f bir kalem taraf\u0131ndan \u00f6zenle yaz\u0131lm\u0131\u015f, g\u00fczel bir kitap&#8230; Bak\u0131\u015f a\u00e7\u0131s\u0131 do\u011fru, kalemi tutan el yetenekli ve altta yatan d\u00fc\u015f\u00fcncenin karma\u015f\u0131kl\u0131\u011f\u0131ndan hi\u00e7bir \u00f6d\u00fcn verilmiyor. Bu g\u00fc\u00e7l\u00fc duvar resmi; iktidar ve aile, yozla\u015fma ve bask\u0131 aras\u0131ndaki ili\u015fkiyi ortaya koyuyor. Suriye ve Ortado\u011fu hakk\u0131nda bildi\u011finizi d\u00fc\u015f\u00fcnd\u00fc\u011f\u00fcn\u00fcz ger\u00e7eklere yepyeni bir \u0131\u015f\u0131\u011f\u0131n \u00f6nderli\u011finde bakmaya haz\u0131r olun!\u201dGeorgia MakhloufThe Huffington Post<\/p>\n","protected":false},"excerpt":{"rendered":"<p>Dominique Edd\u00e9\u2019nin bu s\u00fcr\u00fckleyici roman\u0131, intikam ve iktidar u\u011fruna birbirinin arkas\u0131ndan entrikalar \u00e7eviren, yok olmaya mahk\u00fbm Can ailesinin \u00f6yk\u00fcs\u00fcn\u00fc anlat\u0131yor. New York\u2019ta ba\u015far\u0131l\u0131 bir avukat olan<span class=\"excerpt-hellip\"> [\u2026]<\/span><\/p>\n","protected":false},"featured_media":0,"template":"","meta":{"_monsterinsights_skip_tracking":false,"_monsterinsights_sitenote_active":false,"_monsterinsights_sitenote_note":"","_monsterinsights_sitenote_category":0},"product_brand":[],"product_cat":[12291,12711],"product_tag":[],"class_list":{"0":"post-734152","1":"product","2":"type-product","3":"status-publish","5":"product_cat-edebiyat","6":"product_cat-roman-oyku","7":"pa_cilt-ciltsiz","8":"pa_tur-kitap","9":"pa_yayinevi-epsilon-yayinlari","10":"pa_yazar-dominique-edde","12":"first","13":"instock","14":"sale","15":"shipping-taxable","16":"purchasable","17":"product-type-simple"},"_links":{"self":[{"href":"https:\/\/roveyayinevi.com.tr\/index.php\/wp-json\/wp\/v2\/product\/734152","targetHints":{"allow":["GET"]}}],"collection":[{"href":"https:\/\/roveyayinevi.com.tr\/index.php\/wp-json\/wp\/v2\/product"}],"about":[{"href":"https:\/\/roveyayinevi.com.tr\/index.php\/wp-json\/wp\/v2\/types\/product"}],"wp:attachment":[{"href":"https:\/\/roveyayinevi.com.tr\/index.php\/wp-json\/wp\/v2\/media?parent=734152"}],"wp:term":[{"taxonomy":"product_brand","embeddable":true,"href":"https:\/\/roveyayinevi.com.tr\/index.php\/wp-json\/wp\/v2\/product_brand?post=734152"},{"taxonomy":"product_cat","embeddable":true,"href":"https:\/\/roveyayinevi.com.tr\/index.php\/wp-json\/wp\/v2\/product_cat?post=734152"},{"taxonomy":"product_tag","embeddable":true,"href":"https:\/\/roveyayinevi.com.tr\/index.php\/wp-json\/wp\/v2\/product_tag?post=734152"}],"curies":[{"name":"wp","href":"https:\/\/api.w.org\/{rel}","templated":true}]}}