{"id":734150,"date":"2025-08-27T22:22:57","date_gmt":"2025-08-27T19:22:57","guid":{"rendered":"https:\/\/roveyayinevi.com.tr\/index.php\/urun\/milliyetcilik-3\/"},"modified":"2026-04-16T02:41:59","modified_gmt":"2026-04-15T23:41:59","slug":"milliyetcilik-3","status":"publish","type":"product","link":"https:\/\/roveyayinevi.com.tr\/index.php\/urun\/milliyetcilik-3\/","title":{"rendered":"Milliyet\u00e7ilik"},"content":{"rendered":"<p>16. y\u00fczy\u0131lda \u0130ngiltere\u2019de \u00e7e\u015fitli fikir ve inan\u0131\u015flar\u0131n birle\u015fiminden filizlenen ulus olma duygusu, ye\u015ferdi\u011fi topluma katk\u0131lar\u0131yla k\u0131sa zamanda kom\u015fu \u00fclkelerin de dikkatini \u00e7ekti. Bu duygunun neticesi olan milliyet\u00e7ilik, Frans\u0131z ve Amerikan devrimlerine, uzun y\u0131llar varl\u0131\u011f\u0131n\u0131 s\u00fcrd\u00fcren fa\u015fist ve otoriter kom\u00fcnist rejimlere ve d\u00fcnyada dengeleri yerinden oynatan bir\u00e7ok meseleye \u00f6n ayak oldu. K\u00fclt\u00fcrden k\u00fclt\u00fcre bi\u00e7im de\u011fi\u015ftirse de milliyet\u00e7ilik, \u00c7in ve Japonya \u00f6rneklerinde g\u00f6rd\u00fc\u011f\u00fcm\u00fcz \u00fczere hemen her co\u011frafyaya n\u00fcfuz etti. Ge\u00e7mi\u015ften g\u00fcn\u00fcm\u00fcze d\u00fcnya siyasetine y\u00f6n veren en temel etkenlerden milliyet\u00e7ilik, \u00fclkelerin \u00e7a\u011fda\u015f politikalar\u0131na k\u00f6k salmaya, yay\u0131lmaya h\u00e2l\u00e2 devam ediyor.   Milliyet\u00e7ilik konusunda d\u00fcnya \u00e7ap\u0131nda otorite kabul edilen Liah Greenfeld Milliyet\u00e7ilik Bir K\u0131sa Tarih isimli kitab\u0131nda okurunu tarihte, co\u011frafyalar ve k\u00fclt\u00fcrler aras\u0131nda entelekt\u00fcel bir yolculu\u011fa \u00e7\u0131kar\u0131yor; milliyet\u00e7ili\u011fin sebep oldu\u011fu t\u00fcm olumlu ve olumsuz geli\u015fmeleri son derece nesnel ve ak\u0131lc\u0131 bir tarzda aktar\u0131yor. <\/p>\n","protected":false},"excerpt":{"rendered":"<p>16. y\u00fczy\u0131lda \u0130ngiltere\u2019de \u00e7e\u015fitli fikir ve inan\u0131\u015flar\u0131n birle\u015fiminden filizlenen ulus olma duygusu, ye\u015ferdi\u011fi topluma katk\u0131lar\u0131yla k\u0131sa zamanda kom\u015fu \u00fclkelerin de dikkatini \u00e7ekti. Bu duygunun neticesi olan<span class=\"excerpt-hellip\"> [\u2026]<\/span><\/p>\n","protected":false},"featured_media":0,"template":"","meta":{"_monsterinsights_skip_tracking":false,"_monsterinsights_sitenote_active":false,"_monsterinsights_sitenote_note":"","_monsterinsights_sitenote_category":0},"product_brand":[],"product_cat":[12370,12304],"product_tag":[],"class_list":{"0":"post-734150","1":"product","2":"type-product","3":"status-publish","5":"product_cat-arastirma-inceleme","6":"product_cat-tarih","7":"pa_cilt-ciltsiz","8":"pa_tur-kitap","9":"pa_yayinevi-alfa-yayinlari","10":"pa_yazar-liah-greenfeld","12":"first","13":"instock","14":"sale","15":"shipping-taxable","16":"purchasable","17":"product-type-simple"},"_links":{"self":[{"href":"https:\/\/roveyayinevi.com.tr\/index.php\/wp-json\/wp\/v2\/product\/734150","targetHints":{"allow":["GET"]}}],"collection":[{"href":"https:\/\/roveyayinevi.com.tr\/index.php\/wp-json\/wp\/v2\/product"}],"about":[{"href":"https:\/\/roveyayinevi.com.tr\/index.php\/wp-json\/wp\/v2\/types\/product"}],"wp:attachment":[{"href":"https:\/\/roveyayinevi.com.tr\/index.php\/wp-json\/wp\/v2\/media?parent=734150"}],"wp:term":[{"taxonomy":"product_brand","embeddable":true,"href":"https:\/\/roveyayinevi.com.tr\/index.php\/wp-json\/wp\/v2\/product_brand?post=734150"},{"taxonomy":"product_cat","embeddable":true,"href":"https:\/\/roveyayinevi.com.tr\/index.php\/wp-json\/wp\/v2\/product_cat?post=734150"},{"taxonomy":"product_tag","embeddable":true,"href":"https:\/\/roveyayinevi.com.tr\/index.php\/wp-json\/wp\/v2\/product_tag?post=734150"}],"curies":[{"name":"wp","href":"https:\/\/api.w.org\/{rel}","templated":true}]}}