{"id":734120,"date":"2025-08-27T22:22:26","date_gmt":"2025-08-27T19:22:26","guid":{"rendered":"https:\/\/roveyayinevi.com.tr\/index.php\/urun\/cocuklar-icin-edebiyat-1-sait-faikin-adasi\/"},"modified":"2026-04-16T02:41:58","modified_gmt":"2026-04-15T23:41:58","slug":"cocuklar-icin-edebiyat-1-sait-faikin-adasi","status":"publish","type":"product","link":"https:\/\/roveyayinevi.com.tr\/index.php\/urun\/cocuklar-icin-edebiyat-1-sait-faikin-adasi\/","title":{"rendered":"\u00c7ocuklar \u0130\u00e7in Edebiyat 1 &#8211; Sait Faik&#8217;in Adas\u0131"},"content":{"rendered":"<p>Edebiyat\u0131m\u0131z\u0131n \u015fair ve yazarlar\u0131n\u0131n hayatlar\u0131n\u0131 resimli hik\u00e2yelerle ke\u015ffetmeye var m\u0131s\u0131n\u0131z? S\u00f6zc\u00fcklerle bal\u0131k a\u011flar\u0131 \u00f6rmeye, k\u00f6pe\u011fim ve bal\u0131k\u00e7\u0131 arkada\u015flar\u0131mla tan\u0131\u015fmaya haz\u0131r m\u0131s\u0131n\u0131z?<\/p>\n","protected":false},"excerpt":{"rendered":"<p>Edebiyat\u0131m\u0131z\u0131n \u015fair ve yazarlar\u0131n\u0131n hayatlar\u0131n\u0131 resimli hik\u00e2yelerle ke\u015ffetmeye var m\u0131s\u0131n\u0131z? S\u00f6zc\u00fcklerle bal\u0131k a\u011flar\u0131 \u00f6rmeye, k\u00f6pe\u011fim ve bal\u0131k\u00e7\u0131 arkada\u015flar\u0131mla tan\u0131\u015fmaya haz\u0131r m\u0131s\u0131n\u0131z?<\/p>\n","protected":false},"featured_media":0,"template":"","meta":{"_monsterinsights_skip_tracking":false,"_monsterinsights_sitenote_active":false,"_monsterinsights_sitenote_note":"","_monsterinsights_sitenote_category":0},"product_brand":[],"product_cat":[12274,12284],"product_tag":[],"class_list":{"0":"post-734120","1":"product","2":"type-product","3":"status-publish","5":"product_cat-cocuk-ve-genclik-kitaplari","6":"product_cat-hikayeler","7":"pa_cilt-ciltsiz","8":"pa_tur-kitap","9":"pa_yayinevi-eksik-parca-yayinlari","10":"pa_yazar-erdogan-ogultekin","12":"first","13":"instock","14":"sale","15":"shipping-taxable","16":"purchasable","17":"product-type-simple"},"_links":{"self":[{"href":"https:\/\/roveyayinevi.com.tr\/index.php\/wp-json\/wp\/v2\/product\/734120","targetHints":{"allow":["GET"]}}],"collection":[{"href":"https:\/\/roveyayinevi.com.tr\/index.php\/wp-json\/wp\/v2\/product"}],"about":[{"href":"https:\/\/roveyayinevi.com.tr\/index.php\/wp-json\/wp\/v2\/types\/product"}],"wp:attachment":[{"href":"https:\/\/roveyayinevi.com.tr\/index.php\/wp-json\/wp\/v2\/media?parent=734120"}],"wp:term":[{"taxonomy":"product_brand","embeddable":true,"href":"https:\/\/roveyayinevi.com.tr\/index.php\/wp-json\/wp\/v2\/product_brand?post=734120"},{"taxonomy":"product_cat","embeddable":true,"href":"https:\/\/roveyayinevi.com.tr\/index.php\/wp-json\/wp\/v2\/product_cat?post=734120"},{"taxonomy":"product_tag","embeddable":true,"href":"https:\/\/roveyayinevi.com.tr\/index.php\/wp-json\/wp\/v2\/product_tag?post=734120"}],"curies":[{"name":"wp","href":"https:\/\/api.w.org\/{rel}","templated":true}]}}