{"id":734110,"date":"2025-08-27T22:22:16","date_gmt":"2025-08-27T19:22:16","guid":{"rendered":"https:\/\/roveyayinevi.com.tr\/index.php\/urun\/cekirdek-ile-yumurta\/"},"modified":"2026-04-16T02:41:58","modified_gmt":"2026-04-15T23:41:58","slug":"cekirdek-ile-yumurta","status":"publish","type":"product","link":"https:\/\/roveyayinevi.com.tr\/index.php\/urun\/cekirdek-ile-yumurta\/","title":{"rendered":"\u00c7ekirdek \u0130le Yumurta"},"content":{"rendered":"<p>\u00c7ekirdek ile Yumurta bir elman\u0131n iki yar\u0131s\u0131 gibiydiler.   Arkada\u015fl\u0131klar\u0131 b\u00fcy\u00fcd\u00fck\u00e7e, onlar da b\u00fcy\u00fcd\u00fcler.   \u00c7ekirdek i\u00e7in bu, fidan olup k\u00f6k salmak demekti.   Yumurta i\u00e7inse ku\u015f olup \u00c7ekirdek&#8217;in gelemeyece\u011fi uzaklara do\u011fru kanatlanmak.   Ama y\u0131llar ge\u00e7se de buldular yine birbirlerini, t\u00fcm ger\u00e7ek dostlar gibi.    \u00d6d\u00fcll\u00fc yazar Alex Latimer ve Waterstones \u00d6d\u00fcll\u00fc \u00e7izer David Litchfield\u2019dan b\u00fcy\u00fcmek ve dostluk \u00fczerine b\u00fcy\u00fcleyici bir resimli kitap. <\/p>\n","protected":false},"excerpt":{"rendered":"<p>\u00c7ekirdek ile Yumurta bir elman\u0131n iki yar\u0131s\u0131 gibiydiler. Arkada\u015fl\u0131klar\u0131 b\u00fcy\u00fcd\u00fck\u00e7e, onlar da b\u00fcy\u00fcd\u00fcler. \u00c7ekirdek i\u00e7in bu, fidan olup k\u00f6k salmak demekti. Yumurta i\u00e7inse ku\u015f olup \u00c7ekirdek&#8217;in<span class=\"excerpt-hellip\"> [\u2026]<\/span><\/p>\n","protected":false},"featured_media":0,"template":"","meta":{"_monsterinsights_skip_tracking":false,"_monsterinsights_sitenote_active":false,"_monsterinsights_sitenote_note":"","_monsterinsights_sitenote_category":0},"product_brand":[],"product_cat":[12274,12518],"product_tag":[],"class_list":{"0":"post-734110","1":"product","2":"type-product","3":"status-publish","5":"product_cat-cocuk-ve-genclik-kitaplari","6":"product_cat-okul-oncesi-kitaplar","7":"pa_cilt-ciltsiz","8":"pa_tur-kitap","9":"pa_yayinevi-domingo-yayinevi","10":"pa_yazar-alex-latimer","12":"first","13":"instock","14":"sale","15":"shipping-taxable","16":"purchasable","17":"product-type-simple"},"_links":{"self":[{"href":"https:\/\/roveyayinevi.com.tr\/index.php\/wp-json\/wp\/v2\/product\/734110","targetHints":{"allow":["GET"]}}],"collection":[{"href":"https:\/\/roveyayinevi.com.tr\/index.php\/wp-json\/wp\/v2\/product"}],"about":[{"href":"https:\/\/roveyayinevi.com.tr\/index.php\/wp-json\/wp\/v2\/types\/product"}],"wp:attachment":[{"href":"https:\/\/roveyayinevi.com.tr\/index.php\/wp-json\/wp\/v2\/media?parent=734110"}],"wp:term":[{"taxonomy":"product_brand","embeddable":true,"href":"https:\/\/roveyayinevi.com.tr\/index.php\/wp-json\/wp\/v2\/product_brand?post=734110"},{"taxonomy":"product_cat","embeddable":true,"href":"https:\/\/roveyayinevi.com.tr\/index.php\/wp-json\/wp\/v2\/product_cat?post=734110"},{"taxonomy":"product_tag","embeddable":true,"href":"https:\/\/roveyayinevi.com.tr\/index.php\/wp-json\/wp\/v2\/product_tag?post=734110"}],"curies":[{"name":"wp","href":"https:\/\/api.w.org\/{rel}","templated":true}]}}