{"id":734101,"date":"2025-08-27T22:22:07","date_gmt":"2025-08-27T19:22:07","guid":{"rendered":"https:\/\/roveyayinevi.com.tr\/index.php\/urun\/baska-siir\/"},"modified":"2026-04-03T02:49:17","modified_gmt":"2026-04-02T23:49:17","slug":"baska-siir","status":"publish","type":"product","link":"https:\/\/roveyayinevi.com.tr\/index.php\/urun\/baska-siir\/","title":{"rendered":"B&#8217;a\u015fk&#8217;a \u015eiir"},"content":{"rendered":"<p>Bu kitap y\u00fcre\u011fimdeki Hak ve A\u015fk noktalar\u0131ndan s\u00fcz\u00fclegelen s\u00f6zler demetidir. Adeta bir harmanda bu\u011fday ba\u015faklar\u0131ndan olu\u015fan demetlerin havada, r\u00fczgarda savuruldu\u011fu gibi ben de \u015fiirlerimi, s\u00f6zlerimi \u015fiir dostlar\u0131n\u0131n y\u00fcreklerine, bu kitaptaki sahifeler halinde savurdum.   Kitab\u0131m\u0131n ismi B\u201da\u015fk\u201da \u015eiir. Ba\u015fka \u015fiir, Hakk\u2019a \u015fiir, a\u015fk\u2019a \u015fiir. Y\u00fcce Rabbim bizi Hakk\u2019tan ve a\u015fk\u2019tan ay\u0131rmas\u0131n. Amin.   \u015eiir sever dostlar\u0131m\u0131n bu kitaptan istifade etmesini ve birka\u00e7 s\u00f6zle de olsa ho\u015fluk duyaca\u011f\u0131 ve g\u00fczellik hissedece\u011fi bir \u015feyler bulmas\u0131n\u0131 diliyorum. Olur in\u015fallah.   ***   B \u201cA\u015eK\u201dA \u015e\u0130\u0130R   \u0130nan, ba\u015fka bir \u015fey bu, hem de \u00e7ok ba\u015fka. \u0130nsan anlam\u0131yor, d\u00fc\u015fmeyince A\u015fk\u2019a.   D\u00fc\u015ft\u00fcm ben de, kimse tutup kald\u0131rmas\u0131n. Herkes yoluna gitsin, hi\u00e7 ald\u0131rmas\u0131n.   D\u00fc\u015ft\u00fc\u011f\u00fcm yer, y\u00fccelerin en y\u00fccesi. A\u015fk tek bir kez ya\u015fan\u0131r, yoktur hecesi.   \u00c7ok \u015f\u00fck\u00fcr A\u015fk\u2019a d\u00fc\u015ft\u00fcm ben, d\u00fc\u015f\u2019t\u00fcm A\u015fk\u2019a. \u0130\u015ften bundan dolay\u0131, bu \u015fiir ba\u015fka.   A\u015fk\u2019\u0131m Allah\u2019\u0131n ad\u0131ylad\u0131r, ad\u0131yla. Sonsuza dek ya\u015far\u0131m A\u015fk\u2019\u0131n tad\u0131yla. <\/p>\n","protected":false},"excerpt":{"rendered":"<p>Bu kitap y\u00fcre\u011fimdeki Hak ve A\u015fk noktalar\u0131ndan s\u00fcz\u00fclegelen s\u00f6zler demetidir. Adeta bir harmanda bu\u011fday ba\u015faklar\u0131ndan olu\u015fan demetlerin havada, r\u00fczgarda savuruldu\u011fu gibi ben de \u015fiirlerimi, s\u00f6zlerimi \u015fiir<span class=\"excerpt-hellip\"> [\u2026]<\/span><\/p>\n","protected":false},"featured_media":0,"template":"","meta":{"_monsterinsights_skip_tracking":false,"_monsterinsights_sitenote_active":false,"_monsterinsights_sitenote_note":"","_monsterinsights_sitenote_category":0},"product_brand":[],"product_cat":[12291,12509],"product_tag":[],"class_list":{"0":"post-734101","1":"product","2":"type-product","3":"status-publish","5":"product_cat-edebiyat","6":"product_cat-siir","7":"pa_cilt-ciltsiz","8":"pa_tur-kitap","9":"pa_yayinevi-gulnar-yayinlari","10":"pa_yazar-ahmet-sandal","12":"first","13":"instock","14":"sale","15":"shipping-taxable","16":"purchasable","17":"product-type-simple"},"_links":{"self":[{"href":"https:\/\/roveyayinevi.com.tr\/index.php\/wp-json\/wp\/v2\/product\/734101","targetHints":{"allow":["GET"]}}],"collection":[{"href":"https:\/\/roveyayinevi.com.tr\/index.php\/wp-json\/wp\/v2\/product"}],"about":[{"href":"https:\/\/roveyayinevi.com.tr\/index.php\/wp-json\/wp\/v2\/types\/product"}],"wp:attachment":[{"href":"https:\/\/roveyayinevi.com.tr\/index.php\/wp-json\/wp\/v2\/media?parent=734101"}],"wp:term":[{"taxonomy":"product_brand","embeddable":true,"href":"https:\/\/roveyayinevi.com.tr\/index.php\/wp-json\/wp\/v2\/product_brand?post=734101"},{"taxonomy":"product_cat","embeddable":true,"href":"https:\/\/roveyayinevi.com.tr\/index.php\/wp-json\/wp\/v2\/product_cat?post=734101"},{"taxonomy":"product_tag","embeddable":true,"href":"https:\/\/roveyayinevi.com.tr\/index.php\/wp-json\/wp\/v2\/product_tag?post=734101"}],"curies":[{"name":"wp","href":"https:\/\/api.w.org\/{rel}","templated":true}]}}