{"id":734096,"date":"2025-08-27T22:22:02","date_gmt":"2025-08-27T19:22:02","guid":{"rendered":"https:\/\/roveyayinevi.com.tr\/index.php\/urun\/siyasetname-islami-bir-devlet-idaresi-teorisi\/"},"modified":"2026-04-16T02:41:58","modified_gmt":"2026-04-15T23:41:58","slug":"siyasetname-islami-bir-devlet-idaresi-teorisi","status":"publish","type":"product","link":"https:\/\/roveyayinevi.com.tr\/index.php\/urun\/siyasetname-islami-bir-devlet-idaresi-teorisi\/","title":{"rendered":"Siyasetname &#8211; \u0130slami Bir Devlet \u0130daresi Teorisi"},"content":{"rendered":"<p>Elinizdeki eserde bir grup bilim adam\u0131; Arap, Fars, G\u00fcney Asya ve T\u00fcrk geleneklerindeki \u0130slam d\u00fc\u015f\u00fcncesinin kimi kavram ve kanunlar\u0131n\u0131 yeniden yorumlamaktad\u0131r. Bu bilim adamlar\u0131 ayr\u0131 ayr\u0131 yazd\u0131klar\u0131 makalelerinde, devlet idaresi ve te\u015fkilat\u0131 konular\u0131nda \u00fcniter bir \u201c\u0130slami\u201d s\u00f6ylemin olmad\u0131\u011f\u0131n\u0131 ortaya koymaktad\u0131r. \u0130slam\u2019\u0131n huzur ve mutabakat temelli, ancak canl\u0131 tart\u0131\u015fmalardan m\u00fcte\u015fekkil bir ifade bi\u00e7imi oldu\u011funun da alt\u0131n\u0131 \u00e7izmektedirler. Zira M\u00fcsl\u00fcman ilahiyat\u00e7\u0131lar, filozoflar ve edebiyat\u00e7\u0131lar aras\u0131nda \u015fu t\u00fcr sorular \u015fiddetli tart\u0131\u015fmalara ve derin anla\u015fmazl\u0131klara yol a\u00e7m\u0131\u015ft\u0131r: \u0130slam devleti nedir? Devlet, \u0130slam siyaset d\u00fc\u015f\u00fcnce gelene\u011finde ba\u011f\u0131ms\u0131z bir siyasi kurum olarak g\u00f6r\u00fclm\u00fc\u015f m\u00fcd\u00fcr? \u0130yi i\u015flerin \u00f6nemine gere\u011finden fazla vurgu yapan bir dinin ger\u00e7ekten g\u00fc\u00e7l\u00fc bir \u201ckamu maslahat\u0131\u201d nosyonuna veya sistematik bir h\u00fck\u00fbmet teorisine sahip olmamas\u0131 m\u00fcmk\u00fcn m\u00fcd\u00fcr? \u0130slam; hem modern \u00f6ncesi hem de modern M\u00fcsl\u00fcman y\u00f6neticiler i\u00e7in bir yap\u0131, ortak bir s\u00f6ylem ve ideolojik bir fikir birlikteli\u011fi sa\u011flamakta m\u0131d\u0131r? Bu kitapta sunulan \u0130slami geleneklerin incelikli okumas\u0131, gelecek nesil M\u00fcsl\u00fcmanlar\u0131n daha insanc\u0131l bir devlet y\u00f6netimi bi\u00e7imi tasarlamalar\u0131na yard\u0131mc\u0131 olacakt\u0131r. <\/p>\n","protected":false},"excerpt":{"rendered":"<p>Elinizdeki eserde bir grup bilim adam\u0131; Arap, Fars, G\u00fcney Asya ve T\u00fcrk geleneklerindeki \u0130slam d\u00fc\u015f\u00fcncesinin kimi kavram ve kanunlar\u0131n\u0131 yeniden yorumlamaktad\u0131r. Bu bilim adamlar\u0131 ayr\u0131 ayr\u0131<span class=\"excerpt-hellip\"> [\u2026]<\/span><\/p>\n","protected":false},"featured_media":0,"template":"","meta":{"_monsterinsights_skip_tracking":false,"_monsterinsights_sitenote_active":false,"_monsterinsights_sitenote_note":"","_monsterinsights_sitenote_category":0},"product_brand":[],"product_cat":[13036,12718,12719],"product_tag":[],"class_list":{"0":"post-734096","1":"product","2":"type-product","3":"status-publish","5":"product_cat-arastirma-inceleme-islam","6":"product_cat-din","7":"product_cat-islam","8":"pa_cilt-ciltsiz","9":"pa_tur-kitap","10":"pa_yayinevi-albaraka-yayinlari","11":"pa_yazar-mehrzad-boroujerdi","13":"first","14":"instock","15":"sale","16":"shipping-taxable","17":"purchasable","18":"product-type-simple"},"_links":{"self":[{"href":"https:\/\/roveyayinevi.com.tr\/index.php\/wp-json\/wp\/v2\/product\/734096","targetHints":{"allow":["GET"]}}],"collection":[{"href":"https:\/\/roveyayinevi.com.tr\/index.php\/wp-json\/wp\/v2\/product"}],"about":[{"href":"https:\/\/roveyayinevi.com.tr\/index.php\/wp-json\/wp\/v2\/types\/product"}],"wp:attachment":[{"href":"https:\/\/roveyayinevi.com.tr\/index.php\/wp-json\/wp\/v2\/media?parent=734096"}],"wp:term":[{"taxonomy":"product_brand","embeddable":true,"href":"https:\/\/roveyayinevi.com.tr\/index.php\/wp-json\/wp\/v2\/product_brand?post=734096"},{"taxonomy":"product_cat","embeddable":true,"href":"https:\/\/roveyayinevi.com.tr\/index.php\/wp-json\/wp\/v2\/product_cat?post=734096"},{"taxonomy":"product_tag","embeddable":true,"href":"https:\/\/roveyayinevi.com.tr\/index.php\/wp-json\/wp\/v2\/product_tag?post=734096"}],"curies":[{"name":"wp","href":"https:\/\/api.w.org\/{rel}","templated":true}]}}