{"id":734079,"date":"2025-08-27T22:21:47","date_gmt":"2025-08-27T19:21:47","guid":{"rendered":"https:\/\/roveyayinevi.com.tr\/index.php\/urun\/cengel-bulmaca-futbol-2\/"},"modified":"2025-10-06T06:52:49","modified_gmt":"2025-10-06T03:52:49","slug":"cengel-bulmaca-futbol-2","status":"publish","type":"product","link":"https:\/\/roveyayinevi.com.tr\/index.php\/urun\/cengel-bulmaca-futbol-2\/","title":{"rendered":"\u00c7engel Bulmaca &#8211; Futbol 2"},"content":{"rendered":"<p>\u0130lgi alanlar\u0131na g\u00f6re kategorize edilmi\u015f bu seriyle art\u0131k \u00e7engel bulmaca \u00e7\u00f6zmek daha da keyifli! Ge\u00e7mi\u015ften g\u00fcn\u00fcm\u00fcze, yediden yetmi\u015fe herkesin severek \u00e7\u00f6zd\u00fc\u011f\u00fc \u00e7engel bulmacay\u0131, edebiyat, ye\u015fil\u00e7am, sinema, futbol ve klasik olmak \u00fczere 5 ayr\u0131 kategoriye ay\u0131rd\u0131k. Klasik \u00e7engel bulmaca \u00e7\u00f6zme keyfinize sevdi\u011finiz temalar\u0131 da ekleyerek bilginize bilgi kat\u0131yoruz. Sayfalar dolusu 62 adet bulmacay\u0131 \u00e7\u00f6zerek hem keyifli vakit ge\u00e7irecek hem de haf\u0131zan\u0131z\u0131, dikkat becerilerinizi, el-g\u00f6z koordinasyonunuzu g\u00fc\u00e7lendireceksiniz! \u00c7engel bulmaca \u00e7\u00f6zmenin ya\u015fl\u0131l\u0131\u011fa ba\u011fl\u0131 haf\u0131za zay\u0131fl\u0131\u011f\u0131n\u0131 engelledi\u011fini biliyor muydunuz? <\/p>\n","protected":false},"excerpt":{"rendered":"<p>\u0130lgi alanlar\u0131na g\u00f6re kategorize edilmi\u015f bu seriyle art\u0131k \u00e7engel bulmaca \u00e7\u00f6zmek daha da keyifli! Ge\u00e7mi\u015ften g\u00fcn\u00fcm\u00fcze, yediden yetmi\u015fe herkesin severek \u00e7\u00f6zd\u00fc\u011f\u00fc \u00e7engel bulmacay\u0131, edebiyat, ye\u015fil\u00e7am, sinema,<span class=\"excerpt-hellip\"> [\u2026]<\/span><\/p>\n","protected":false},"featured_media":0,"template":"","meta":{"_monsterinsights_skip_tracking":false,"_monsterinsights_sitenote_active":false,"_monsterinsights_sitenote_note":"","_monsterinsights_sitenote_category":0},"product_brand":[],"product_cat":[16943,15563],"product_tag":[],"class_list":{"0":"post-734079","1":"product","2":"type-product","3":"status-publish","5":"product_cat-bilmeceler-bulmacalar","6":"product_cat-hobi","7":"pa_cilt-ciltsiz","8":"pa_tur-kitap10","9":"pa_yayinevi-dokuz-yayinlari","10":"pa_yazar-hakan-kayar-zeliha-kayar","12":"first","13":"instock","14":"sale","15":"shipping-taxable","16":"purchasable","17":"product-type-simple"},"_links":{"self":[{"href":"https:\/\/roveyayinevi.com.tr\/index.php\/wp-json\/wp\/v2\/product\/734079","targetHints":{"allow":["GET"]}}],"collection":[{"href":"https:\/\/roveyayinevi.com.tr\/index.php\/wp-json\/wp\/v2\/product"}],"about":[{"href":"https:\/\/roveyayinevi.com.tr\/index.php\/wp-json\/wp\/v2\/types\/product"}],"wp:attachment":[{"href":"https:\/\/roveyayinevi.com.tr\/index.php\/wp-json\/wp\/v2\/media?parent=734079"}],"wp:term":[{"taxonomy":"product_brand","embeddable":true,"href":"https:\/\/roveyayinevi.com.tr\/index.php\/wp-json\/wp\/v2\/product_brand?post=734079"},{"taxonomy":"product_cat","embeddable":true,"href":"https:\/\/roveyayinevi.com.tr\/index.php\/wp-json\/wp\/v2\/product_cat?post=734079"},{"taxonomy":"product_tag","embeddable":true,"href":"https:\/\/roveyayinevi.com.tr\/index.php\/wp-json\/wp\/v2\/product_tag?post=734079"}],"curies":[{"name":"wp","href":"https:\/\/api.w.org\/{rel}","templated":true}]}}