{"id":734068,"date":"2025-08-27T22:21:37","date_gmt":"2025-08-27T19:21:37","guid":{"rendered":"https:\/\/roveyayinevi.com.tr\/index.php\/urun\/balkan-harbinden-sonra-sarkta-almanya\/"},"modified":"2026-04-16T02:41:57","modified_gmt":"2026-04-15T23:41:57","slug":"balkan-harbinden-sonra-sarkta-almanya","status":"publish","type":"product","link":"https:\/\/roveyayinevi.com.tr\/index.php\/urun\/balkan-harbinden-sonra-sarkta-almanya\/","title":{"rendered":"Balkan Harbinden Sonra \u015earkta Almanya"},"content":{"rendered":"<p>Alman yazar ve akademisyen Dr. Ernst J\u00e4ckh, Balkan Harbinden Sonra \u015earkta Almanya ba\u015fl\u0131kl\u0131 bu eserde b\u00fcy\u00fck \u00f6l\u00e7\u00fcde Osmanl\u0131 Devleti\u2019ni ve T\u00fcrkleri ele almaktad\u0131r. 20. y\u00fczy\u0131l\u0131n ba\u015f\u0131nda T\u00fcrkler hakk\u0131nda uluslararas\u0131 kamuoyunda maksatl\u0131, y\u0131prat\u0131c\u0131, y\u0131k\u0131c\u0131 politika ve propagandan\u0131n etkin oldu\u011fu bir s\u00fcre\u00e7te b\u00f6ylesine bir eserin kaleme al\u0131nm\u0131\u015f olmas\u0131 \u00e7ok \u00f6nemlidir. Balkan Sava\u015flar\u0131\u2019nda yazar\u0131n ifadesi ile \u201cbir millet yok edilirken\u201d b\u00fcy\u00fck devletlerin buna sessiz kalmas\u0131 hatta ha\u00e7l\u0131 bayra\u011f\u0131 alt\u0131nda her t\u00fcrl\u00fc zul\u00fcm ve katliam\u0131 ger\u00e7ekle\u015ftiren ordulara ve \u00e7etelere destek vermesi 20. y\u00fczy\u0131l medeniyetinin i\u00e7y\u00fcz\u00fcn\u00fc g\u00f6stermektedir.  \u00dclkemizde Balkan Sava\u015flar\u0131 hakk\u0131nda \u00e7ok say\u0131da akademik \u00e7al\u0131\u015fma yap\u0131lm\u0131\u015f olmas\u0131na ra\u011fmen b\u00f6ylesine \u00f6nemli bir eserin hemen hemen hi\u00e7bir \u00e7al\u0131\u015fmada de\u011ferlendirilmemi\u015f olmas\u0131 b\u00fcy\u00fck bir eksiklikti. Zira \u00e7ok k\u0131ymetli vesikalara dayal\u0131 olarak haz\u0131rlanm\u0131\u015f olan bu eser, 20. y\u00fczy\u0131l\u0131n ba\u015f\u0131nda Balkan M\u00fcsl\u00fcmanlar\u0131na uygulanan mezalimin bir yabanc\u0131 taraf\u0131ndan d\u00fcnya kamuoyuna duyurulmas\u0131 a\u00e7\u0131s\u0131ndan \u00f6nemli bir anlam ifade etmektedir. Bununla birlikte eserde; 19. y\u00fczy\u0131l\u0131n sonlar\u0131nda Almanya\u2019n\u0131n d\u00fcnya ekonomisindeki yerine de\u011finilerek n\u00fcfus, \u00fcretim ve siyaset a\u00e7\u0131s\u0131ndan nas\u0131l \u00f6nemli bir g\u00fc\u00e7 haline geldi\u011fi dolay\u0131s\u0131yla dengeleri ve ittifaklar\u0131 sarsacak bir iktisadi siyaset takip etmeye \u00e7al\u0131\u015fmas\u0131 ve k\u00fcresel bir akt\u00f6r olan \u0130ngiltere\u2019nin takip etmi\u015f oldu\u011fu yay\u0131lmac\u0131 politikas\u0131n\u0131n etkileri ele al\u0131nm\u0131\u015ft\u0131r. Bu kapsamda Ba\u011fdat Demiryolu hatt\u0131 \u00fczerinde Almanya-\u0130ngiltere \u00e7eki\u015fmesi ve bu konuda yap\u0131lan asker\u00ee, siyasi ve ekonomik politikalar ele al\u0131nm\u0131\u015ft\u0131r.  <\/p>\n","protected":false},"excerpt":{"rendered":"<p>Alman yazar ve akademisyen Dr. Ernst J\u00e4ckh, Balkan Harbinden Sonra \u015earkta Almanya ba\u015fl\u0131kl\u0131 bu eserde b\u00fcy\u00fck \u00f6l\u00e7\u00fcde Osmanl\u0131 Devleti\u2019ni ve T\u00fcrkleri ele almaktad\u0131r. 20. y\u00fczy\u0131l\u0131n ba\u015f\u0131nda<span class=\"excerpt-hellip\"> [\u2026]<\/span><\/p>\n","protected":false},"featured_media":0,"template":"","meta":{"_monsterinsights_skip_tracking":false,"_monsterinsights_sitenote_active":false,"_monsterinsights_sitenote_note":"","_monsterinsights_sitenote_category":0},"product_brand":[],"product_cat":[12370,12304],"product_tag":[],"class_list":{"0":"post-734068","1":"product","2":"type-product","3":"status-publish","5":"product_cat-arastirma-inceleme","6":"product_cat-tarih","7":"pa_cilt-ciltsiz","8":"pa_tur-kitap","9":"pa_yayinevi-yeditepe-yayinevi","10":"pa_yazar-ernst-jackh","12":"first","13":"instock","14":"sale","15":"shipping-taxable","16":"purchasable","17":"product-type-simple"},"_links":{"self":[{"href":"https:\/\/roveyayinevi.com.tr\/index.php\/wp-json\/wp\/v2\/product\/734068","targetHints":{"allow":["GET"]}}],"collection":[{"href":"https:\/\/roveyayinevi.com.tr\/index.php\/wp-json\/wp\/v2\/product"}],"about":[{"href":"https:\/\/roveyayinevi.com.tr\/index.php\/wp-json\/wp\/v2\/types\/product"}],"wp:attachment":[{"href":"https:\/\/roveyayinevi.com.tr\/index.php\/wp-json\/wp\/v2\/media?parent=734068"}],"wp:term":[{"taxonomy":"product_brand","embeddable":true,"href":"https:\/\/roveyayinevi.com.tr\/index.php\/wp-json\/wp\/v2\/product_brand?post=734068"},{"taxonomy":"product_cat","embeddable":true,"href":"https:\/\/roveyayinevi.com.tr\/index.php\/wp-json\/wp\/v2\/product_cat?post=734068"},{"taxonomy":"product_tag","embeddable":true,"href":"https:\/\/roveyayinevi.com.tr\/index.php\/wp-json\/wp\/v2\/product_tag?post=734068"}],"curies":[{"name":"wp","href":"https:\/\/api.w.org\/{rel}","templated":true}]}}