{"id":734058,"date":"2025-08-27T22:21:26","date_gmt":"2025-08-27T19:21:26","guid":{"rendered":"https:\/\/roveyayinevi.com.tr\/index.php\/urun\/hanimlara-mahsus-hikayeler-kadinlarin-hafizasi\/"},"modified":"2026-04-16T02:41:57","modified_gmt":"2026-04-15T23:41:57","slug":"hanimlara-mahsus-hikayeler-kadinlarin-hafizasi","status":"publish","type":"product","link":"https:\/\/roveyayinevi.com.tr\/index.php\/urun\/hanimlara-mahsus-hikayeler-kadinlarin-hafizasi\/","title":{"rendered":"Han\u0131mlara Mahsus Hikayeler &#8211; Kad\u0131nlar\u0131n Haf\u0131zas\u0131"},"content":{"rendered":"<p>1895, T\u00fcrkiye\u2019de kad\u0131n yazarl\u0131\u011f\u0131n d\u00f6n\u00fc\u015f\u00fcm\u00fcnde belirleyici bir y\u0131ld\u0131. Emine Semiye, Makbule Leman, Nig\u00e2r Han\u0131m, P. Fahriye, Rana bint-i Safvet, \u0130smet ve So\u011fana\u011fa Mahalleli M\u00fcnire\u2019nin de dahil oldu\u011fu kad\u0131n yazarlar ku\u015fa\u011f\u0131, bu y\u0131ldan itibaren Han\u0131mlara Mahsus Gazete\u2019yi mek\u00e2n bilerek hik\u00e2yelerini yay\u0131mlamaya ba\u015flad\u0131lar. Daha \u00f6nceki kad\u0131n yazarlar\u0131n \u015fahsi giri\u015fimleri burada bir ku\u015fa\u011f\u0131n ortak faaliyetine d\u00f6n\u00fc\u015ft\u00fc.On dokuzuncu y\u00fczy\u0131l\u0131n sonunda kad\u0131n yazarlar; a\u015fk\u0131, aileyi, tabiat\u0131, i\u00e7 \u00e2lemlerini, \u015fehri, toplumu nas\u0131l g\u00f6r\u00fcyorlard\u0131?Hangi dertlere nas\u0131l \u00e7\u00f6z\u00fcmlerle yakla\u015f\u0131yorlard\u0131? Kad\u0131nlar aras\u0131 yolda\u015fl\u0131\u011f\u0131 nas\u0131l kuruyorlard\u0131?Bu sorulara cevaplar sunan Han\u0131mlara Mahsus Hik\u00e2yeler\u2019de bir ku\u015fa\u011f\u0131n edeb\u00ee, duygusal ve sosyal d\u00fcnyas\u0131yla tan\u0131\u015f\u0131yoruz.<\/p>\n","protected":false},"excerpt":{"rendered":"<p>1895, T\u00fcrkiye\u2019de kad\u0131n yazarl\u0131\u011f\u0131n d\u00f6n\u00fc\u015f\u00fcm\u00fcnde belirleyici bir y\u0131ld\u0131. Emine Semiye, Makbule Leman, Nig\u00e2r Han\u0131m, P. Fahriye, Rana bint-i Safvet, \u0130smet ve So\u011fana\u011fa Mahalleli M\u00fcnire\u2019nin de dahil<span class=\"excerpt-hellip\"> [\u2026]<\/span><\/p>\n","protected":false},"featured_media":0,"template":"","meta":{"_monsterinsights_skip_tracking":false,"_monsterinsights_sitenote_active":false,"_monsterinsights_sitenote_note":"","_monsterinsights_sitenote_category":0},"product_brand":[],"product_cat":[12291,12711],"product_tag":[],"class_list":{"0":"post-734058","1":"product","2":"type-product","3":"status-publish","5":"product_cat-edebiyat","6":"product_cat-roman-oyku","7":"pa_cilt-ciltsiz","8":"pa_tur-kitap","9":"pa_yayinevi-turkuvaz-kitap","10":"pa_yazar-turkuvaz-kitap-kolektif","12":"first","13":"instock","14":"sale","15":"shipping-taxable","16":"purchasable","17":"product-type-simple"},"_links":{"self":[{"href":"https:\/\/roveyayinevi.com.tr\/index.php\/wp-json\/wp\/v2\/product\/734058","targetHints":{"allow":["GET"]}}],"collection":[{"href":"https:\/\/roveyayinevi.com.tr\/index.php\/wp-json\/wp\/v2\/product"}],"about":[{"href":"https:\/\/roveyayinevi.com.tr\/index.php\/wp-json\/wp\/v2\/types\/product"}],"wp:attachment":[{"href":"https:\/\/roveyayinevi.com.tr\/index.php\/wp-json\/wp\/v2\/media?parent=734058"}],"wp:term":[{"taxonomy":"product_brand","embeddable":true,"href":"https:\/\/roveyayinevi.com.tr\/index.php\/wp-json\/wp\/v2\/product_brand?post=734058"},{"taxonomy":"product_cat","embeddable":true,"href":"https:\/\/roveyayinevi.com.tr\/index.php\/wp-json\/wp\/v2\/product_cat?post=734058"},{"taxonomy":"product_tag","embeddable":true,"href":"https:\/\/roveyayinevi.com.tr\/index.php\/wp-json\/wp\/v2\/product_tag?post=734058"}],"curies":[{"name":"wp","href":"https:\/\/api.w.org\/{rel}","templated":true}]}}