{"id":734048,"date":"2025-08-27T22:21:16","date_gmt":"2025-08-27T19:21:16","guid":{"rendered":"https:\/\/roveyayinevi.com.tr\/index.php\/urun\/yaren\/"},"modified":"2026-04-16T02:41:57","modified_gmt":"2026-04-15T23:41:57","slug":"yaren","status":"publish","type":"product","link":"https:\/\/roveyayinevi.com.tr\/index.php\/urun\/yaren\/","title":{"rendered":"Yaren"},"content":{"rendered":"<p>Kendimize bile itiraf ederken \u00e7ekindi\u011fimiz duygular vard\u0131r. A\u015fik\u00e2r oldu\u011funda b\u00fct\u00fcn ger\u00e7ekli\u011fini kaybedece\u011fini sand\u0131\u011f\u0131m\u0131z ve hep bir bo\u015flukta yuvarlanaca\u011f\u0131n\u0131 d\u00fc\u015f\u00fcnd\u00fc\u011f\u00fcm\u00fcz hisler. Bir g\u00fcn kendili\u011finden ve ayn\u0131 zamanda olmas\u0131 gerekti\u011fi gibi su y\u00fcz\u00fcnde belirece\u011fine inand\u0131\u011f\u0131m\u0131z d\u00fc\u015f\u00fcncelerimiz. Hi\u00e7bir duygu, d\u00fc\u015f\u00fcnce, his, anlam sahibinin arac\u0131l\u0131\u011f\u0131 olmadan yans\u0131yamaz. Biz birine g\u00fcl\u00fcmsedi\u011fimizde onu sevdi\u011fimizi, ona zaman ay\u0131rd\u0131\u011f\u0131m\u0131zda de\u011fer de\u011fer verdi\u011fimizi, onun i\u00e7in fedak\u00e2rl\u0131klar yapt\u0131\u011f\u0131m\u0131zda onu d\u00fc\u015f\u00fcnd\u00fc\u011f\u00fcm\u00fcz\u00fc anlamas\u0131n\u0131 bekleriz. Ta ki onlar bunu farketmeksizin bir \u015fekilde hayatlar\u0131m\u0131zdan \u00e7\u0131kana dek. Ondan sonra arkalar\u0131ndan s\u00f6yledi\u011fimiz binlerce c\u00fcmle sadece yank\u0131 olarak kal\u0131r. Vaktinde s\u00f6ylenmemi\u015f c\u00fcmle, yerinde g\u00f6sterilmeyen sevgi, ge\u00e7 kal\u0131nm\u0131\u015f bir \u00e7aba insan\u0131n sadece sa\u00e7\u0131n\u0131 a\u011fart\u0131r.<\/p>\n","protected":false},"excerpt":{"rendered":"<p>Kendimize bile itiraf ederken \u00e7ekindi\u011fimiz duygular vard\u0131r. A\u015fik\u00e2r oldu\u011funda b\u00fct\u00fcn ger\u00e7ekli\u011fini kaybedece\u011fini sand\u0131\u011f\u0131m\u0131z ve hep bir bo\u015flukta yuvarlanaca\u011f\u0131n\u0131 d\u00fc\u015f\u00fcnd\u00fc\u011f\u00fcm\u00fcz hisler. Bir g\u00fcn kendili\u011finden ve ayn\u0131 zamanda<span class=\"excerpt-hellip\"> [\u2026]<\/span><\/p>\n","protected":false},"featured_media":0,"template":"","meta":{"_monsterinsights_skip_tracking":false,"_monsterinsights_sitenote_active":false,"_monsterinsights_sitenote_note":"","_monsterinsights_sitenote_category":0},"product_brand":[],"product_cat":[14009,12291],"product_tag":[],"class_list":{"0":"post-734048","1":"product","2":"type-product","3":"status-publish","5":"product_cat-biyografi-otobiyografi-edebiyat","6":"product_cat-edebiyat","7":"pa_cilt-ciltsiz","8":"pa_tur-kitap","9":"pa_yayinevi-kitap-molasi-yayinlari","10":"pa_yazar-f-beyza-taskin","12":"first","13":"instock","14":"sale","15":"shipping-taxable","16":"purchasable","17":"product-type-simple"},"_links":{"self":[{"href":"https:\/\/roveyayinevi.com.tr\/index.php\/wp-json\/wp\/v2\/product\/734048","targetHints":{"allow":["GET"]}}],"collection":[{"href":"https:\/\/roveyayinevi.com.tr\/index.php\/wp-json\/wp\/v2\/product"}],"about":[{"href":"https:\/\/roveyayinevi.com.tr\/index.php\/wp-json\/wp\/v2\/types\/product"}],"wp:attachment":[{"href":"https:\/\/roveyayinevi.com.tr\/index.php\/wp-json\/wp\/v2\/media?parent=734048"}],"wp:term":[{"taxonomy":"product_brand","embeddable":true,"href":"https:\/\/roveyayinevi.com.tr\/index.php\/wp-json\/wp\/v2\/product_brand?post=734048"},{"taxonomy":"product_cat","embeddable":true,"href":"https:\/\/roveyayinevi.com.tr\/index.php\/wp-json\/wp\/v2\/product_cat?post=734048"},{"taxonomy":"product_tag","embeddable":true,"href":"https:\/\/roveyayinevi.com.tr\/index.php\/wp-json\/wp\/v2\/product_tag?post=734048"}],"curies":[{"name":"wp","href":"https:\/\/api.w.org\/{rel}","templated":true}]}}